{"id":18395,"date":"2023-06-05T13:48:12","date_gmt":"2023-06-05T11:48:12","guid":{"rendered":"https:\/\/www.martel.ch\/cms\/?page_id=18395"},"modified":"2023-10-27T11:43:58","modified_gmt":"2023-10-27T09:43:58","slug":"burgund-2021","status":"publish","type":"page","link":"https:\/\/www.martel.ch\/cms\/events\/burgund-2021\/","title":{"rendered":"Burgund 2021"},"content":{"rendered":"","protected":false},"excerpt":{"rendered":"","protected":false},"author":52,"featured_media":18522,"parent":6365,"menu_order":0,"comment_status":"closed","ping_status":"closed","template":"","meta":{"_acf_changed":false,"inline_featured_image":false,"footnotes":""},"categories":[],"coauthors":[539],"class_list":["post-18395","page","type-page","status-publish","has-post-thumbnail","hentry"],"acf":{"inhaltselemente":[{"acf_fc_layout":"header","header_titel":"Burgund Jahrgangsbericht 2021","header_typ":"1","header_fake":false,"header_subtitle":"","header_alignment":"left"},{"acf_fc_layout":"einspalter_text","einspalter_text_titel":"","einspalter_text_titel_typ":"2","einspalter_text_titel_fake":false,"einspalter_text_subtitle":"","einspalter_text_content":"2021 ist ein herausfordernder und faszinierender Jahrgang im Burgund. Die qualitativen Unterschiede sind gr\u00f6sser als bei einem warmen, trockenen und unkomplizierten Jahrgang. Vieles h\u00e4ngt von der Erfahrung, dem Talent und dem Timing des Winzers ab. Gerade in einem heterogenen Jahr k\u00f6nnen wir als Weinh\u00e4ndler mit burgundischen Wurzeln unsere St\u00e4rke ausspielen und Orientierung bieten. Wir arbeiten mit den besten Winzern zusammen und wissen, wo auch unter schwierigen Bedingungen gute Qualit\u00e4t entsteht.","einspalter_bgcolor":false,"einspalter_layout_lines_top_bottom":false,"einspalter_collapse":false},{"acf_fc_layout":"image_image_text","image_image_text_titel_left":"Das Wetter","image_image_text_titel_typ_left":"2","image_image_text_titel_fake_left":false,"image_image_text_link_left":"","image_image_text_link_left_area":false,"image_image_text_bild_left":18602,"image_image_text_content_left":"Das Jahr 2021 begann mit einem warmen und sonnigen Winter mit Temperaturen von 25 Grad Ende Februar. Die ersten Reben (Chardonnay und Aligot\u00e9) trieben bereits Ende M\u00e4rz aus. Anfang April zerst\u00f6rte ein drei Tage und N\u00e4chte andauernder starker Frost die Triebe von 60 bis 80 Prozent der Weissweinreben. Betroffen war das gesamte Burgund: M\u00e2connais, C\u00f4te d\u2019Or (hier vor allem die C\u00f4te de Beaune) und Chablis. Da die Pinot Noir-Reben sp\u00e4ter austreiben, waren die Sch\u00e4den bei den Rotweinen geringer und nicht fl\u00e4chendeckend. Durch den K\u00e4lteeinbruch verz\u00f6gerte sich der gesamte Vegetationsverlauf. Mitte Juni stiegen die Temperaturen an und die Vegetation nahm Fahrt auf. Die feuchtnasse Witterung im Juli f\u00fchrte dann zu einem hohen Pilzdruck. Diese Gefahr war erst mit dem sonnigen und warmen Wetter Mitte August gebannt. Ende September kehrte der Regen zur\u00fcck und es kam vereinzelt zu Botrytisbefall. Die Weinlese begann um den 20. September und dauerte bis Anfang Oktober.","image_image_text_video_left":"","image_image_text_teaser_left":{"image_image_text_teaser_left_titel":"","image_image_text_teaser_left_titel_typ":"2","image_image_text_teaser_left_titel_fake":false,"image_image_text_teaser_left_link":""},"image_image_text_icon_left":"","image_image_text_icon_bg_left":"martel-rot","image_image_text_titel_right":"Die Weine","image_image_text_titel_typ_right":"2","image_image_text_titel_fake_right":false,"image_image_text_link_right":"","image_image_text_link_right_area":false,"image_image_text_bild_right":18597,"image_image_text_content_right":"Obwohl das Jahr 2021 insgesamt eher frisch und feucht war, reiften die Trauben gut aus. Die Weine haben eine k\u00fchle Aromatik und sind terroirtypisch. Aufgrund der schwierigen Witterungsbedingungen war es ein \u00abJahr des Winzers\u00bb, in dem K\u00f6nnen und Erfahrung \u00a0gefragt waren. Der Jahrgang war typisch burgundisch und nicht mediterran. Hatte man sich in den letzten Jahrg\u00e4ngen schon fast an Alkoholgrade von 14% und mehr gew\u00f6hnt, ist man mit dem 21er wieder bei \u00abklassischen\u00bb 12.5 - 13% angelangt. Die Weine sind wunderbar frisch, was auch auf den niedrigen bzw. f\u00fcr Burgund normalen pH-Wert zur\u00fcckzuf\u00fchren ist. Die Weissweinernte war wegen des starken Frostes katastrophal klein. Das Wenige, das in die Flaschen kommt, ist von kristallklarer Frische und Pr\u00e4zision. Die Rotweine sind hell in der Farbe. Auch damit erinnert der Jahrgang an die Zeit, als es beim Pinot Noir noch um leuchtend rote Frucht und S\u00e4ure ging. Ein \u00abHauch von Nichts\u00bb umgibt diese Weine. Es ist diese Zartheit, diese schwer fassbare Verbindung von Schwerelosigkeit und Intensit\u00e4t, von Klarheit, Transparenz und Terroirausdruck, die uns bezaubert.","image_image_text_video_right":"","image_image_text_teaser_right":{"image_image_text_teaser_right_titel":"","image_image_text_teaser_right_titel_typ":"2","image_image_text_teaser_right_titel_fake":false,"image_image_text_teaser_right_link":""},"image_image_text_icon_right":"","image_image_text_icon_bg_right":"martel-rot","image_image_text_offset":true,"image_image_text_bgcolor":false},{"acf_fc_layout":"einspalter_text","einspalter_text_titel":"Das Martel-Fazit","einspalter_text_titel_typ":"2","einspalter_text_titel_fake":false,"einspalter_text_subtitle":"","einspalter_text_content":"Wir sind fasziniert von diesem klassischen Jahrgang. Burgund wie in alten Zeiten. 2021 ist nicht der gr\u00f6sste Jahrgang, jedoch mit all seinen Facetten ein spannender. Die Weine aus den einfacheren Lagen sind jung ein Vergn\u00fcgen, und die Grands Crus werden auch nach vielen Jahren noch ein Genuss sein. 2021 ist der Jahrgang der bescheidenen Mengen. Noch nie war die Weissweinernte so klein wie 2021. Und auch beim Rotwein sind die Mengenverluste betr\u00e4chtlich. Die historisch kleine Erntemenge und die gleichzeitig riesige weltweite Nachfrage f\u00fchren zu entsprechend hohen Preisen.","einspalter_bgcolor":false,"einspalter_layout_lines_top_bottom":false,"einspalter_collapse":false},{"acf_fc_layout":"einspalter_text","einspalter_text_titel":"","einspalter_text_titel_typ":"2","einspalter_text_titel_fake":false,"einspalter_text_subtitle":"","einspalter_text_content":"<blockquote>\r\n<h3>\"F\u00fcr meinen privaten Weinkeller greife ich bei einem Jahrgang wie 2021 besonders beherzt zu. Ich bevorzuge frische, elegante Weine und liebe es, ihre Entwicklung zu verfolgen und sie mit anderen, vermeintlich besseren Jahrg\u00e4ngen zu vergleichen. Manchmal stellt sich heraus, dass ein Jahrgang untersch\u00e4tzt wurde. Dies macht diese \u00abschwierigen\u00bb Jahrg\u00e4nge f\u00fcr Entdecker und Sammler spannend.\"<\/h3>\r\n<\/blockquote>\r\n\u2013 Jan Martel","einspalter_bgcolor":false,"einspalter_layout_lines_top_bottom":false,"einspalter_collapse":false},{"acf_fc_layout":"header","header_titel":"Unser Angebot","header_typ":"2","header_fake":false,"header_subtitle":"","header_alignment":"left"},{"acf_fc_layout":"image_image_text","image_image_text_titel_left":"","image_image_text_titel_typ_left":"2","image_image_text_titel_fake_left":false,"image_image_text_link_left":"","image_image_text_link_left_area":false,"image_image_text_bild_left":"","image_image_text_content_left":"<ul>\r\n \t<li>William F\u00e8vre<\/li>\r\n \t<li>Domaine de Villaine<\/li>\r\n \t<li>Domaine Amiot Guy et Fils<\/li>\r\n \t<li>Maison Chanzy<\/li>\r\n \t<li>Justin Girardin<\/li>\r\n \t<li>Domaine Truchetet<\/li>\r\n \t<li>Domaine Alain Burguet<\/li>\r\n \t<li>Domaine Cornu<\/li>\r\n \t<li>Domaine Lejeune<\/li>\r\n \t<li>Domaine de Courcel<\/li>\r\n \t<li>Domaine Confuron Cot\u00e9tidot<\/li>\r\n \t<li>Domaine de l'Arlot<\/li>\r\n \t<li>Domaine de la Pousse d'Or<\/li>\r\n \t<li>Domaine Denis Bachelet<\/li>\r\n \t<li>Domaine R\u00e9mi Jobard<\/li>\r\n \t<li>Fran\u00e7ois Carillon<\/li>\r\n \t<li>Domaine Tollot-Beaut &amp; Fils<\/li>\r\n \t<li>Arnaud Baillot<\/li>\r\n<\/ul>\r\n<a class=\"btn btn-primary\" href=\"https:\/\/www.martel.ch\/cms\/wp-content\/uploads\/2023\/10\/2023_Burgund-Degu_Weinliste.pdf\">PDF Weinliste<\/a>","image_image_text_video_left":"","image_image_text_teaser_left":{"image_image_text_teaser_left_titel":"","image_image_text_teaser_left_titel_typ":"2","image_image_text_teaser_left_titel_fake":false,"image_image_text_teaser_left_link":""},"image_image_text_icon_left":"","image_image_text_icon_bg_left":"martel-rot","image_image_text_titel_right":"","image_image_text_titel_typ_right":"2","image_image_text_titel_fake_right":false,"image_image_text_link_right":"","image_image_text_link_right_area":false,"image_image_text_bild_right":"","image_image_text_content_right":"<ul>\r\n \t<li>Philippe Pacalet<\/li>\r\n \t<li>Domaine des Lambrays<\/li>\r\n \t<li>Domaines Leflaive<\/li>\r\n \t<li>Maison Lucien Le Moine<\/li>\r\n \t<li>Michel Niellon<\/li>\r\n \t<li>Domaine Jean Tardy et Fils<\/li>\r\n \t<li>Domaine Trapet<\/li>\r\n \t<li>Domaine Ponsot<\/li>\r\n \t<li>Laurent Ponsot<\/li>\r\n \t<li>Domaine Comte G. de Vog\u00fc\u00e9<\/li>\r\n \t<li>Clos de Tart<\/li>\r\n \t<li>Bonneau du Martray<\/li>\r\n \t<li>Domaine Fourrier<\/li>\r\n \t<li>Bass Phillip Australien<\/li>\r\n \t<li>Domaine G. Roumier<\/li>\r\n \t<li>Domaine Armand Rousseau<\/li>\r\n \t<li>Olivier Bernstein<\/li>\r\n<\/ul>","image_image_text_video_right":"","image_image_text_teaser_right":{"image_image_text_teaser_right_titel":"","image_image_text_teaser_right_titel_typ":"2","image_image_text_teaser_right_titel_fake":false,"image_image_text_teaser_right_link":""},"image_image_text_icon_right":"","image_image_text_icon_bg_right":"martel-rot","image_image_text_offset":false,"image_image_text_bgcolor":false},{"acf_fc_layout":"einspalter_text","einspalter_text_titel":"Degustation Burgund 2021","einspalter_text_titel_typ":"2","einspalter_text_titel_fake":false,"einspalter_text_subtitle":"","einspalter_text_content":"Ein weinkultureller H\u00f6hepunkt in St.Gallen und Z\u00fcrich. Degustieren Sie eine Auswahl exklusiver und ausverkaufter Rarit\u00e4ten des Jahrgangs 2021. Am 14. und 15. November 2023 bieten wir Ihnen noch verf\u00fcgbare Weine zur Degustation an. Erfahrungsgem\u00e4ss ist die Nachfrage sehr gross, die Teilnehmerzahl beschr\u00e4nkt.\r\n\r\n<strong>F\u00fcr die Teilnahme ist eine Anmeldung notwendig. <\/strong>","einspalter_bgcolor":false,"einspalter_layout_lines_top_bottom":false,"einspalter_collapse":false},{"acf_fc_layout":"image_image_text","image_image_text_titel_left":"","image_image_text_titel_typ_left":"2","image_image_text_titel_fake_left":false,"image_image_text_link_left":"","image_image_text_link_left_area":false,"image_image_text_bild_left":"","image_image_text_content_left":"<a class=\"btn btn-primary\" href=\"https:\/\/www.martel.ch\/cms\/event\/degustation-burgund-2021-2\/\" target=\"_blank\" rel=\"noopener\">Degustation Z\u00fcrich<\/a>","image_image_text_video_left":"","image_image_text_teaser_left":{"image_image_text_teaser_left_titel":"","image_image_text_teaser_left_titel_typ":"2","image_image_text_teaser_left_titel_fake":false,"image_image_text_teaser_left_link":""},"image_image_text_icon_left":"","image_image_text_icon_bg_left":"martel-rot","image_image_text_titel_right":"","image_image_text_titel_typ_right":"2","image_image_text_titel_fake_right":false,"image_image_text_link_right":"","image_image_text_link_right_area":false,"image_image_text_bild_right":"","image_image_text_content_right":"<a class=\"btn btn-primary\" href=\"https:\/\/www.martel.ch\/cms\/event\/degustation-burgund-2021\/\" target=\"_blank\" rel=\"noopener\">Degustation St.Gallen<\/a>","image_image_text_video_right":"","image_image_text_teaser_right":{"image_image_text_teaser_right_titel":"","image_image_text_teaser_right_titel_typ":"2","image_image_text_teaser_right_titel_fake":false,"image_image_text_teaser_right_link":""},"image_image_text_icon_right":"","image_image_text_icon_bg_right":"martel-rot","image_image_text_offset":false,"image_image_text_bgcolor":false}]},"yoast_head":"<!-- This site is optimized with the Yoast SEO plugin v27.4 - https:\/\/yoast.com\/product\/yoast-seo-wordpress\/ -->\n<title>Burgund 2021 | Martel Weine St.Gallen und Z\u00fcrich<\/title>\n<meta name=\"description\" content=\"Jahrgangsbericht und Angebot Burgund 2021. Ein Jahrgang f\u00fcr Liebhaber und Sammler. Erfahren Sie mehr dar\u00fcber.\" \/>\n<meta name=\"robots\" content=\"index, follow, max-snippet:-1, max-image-preview:large, max-video-preview:-1\" \/>\n<link rel=\"canonical\" href=\"https:\/\/www.martel.ch\/cms\/events\/burgund-2021\/\" \/>\n<meta property=\"og:locale\" content=\"de_DE\" \/>\n<meta property=\"og:type\" content=\"article\" \/>\n<meta property=\"og:title\" content=\"Burgund 2021 | Martel Weine St.Gallen und Z\u00fcrich\" \/>\n<meta property=\"og:description\" content=\"Jahrgangsbericht und Angebot Burgund 2021. Ein Jahrgang f\u00fcr Liebhaber und Sammler. Erfahren Sie mehr dar\u00fcber.\" \/>\n<meta property=\"og:url\" content=\"https:\/\/www.martel.ch\/cms\/events\/burgund-2021\/\" \/>\n<meta property=\"og:site_name\" content=\"Martel\" \/>\n<meta property=\"article:publisher\" content=\"https:\/\/www.facebook.com\/pages\/Martel-AG-St-Gallen\/233396026691876\" \/>\n<meta property=\"article:modified_time\" content=\"2023-10-27T09:43:58+00:00\" \/>\n<meta property=\"og:image\" content=\"https:\/\/www.martel.ch\/cms\/wp-content\/uploads\/2023\/05\/2023_05_Burgund_Header-854x569.jpg\" \/>\n\t<meta property=\"og:image:width\" content=\"854\" \/>\n\t<meta property=\"og:image:height\" content=\"569\" \/>\n\t<meta property=\"og:image:type\" content=\"image\/jpeg\" \/>\n<meta name=\"twitter:card\" content=\"summary_large_image\" \/>\n<meta name=\"twitter:site\" content=\"@martel_weinwelt\" \/>\n<meta name=\"twitter:label1\" content=\"Written by\" \/>\n\t<meta name=\"twitter:data1\" content=\"Martel Marketing\" \/>\n<script type=\"application\/ld+json\" class=\"yoast-schema-graph\">{\"@context\":\"https:\\\/\\\/schema.org\",\"@graph\":[{\"@type\":\"WebPage\",\"@id\":\"https:\\\/\\\/www.martel.ch\\\/cms\\\/events\\\/burgund-2021\\\/\",\"url\":\"https:\\\/\\\/www.martel.ch\\\/cms\\\/events\\\/burgund-2021\\\/\",\"name\":\"Burgund 2021 | Martel Weine St.Gallen und Z\u00fcrich\",\"isPartOf\":{\"@id\":\"https:\\\/\\\/www.martel.ch\\\/cms\\\/#website\"},\"primaryImageOfPage\":{\"@id\":\"https:\\\/\\\/www.martel.ch\\\/cms\\\/events\\\/burgund-2021\\\/#primaryimage\"},\"image\":{\"@id\":\"https:\\\/\\\/www.martel.ch\\\/cms\\\/events\\\/burgund-2021\\\/#primaryimage\"},\"thumbnailUrl\":\"https:\\\/\\\/www.martel.ch\\\/cms\\\/wp-content\\\/uploads\\\/2023\\\/05\\\/2023_05_Burgund_Header.jpg\",\"datePublished\":\"2023-06-05T11:48:12+00:00\",\"dateModified\":\"2023-10-27T09:43:58+00:00\",\"description\":\"Jahrgangsbericht und Angebot Burgund 2021. Ein Jahrgang f\u00fcr Liebhaber und Sammler. Erfahren Sie mehr dar\u00fcber.\",\"breadcrumb\":{\"@id\":\"https:\\\/\\\/www.martel.ch\\\/cms\\\/events\\\/burgund-2021\\\/#breadcrumb\"},\"inLanguage\":\"de-CH\",\"potentialAction\":[{\"@type\":\"ReadAction\",\"target\":[\"https:\\\/\\\/www.martel.ch\\\/cms\\\/events\\\/burgund-2021\\\/\"]}]},{\"@type\":\"ImageObject\",\"inLanguage\":\"de-CH\",\"@id\":\"https:\\\/\\\/www.martel.ch\\\/cms\\\/events\\\/burgund-2021\\\/#primaryimage\",\"url\":\"https:\\\/\\\/www.martel.ch\\\/cms\\\/wp-content\\\/uploads\\\/2023\\\/05\\\/2023_05_Burgund_Header.jpg\",\"contentUrl\":\"https:\\\/\\\/www.martel.ch\\\/cms\\\/wp-content\\\/uploads\\\/2023\\\/05\\\/2023_05_Burgund_Header.jpg\",\"width\":2000,\"height\":1333,\"caption\":\"Burgund 2021\"},{\"@type\":\"BreadcrumbList\",\"@id\":\"https:\\\/\\\/www.martel.ch\\\/cms\\\/events\\\/burgund-2021\\\/#breadcrumb\",\"itemListElement\":[{\"@type\":\"ListItem\",\"position\":1,\"name\":\"Startseite\",\"item\":\"https:\\\/\\\/www.martel.ch\\\/cms\\\/\"},{\"@type\":\"ListItem\",\"position\":2,\"name\":\"Events\",\"item\":\"https:\\\/\\\/www.martel.ch\\\/cms\\\/events\\\/\"},{\"@type\":\"ListItem\",\"position\":3,\"name\":\"Burgund 2021\"}]},{\"@type\":\"WebSite\",\"@id\":\"https:\\\/\\\/www.martel.ch\\\/cms\\\/#website\",\"url\":\"https:\\\/\\\/www.martel.ch\\\/cms\\\/\",\"name\":\"Martel\",\"description\":\"F\u00fcr Weinbegeisterte und die, die es werden m\u00f6chten.\",\"publisher\":{\"@id\":\"https:\\\/\\\/www.martel.ch\\\/cms\\\/#organization\"},\"potentialAction\":[{\"@type\":\"SearchAction\",\"target\":{\"@type\":\"EntryPoint\",\"urlTemplate\":\"https:\\\/\\\/www.martel.ch\\\/cms\\\/?s={search_term_string}\"},\"query-input\":{\"@type\":\"PropertyValueSpecification\",\"valueRequired\":true,\"valueName\":\"search_term_string\"}}],\"inLanguage\":\"de-CH\"},{\"@type\":\"Organization\",\"@id\":\"https:\\\/\\\/www.martel.ch\\\/cms\\\/#organization\",\"name\":\"Martel AG St.Gallen\",\"url\":\"https:\\\/\\\/www.martel.ch\\\/cms\\\/\",\"logo\":{\"@type\":\"ImageObject\",\"inLanguage\":\"de-CH\",\"@id\":\"https:\\\/\\\/www.martel.ch\\\/cms\\\/#\\\/schema\\\/logo\\\/image\\\/\",\"url\":\"https:\\\/\\\/www.martel.ch\\\/cms\\\/wp-content\\\/uploads\\\/2019\\\/02\\\/martel-logo.png\",\"contentUrl\":\"https:\\\/\\\/www.martel.ch\\\/cms\\\/wp-content\\\/uploads\\\/2019\\\/02\\\/martel-logo.png\",\"width\":600,\"height\":600,\"caption\":\"Martel AG St.Gallen\"},\"image\":{\"@id\":\"https:\\\/\\\/www.martel.ch\\\/cms\\\/#\\\/schema\\\/logo\\\/image\\\/\"},\"sameAs\":[\"https:\\\/\\\/www.facebook.com\\\/pages\\\/Martel-AG-St-Gallen\\\/233396026691876\",\"https:\\\/\\\/x.com\\\/martel_weinwelt\",\"https:\\\/\\\/www.instagram.com\\\/martel_weinwelt\\\/\",\"https:\\\/\\\/www.linkedin.com\\\/company\\\/martel-ag-st-gallen\",\"https:\\\/\\\/www.pinterest.ch\\\/martel_weinwelt\"]}]}<\/script>\n<!-- \/ Yoast SEO plugin. -->","yoast_head_json":{"title":"Burgund 2021 | Martel Weine St.Gallen und Z\u00fcrich","description":"Jahrgangsbericht und Angebot Burgund 2021. Ein Jahrgang f\u00fcr Liebhaber und Sammler. Erfahren Sie mehr dar\u00fcber.","robots":{"index":"index","follow":"follow","max-snippet":"max-snippet:-1","max-image-preview":"max-image-preview:large","max-video-preview":"max-video-preview:-1"},"canonical":"https:\/\/www.martel.ch\/cms\/events\/burgund-2021\/","og_locale":"de_DE","og_type":"article","og_title":"Burgund 2021 | Martel Weine St.Gallen und Z\u00fcrich","og_description":"Jahrgangsbericht und Angebot Burgund 2021. Ein Jahrgang f\u00fcr Liebhaber und Sammler. Erfahren Sie mehr dar\u00fcber.","og_url":"https:\/\/www.martel.ch\/cms\/events\/burgund-2021\/","og_site_name":"Martel","article_publisher":"https:\/\/www.facebook.com\/pages\/Martel-AG-St-Gallen\/233396026691876","article_modified_time":"2023-10-27T09:43:58+00:00","og_image":[{"width":854,"height":569,"url":"https:\/\/www.martel.ch\/cms\/wp-content\/uploads\/2023\/05\/2023_05_Burgund_Header-854x569.jpg","type":"image\/jpeg"}],"twitter_card":"summary_large_image","twitter_site":"@martel_weinwelt","twitter_misc":{"Written by":"Martel Marketing"},"schema":{"@context":"https:\/\/schema.org","@graph":[{"@type":"WebPage","@id":"https:\/\/www.martel.ch\/cms\/events\/burgund-2021\/","url":"https:\/\/www.martel.ch\/cms\/events\/burgund-2021\/","name":"Burgund 2021 | Martel Weine St.Gallen und Z\u00fcrich","isPartOf":{"@id":"https:\/\/www.martel.ch\/cms\/#website"},"primaryImageOfPage":{"@id":"https:\/\/www.martel.ch\/cms\/events\/burgund-2021\/#primaryimage"},"image":{"@id":"https:\/\/www.martel.ch\/cms\/events\/burgund-2021\/#primaryimage"},"thumbnailUrl":"https:\/\/www.martel.ch\/cms\/wp-content\/uploads\/2023\/05\/2023_05_Burgund_Header.jpg","datePublished":"2023-06-05T11:48:12+00:00","dateModified":"2023-10-27T09:43:58+00:00","description":"Jahrgangsbericht und Angebot Burgund 2021. Ein Jahrgang f\u00fcr Liebhaber und Sammler. Erfahren Sie mehr dar\u00fcber.","breadcrumb":{"@id":"https:\/\/www.martel.ch\/cms\/events\/burgund-2021\/#breadcrumb"},"inLanguage":"de-CH","potentialAction":[{"@type":"ReadAction","target":["https:\/\/www.martel.ch\/cms\/events\/burgund-2021\/"]}]},{"@type":"ImageObject","inLanguage":"de-CH","@id":"https:\/\/www.martel.ch\/cms\/events\/burgund-2021\/#primaryimage","url":"https:\/\/www.martel.ch\/cms\/wp-content\/uploads\/2023\/05\/2023_05_Burgund_Header.jpg","contentUrl":"https:\/\/www.martel.ch\/cms\/wp-content\/uploads\/2023\/05\/2023_05_Burgund_Header.jpg","width":2000,"height":1333,"caption":"Burgund 2021"},{"@type":"BreadcrumbList","@id":"https:\/\/www.martel.ch\/cms\/events\/burgund-2021\/#breadcrumb","itemListElement":[{"@type":"ListItem","position":1,"name":"Startseite","item":"https:\/\/www.martel.ch\/cms\/"},{"@type":"ListItem","position":2,"name":"Events","item":"https:\/\/www.martel.ch\/cms\/events\/"},{"@type":"ListItem","position":3,"name":"Burgund 2021"}]},{"@type":"WebSite","@id":"https:\/\/www.martel.ch\/cms\/#website","url":"https:\/\/www.martel.ch\/cms\/","name":"Martel","description":"F\u00fcr Weinbegeisterte und die, die es werden m\u00f6chten.","publisher":{"@id":"https:\/\/www.martel.ch\/cms\/#organization"},"potentialAction":[{"@type":"SearchAction","target":{"@type":"EntryPoint","urlTemplate":"https:\/\/www.martel.ch\/cms\/?s={search_term_string}"},"query-input":{"@type":"PropertyValueSpecification","valueRequired":true,"valueName":"search_term_string"}}],"inLanguage":"de-CH"},{"@type":"Organization","@id":"https:\/\/www.martel.ch\/cms\/#organization","name":"Martel AG St.Gallen","url":"https:\/\/www.martel.ch\/cms\/","logo":{"@type":"ImageObject","inLanguage":"de-CH","@id":"https:\/\/www.martel.ch\/cms\/#\/schema\/logo\/image\/","url":"https:\/\/www.martel.ch\/cms\/wp-content\/uploads\/2019\/02\/martel-logo.png","contentUrl":"https:\/\/www.martel.ch\/cms\/wp-content\/uploads\/2019\/02\/martel-logo.png","width":600,"height":600,"caption":"Martel AG St.Gallen"},"image":{"@id":"https:\/\/www.martel.ch\/cms\/#\/schema\/logo\/image\/"},"sameAs":["https:\/\/www.facebook.com\/pages\/Martel-AG-St-Gallen\/233396026691876","https:\/\/x.com\/martel_weinwelt","https:\/\/www.instagram.com\/martel_weinwelt\/","https:\/\/www.linkedin.com\/company\/martel-ag-st-gallen","https:\/\/www.pinterest.ch\/martel_weinwelt"]}]}},"_links":{"self":[{"href":"https:\/\/www.martel.ch\/cms\/wp-json\/wp\/v2\/pages\/18395","targetHints":{"allow":["GET"]}}],"collection":[{"href":"https:\/\/www.martel.ch\/cms\/wp-json\/wp\/v2\/pages"}],"about":[{"href":"https:\/\/www.martel.ch\/cms\/wp-json\/wp\/v2\/types\/page"}],"author":[{"embeddable":true,"href":"https:\/\/www.martel.ch\/cms\/wp-json\/wp\/v2\/users\/52"}],"replies":[{"embeddable":true,"href":"https:\/\/www.martel.ch\/cms\/wp-json\/wp\/v2\/comments?post=18395"}],"version-history":[{"count":56,"href":"https:\/\/www.martel.ch\/cms\/wp-json\/wp\/v2\/pages\/18395\/revisions"}],"predecessor-version":[{"id":20784,"href":"https:\/\/www.martel.ch\/cms\/wp-json\/wp\/v2\/pages\/18395\/revisions\/20784"}],"up":[{"embeddable":true,"href":"https:\/\/www.martel.ch\/cms\/wp-json\/wp\/v2\/pages\/6365"}],"wp:featuredmedia":[{"embeddable":true,"href":"https:\/\/www.martel.ch\/cms\/wp-json\/wp\/v2\/media\/18522"}],"wp:attachment":[{"href":"https:\/\/www.martel.ch\/cms\/wp-json\/wp\/v2\/media?parent=18395"}],"wp:term":[{"taxonomy":"category","embeddable":true,"href":"https:\/\/www.martel.ch\/cms\/wp-json\/wp\/v2\/categories?post=18395"},{"taxonomy":"author","embeddable":true,"href":"https:\/\/www.martel.ch\/cms\/wp-json\/wp\/v2\/coauthors?post=18395"}],"curies":[{"name":"wp","href":"https:\/\/api.w.org\/{rel}","templated":true}]}}