{"id":22342,"date":"2024-01-22T15:25:56","date_gmt":"2024-01-22T14:25:56","guid":{"rendered":"https:\/\/www.martel.ch\/cms\/?page_id=22342"},"modified":"2024-10-14T10:15:43","modified_gmt":"2024-10-14T08:15:43","slug":"spiegelau","status":"publish","type":"page","link":"https:\/\/www.martel.ch\/cms\/wein-gutschein-geschenke\/weinglaeser\/spiegelau\/","title":{"rendered":"Spiegelau"},"content":{"rendered":"","protected":false},"excerpt":{"rendered":"","protected":false},"author":52,"featured_media":22319,"parent":7082,"menu_order":0,"comment_status":"closed","ping_status":"closed","template":"","meta":{"_acf_changed":false,"inline_featured_image":false,"footnotes":""},"categories":[],"coauthors":[539],"class_list":["post-22342","page","type-page","status-publish","has-post-thumbnail","hentry"],"acf":{"inhaltselemente":[{"acf_fc_layout":"einspalter_text","einspalter_text_titel":"Spiegelau \u00abDefinition\u00bb","einspalter_text_titel_typ":"2","einspalter_text_titel_fake":false,"einspalter_text_subtitle":"","einspalter_text_content":"Spiegelau pr\u00e4sentiert mit der Serie \u00abDefinition\u00bb eine moderne Kollektion d\u00fcnner, maschinell hergestellter Gl\u00e4ser mit moderner Technologie. Sie ist eine Weiterentwicklung der bisherigen Kollektionen Willsberger (1982) und Hybrid (2011). Die umwerfend eleganten Definition-Gl\u00e4ser sind federleicht, liegen perfekt ausbalanciert in der Hand und bringen die Aromen und den Geschmack des Weins optimal zur Geltung.\r\n\r\nM\u00f6glich wird die Herstellung dieser einzigartigen Gl\u00e4ser durch eine neue Maschine, die Spiegelau gemeinsam mit der Glasmanufaktur Riedel eigens daf\u00fcr entwickelt hat. Damit k\u00f6nnen Gl\u00e4ser so d\u00fcnn und fein wie mundgeblasen hergestellt werden. Gleichzeitig ist das Verfahren kosteng\u00fcnstiger und zuverl\u00e4ssiger als die reine Handarbeit. Dank der neuen Produktionsmethode entstehen Gl\u00e4ser, die nur unwesentlich teurer sind als herk\u00f6mmlich maschinengefertigte, sich aber wie mundgeblasene Gl\u00e4ser anf\u00fchlen und aussehen. Einzigartige Technologie, einzigartiger Geschmack.","einspalter_bgcolor":false,"einspalter_layout_lines_top_bottom":false,"einspalter_collapse":false},{"acf_fc_layout":"produkteslider","produkteslider_titel":"","produkteslider_link":"","produkteslider_producer_id":"","produkteslider_product_ids":"bay1550,bay2750,bay3960,bay4250,bay5435"},{"acf_fc_layout":"einspalter_text","einspalter_text_titel":"","einspalter_text_titel_typ":"2","einspalter_text_titel_fake":false,"einspalter_text_subtitle":"","einspalter_text_content":"<a class=\"btn btn-primary\" href=\"https:\/\/www.martel.ch\/wein\/?filter=winzer,spiegelau\">Spiegelau im Shop<\/a>","einspalter_bgcolor":false,"einspalter_layout_lines_top_bottom":false,"einspalter_collapse":false}]},"yoast_head":"<!-- This site is optimized with the Yoast SEO plugin v27.5 - https:\/\/yoast.com\/product\/yoast-seo-wordpress\/ -->\n<title>Spiegelau | Martel Weine St.Gallen und Z\u00fcrich<\/title>\n<meta name=\"description\" content=\"Spiegelau - Spiegelau pr\u00e4sentiert mit der Serie \u00abDefinition\u00bb eine moderne Kollektion d\u00fcnner, maschinell hergestellter Gl\u00e4ser.\" \/>\n<meta name=\"robots\" content=\"index, follow, max-snippet:-1, max-image-preview:large, max-video-preview:-1\" \/>\n<link rel=\"canonical\" href=\"https:\/\/www.martel.ch\/cms\/wein-gutschein-geschenke\/weinglaeser\/spiegelau\/\" \/>\n<meta property=\"og:locale\" content=\"de_DE\" \/>\n<meta property=\"og:type\" content=\"article\" \/>\n<meta property=\"og:title\" content=\"Spiegelau | Martel Weine St.Gallen und Z\u00fcrich\" \/>\n<meta property=\"og:description\" content=\"Spiegelau - Spiegelau pr\u00e4sentiert mit der Serie \u00abDefinition\u00bb eine moderne Kollektion d\u00fcnner, maschinell hergestellter Gl\u00e4ser.\" \/>\n<meta property=\"og:url\" content=\"https:\/\/www.martel.ch\/cms\/wein-gutschein-geschenke\/weinglaeser\/spiegelau\/\" \/>\n<meta property=\"og:site_name\" content=\"Martel\" \/>\n<meta property=\"article:publisher\" content=\"https:\/\/www.facebook.com\/pages\/Martel-AG-St-Gallen\/233396026691876\" \/>\n<meta property=\"article:modified_time\" content=\"2024-10-14T08:15:43+00:00\" \/>\n<meta property=\"og:image\" content=\"https:\/\/www.martel.ch\/cms\/wp-content\/uploads\/2024\/01\/2024_01_Spiegelau_Header_1.jpg\" \/>\n\t<meta property=\"og:image:width\" content=\"2000\" \/>\n\t<meta property=\"og:image:height\" content=\"1333\" \/>\n\t<meta property=\"og:image:type\" content=\"image\/jpeg\" \/>\n<meta name=\"twitter:card\" content=\"summary_large_image\" \/>\n<meta name=\"twitter:site\" content=\"@martel_weinwelt\" \/>\n<meta name=\"twitter:label1\" content=\"Written by\" \/>\n\t<meta name=\"twitter:data1\" content=\"Martel Marketing\" \/>\n<script type=\"application\/ld+json\" class=\"yoast-schema-graph\">{\"@context\":\"https:\\\/\\\/schema.org\",\"@graph\":[{\"@type\":\"WebPage\",\"@id\":\"https:\\\/\\\/www.martel.ch\\\/cms\\\/wein-gutschein-geschenke\\\/weinglaeser\\\/spiegelau\\\/\",\"url\":\"https:\\\/\\\/www.martel.ch\\\/cms\\\/wein-gutschein-geschenke\\\/weinglaeser\\\/spiegelau\\\/\",\"name\":\"Spiegelau | Martel Weine St.Gallen und Z\u00fcrich\",\"isPartOf\":{\"@id\":\"https:\\\/\\\/www.martel.ch\\\/cms\\\/#website\"},\"primaryImageOfPage\":{\"@id\":\"https:\\\/\\\/www.martel.ch\\\/cms\\\/wein-gutschein-geschenke\\\/weinglaeser\\\/spiegelau\\\/#primaryimage\"},\"image\":{\"@id\":\"https:\\\/\\\/www.martel.ch\\\/cms\\\/wein-gutschein-geschenke\\\/weinglaeser\\\/spiegelau\\\/#primaryimage\"},\"thumbnailUrl\":\"https:\\\/\\\/www.martel.ch\\\/cms\\\/wp-content\\\/uploads\\\/2024\\\/01\\\/2024_01_Spiegelau_Header_1.jpg\",\"datePublished\":\"2024-01-22T14:25:56+00:00\",\"dateModified\":\"2024-10-14T08:15:43+00:00\",\"description\":\"Spiegelau - Spiegelau pr\u00e4sentiert mit der Serie \u00abDefinition\u00bb eine moderne Kollektion d\u00fcnner, maschinell hergestellter Gl\u00e4ser.\",\"breadcrumb\":{\"@id\":\"https:\\\/\\\/www.martel.ch\\\/cms\\\/wein-gutschein-geschenke\\\/weinglaeser\\\/spiegelau\\\/#breadcrumb\"},\"inLanguage\":\"de-CH\",\"potentialAction\":[{\"@type\":\"ReadAction\",\"target\":[\"https:\\\/\\\/www.martel.ch\\\/cms\\\/wein-gutschein-geschenke\\\/weinglaeser\\\/spiegelau\\\/\"]}]},{\"@type\":\"ImageObject\",\"inLanguage\":\"de-CH\",\"@id\":\"https:\\\/\\\/www.martel.ch\\\/cms\\\/wein-gutschein-geschenke\\\/weinglaeser\\\/spiegelau\\\/#primaryimage\",\"url\":\"https:\\\/\\\/www.martel.ch\\\/cms\\\/wp-content\\\/uploads\\\/2024\\\/01\\\/2024_01_Spiegelau_Header_1.jpg\",\"contentUrl\":\"https:\\\/\\\/www.martel.ch\\\/cms\\\/wp-content\\\/uploads\\\/2024\\\/01\\\/2024_01_Spiegelau_Header_1.jpg\",\"width\":2000,\"height\":1333,\"caption\":\"Spiegelau\"},{\"@type\":\"BreadcrumbList\",\"@id\":\"https:\\\/\\\/www.martel.ch\\\/cms\\\/wein-gutschein-geschenke\\\/weinglaeser\\\/spiegelau\\\/#breadcrumb\",\"itemListElement\":[{\"@type\":\"ListItem\",\"position\":1,\"name\":\"Startseite\",\"item\":\"https:\\\/\\\/www.martel.ch\\\/cms\\\/\"},{\"@type\":\"ListItem\",\"position\":2,\"name\":\"Gutscheine &#038; Geschenke\",\"item\":\"https:\\\/\\\/www.martel.ch\\\/cms\\\/wein-gutschein-geschenke\\\/\"},{\"@type\":\"ListItem\",\"position\":3,\"name\":\"Weingl\u00e4ser\",\"item\":\"https:\\\/\\\/www.martel.ch\\\/cms\\\/wein-gutschein-geschenke\\\/weinglaeser\\\/\"},{\"@type\":\"ListItem\",\"position\":4,\"name\":\"Spiegelau\"}]},{\"@type\":\"WebSite\",\"@id\":\"https:\\\/\\\/www.martel.ch\\\/cms\\\/#website\",\"url\":\"https:\\\/\\\/www.martel.ch\\\/cms\\\/\",\"name\":\"Martel\",\"description\":\"F\u00fcr Weinbegeisterte und die, die es werden m\u00f6chten.\",\"publisher\":{\"@id\":\"https:\\\/\\\/www.martel.ch\\\/cms\\\/#organization\"},\"potentialAction\":[{\"@type\":\"SearchAction\",\"target\":{\"@type\":\"EntryPoint\",\"urlTemplate\":\"https:\\\/\\\/www.martel.ch\\\/cms\\\/?s={search_term_string}\"},\"query-input\":{\"@type\":\"PropertyValueSpecification\",\"valueRequired\":true,\"valueName\":\"search_term_string\"}}],\"inLanguage\":\"de-CH\"},{\"@type\":\"Organization\",\"@id\":\"https:\\\/\\\/www.martel.ch\\\/cms\\\/#organization\",\"name\":\"Martel AG St.Gallen\",\"url\":\"https:\\\/\\\/www.martel.ch\\\/cms\\\/\",\"logo\":{\"@type\":\"ImageObject\",\"inLanguage\":\"de-CH\",\"@id\":\"https:\\\/\\\/www.martel.ch\\\/cms\\\/#\\\/schema\\\/logo\\\/image\\\/\",\"url\":\"https:\\\/\\\/www.martel.ch\\\/cms\\\/wp-content\\\/uploads\\\/2019\\\/02\\\/martel-logo.png\",\"contentUrl\":\"https:\\\/\\\/www.martel.ch\\\/cms\\\/wp-content\\\/uploads\\\/2019\\\/02\\\/martel-logo.png\",\"width\":600,\"height\":600,\"caption\":\"Martel AG St.Gallen\"},\"image\":{\"@id\":\"https:\\\/\\\/www.martel.ch\\\/cms\\\/#\\\/schema\\\/logo\\\/image\\\/\"},\"sameAs\":[\"https:\\\/\\\/www.facebook.com\\\/pages\\\/Martel-AG-St-Gallen\\\/233396026691876\",\"https:\\\/\\\/x.com\\\/martel_weinwelt\",\"https:\\\/\\\/www.instagram.com\\\/martel_weinwelt\\\/\",\"https:\\\/\\\/www.linkedin.com\\\/company\\\/martel-ag-st-gallen\",\"https:\\\/\\\/www.pinterest.ch\\\/martel_weinwelt\"]}]}<\/script>\n<!-- \/ Yoast SEO plugin. -->","yoast_head_json":{"title":"Spiegelau | Martel Weine St.Gallen und Z\u00fcrich","description":"Spiegelau - Spiegelau pr\u00e4sentiert mit der Serie \u00abDefinition\u00bb eine moderne Kollektion d\u00fcnner, maschinell hergestellter Gl\u00e4ser.","robots":{"index":"index","follow":"follow","max-snippet":"max-snippet:-1","max-image-preview":"max-image-preview:large","max-video-preview":"max-video-preview:-1"},"canonical":"https:\/\/www.martel.ch\/cms\/wein-gutschein-geschenke\/weinglaeser\/spiegelau\/","og_locale":"de_DE","og_type":"article","og_title":"Spiegelau | Martel Weine St.Gallen und Z\u00fcrich","og_description":"Spiegelau - Spiegelau pr\u00e4sentiert mit der Serie \u00abDefinition\u00bb eine moderne Kollektion d\u00fcnner, maschinell hergestellter Gl\u00e4ser.","og_url":"https:\/\/www.martel.ch\/cms\/wein-gutschein-geschenke\/weinglaeser\/spiegelau\/","og_site_name":"Martel","article_publisher":"https:\/\/www.facebook.com\/pages\/Martel-AG-St-Gallen\/233396026691876","article_modified_time":"2024-10-14T08:15:43+00:00","og_image":[{"width":2000,"height":1333,"url":"https:\/\/www.martel.ch\/cms\/wp-content\/uploads\/2024\/01\/2024_01_Spiegelau_Header_1.jpg","type":"image\/jpeg"}],"twitter_card":"summary_large_image","twitter_site":"@martel_weinwelt","twitter_misc":{"Written by":"Martel Marketing"},"schema":{"@context":"https:\/\/schema.org","@graph":[{"@type":"WebPage","@id":"https:\/\/www.martel.ch\/cms\/wein-gutschein-geschenke\/weinglaeser\/spiegelau\/","url":"https:\/\/www.martel.ch\/cms\/wein-gutschein-geschenke\/weinglaeser\/spiegelau\/","name":"Spiegelau | Martel Weine St.Gallen und Z\u00fcrich","isPartOf":{"@id":"https:\/\/www.martel.ch\/cms\/#website"},"primaryImageOfPage":{"@id":"https:\/\/www.martel.ch\/cms\/wein-gutschein-geschenke\/weinglaeser\/spiegelau\/#primaryimage"},"image":{"@id":"https:\/\/www.martel.ch\/cms\/wein-gutschein-geschenke\/weinglaeser\/spiegelau\/#primaryimage"},"thumbnailUrl":"https:\/\/www.martel.ch\/cms\/wp-content\/uploads\/2024\/01\/2024_01_Spiegelau_Header_1.jpg","datePublished":"2024-01-22T14:25:56+00:00","dateModified":"2024-10-14T08:15:43+00:00","description":"Spiegelau - Spiegelau pr\u00e4sentiert mit der Serie \u00abDefinition\u00bb eine moderne Kollektion d\u00fcnner, maschinell hergestellter Gl\u00e4ser.","breadcrumb":{"@id":"https:\/\/www.martel.ch\/cms\/wein-gutschein-geschenke\/weinglaeser\/spiegelau\/#breadcrumb"},"inLanguage":"de-CH","potentialAction":[{"@type":"ReadAction","target":["https:\/\/www.martel.ch\/cms\/wein-gutschein-geschenke\/weinglaeser\/spiegelau\/"]}]},{"@type":"ImageObject","inLanguage":"de-CH","@id":"https:\/\/www.martel.ch\/cms\/wein-gutschein-geschenke\/weinglaeser\/spiegelau\/#primaryimage","url":"https:\/\/www.martel.ch\/cms\/wp-content\/uploads\/2024\/01\/2024_01_Spiegelau_Header_1.jpg","contentUrl":"https:\/\/www.martel.ch\/cms\/wp-content\/uploads\/2024\/01\/2024_01_Spiegelau_Header_1.jpg","width":2000,"height":1333,"caption":"Spiegelau"},{"@type":"BreadcrumbList","@id":"https:\/\/www.martel.ch\/cms\/wein-gutschein-geschenke\/weinglaeser\/spiegelau\/#breadcrumb","itemListElement":[{"@type":"ListItem","position":1,"name":"Startseite","item":"https:\/\/www.martel.ch\/cms\/"},{"@type":"ListItem","position":2,"name":"Gutscheine &#038; Geschenke","item":"https:\/\/www.martel.ch\/cms\/wein-gutschein-geschenke\/"},{"@type":"ListItem","position":3,"name":"Weingl\u00e4ser","item":"https:\/\/www.martel.ch\/cms\/wein-gutschein-geschenke\/weinglaeser\/"},{"@type":"ListItem","position":4,"name":"Spiegelau"}]},{"@type":"WebSite","@id":"https:\/\/www.martel.ch\/cms\/#website","url":"https:\/\/www.martel.ch\/cms\/","name":"Martel","description":"F\u00fcr Weinbegeisterte und die, die es werden m\u00f6chten.","publisher":{"@id":"https:\/\/www.martel.ch\/cms\/#organization"},"potentialAction":[{"@type":"SearchAction","target":{"@type":"EntryPoint","urlTemplate":"https:\/\/www.martel.ch\/cms\/?s={search_term_string}"},"query-input":{"@type":"PropertyValueSpecification","valueRequired":true,"valueName":"search_term_string"}}],"inLanguage":"de-CH"},{"@type":"Organization","@id":"https:\/\/www.martel.ch\/cms\/#organization","name":"Martel AG St.Gallen","url":"https:\/\/www.martel.ch\/cms\/","logo":{"@type":"ImageObject","inLanguage":"de-CH","@id":"https:\/\/www.martel.ch\/cms\/#\/schema\/logo\/image\/","url":"https:\/\/www.martel.ch\/cms\/wp-content\/uploads\/2019\/02\/martel-logo.png","contentUrl":"https:\/\/www.martel.ch\/cms\/wp-content\/uploads\/2019\/02\/martel-logo.png","width":600,"height":600,"caption":"Martel AG St.Gallen"},"image":{"@id":"https:\/\/www.martel.ch\/cms\/#\/schema\/logo\/image\/"},"sameAs":["https:\/\/www.facebook.com\/pages\/Martel-AG-St-Gallen\/233396026691876","https:\/\/x.com\/martel_weinwelt","https:\/\/www.instagram.com\/martel_weinwelt\/","https:\/\/www.linkedin.com\/company\/martel-ag-st-gallen","https:\/\/www.pinterest.ch\/martel_weinwelt"]}]}},"_links":{"self":[{"href":"https:\/\/www.martel.ch\/cms\/wp-json\/wp\/v2\/pages\/22342","targetHints":{"allow":["GET"]}}],"collection":[{"href":"https:\/\/www.martel.ch\/cms\/wp-json\/wp\/v2\/pages"}],"about":[{"href":"https:\/\/www.martel.ch\/cms\/wp-json\/wp\/v2\/types\/page"}],"author":[{"embeddable":true,"href":"https:\/\/www.martel.ch\/cms\/wp-json\/wp\/v2\/users\/52"}],"replies":[{"embeddable":true,"href":"https:\/\/www.martel.ch\/cms\/wp-json\/wp\/v2\/comments?post=22342"}],"version-history":[{"count":4,"href":"https:\/\/www.martel.ch\/cms\/wp-json\/wp\/v2\/pages\/22342\/revisions"}],"predecessor-version":[{"id":26777,"href":"https:\/\/www.martel.ch\/cms\/wp-json\/wp\/v2\/pages\/22342\/revisions\/26777"}],"up":[{"embeddable":true,"href":"https:\/\/www.martel.ch\/cms\/wp-json\/wp\/v2\/pages\/7082"}],"wp:featuredmedia":[{"embeddable":true,"href":"https:\/\/www.martel.ch\/cms\/wp-json\/wp\/v2\/media\/22319"}],"wp:attachment":[{"href":"https:\/\/www.martel.ch\/cms\/wp-json\/wp\/v2\/media?parent=22342"}],"wp:term":[{"taxonomy":"category","embeddable":true,"href":"https:\/\/www.martel.ch\/cms\/wp-json\/wp\/v2\/categories?post=22342"},{"taxonomy":"author","embeddable":true,"href":"https:\/\/www.martel.ch\/cms\/wp-json\/wp\/v2\/coauthors?post=22342"}],"curies":[{"name":"wp","href":"https:\/\/api.w.org\/{rel}","templated":true}]}}