{"id":28564,"date":"2025-03-06T09:43:38","date_gmt":"2025-03-06T08:43:38","guid":{"rendered":"https:\/\/www.martel.ch\/cms\/?page_id=28564"},"modified":"2025-11-06T12:26:53","modified_gmt":"2025-11-06T11:26:53","slug":"weinkurs-deep-dive","status":"publish","type":"page","link":"https:\/\/www.martel.ch\/cms\/events\/weinkurse\/weinkurs-deep-dive\/","title":{"rendered":"Weinkurs Deep Dives"},"content":{"rendered":"","protected":false},"excerpt":{"rendered":"","protected":false},"author":1,"featured_media":28559,"parent":6715,"menu_order":0,"comment_status":"closed","ping_status":"closed","template":"","meta":{"_acf_changed":false,"inline_featured_image":false,"footnotes":""},"categories":[],"coauthors":[497],"class_list":["post-28564","page","type-page","status-publish","has-post-thumbnail","hentry"],"acf":{"inhaltselemente":[{"acf_fc_layout":"einspalter_text","einspalter_text_titel":"Weinkurs Deep Dives","einspalter_text_titel_typ":"1","einspalter_text_titel_fake":false,"einspalter_text_subtitle":"","einspalter_text_content":"Bei unseren Weinkursen f\u00fcr Weinenthusiasten fokussieren wir uns auf Themen rund um Wein. Gemeinsam tauchen wir tief in die Materie ein und kombinieren Theorie mit praktischen Erfahrungen. Unsere Deep Dives er\u00f6ffnen faszinierende neue Perspektiven und \u00fcberraschende Facetten des Weins. Die Degustation kommt dabei nicht zu kurz.","einspalter_bgcolor":false,"einspalter_layout_lines_top_bottom":false,"einspalter_collapse":false},{"acf_fc_layout":"einspalter_text","einspalter_text_titel":"Konzept","einspalter_text_titel_typ":"2","einspalter_text_titel_fake":false,"einspalter_text_subtitle":"","einspalter_text_content":"<ul>\r\n \t<li>Eintauchen in spezifische Themen rund um Wein, Genuss und Kultur<\/li>\r\n \t<li>Vertiefung des eigenen Weinwissens<\/li>\r\n \t<li>Degustation<\/li>\r\n \t<li>Kulinarische K\u00f6stlichkeiten passend zum Thema<\/li>\r\n \t<li>\u00dcberraschungsgutschein<\/li>\r\n \t<li>Anmeldung ohne vorherige Teilnahme am Basic-Weinkurs m\u00f6glich<\/li>\r\n<\/ul>","einspalter_bgcolor":true,"einspalter_layout_lines_top_bottom":false,"einspalter_collapse":false},{"acf_fc_layout":"header","header_titel":"Themen 2026","header_typ":"2","header_fake":false,"header_subtitle":"","header_alignment":"left"},{"acf_fc_layout":"image_image_text","image_image_text_titel_left":"Wein & Nachhaltigkeit","image_image_text_titel_typ_left":"2","image_image_text_titel_fake_left":false,"image_image_text_link_left":{"title":"Zu den Daten","url":"https:\/\/www.martel.ch\/cms\/veranstaltung\/weinkurs-deep-dives-8\/","target":""},"image_image_text_link_left_area":false,"image_image_text_bild_left":31367,"image_image_text_content_left":"In diesem Kurs trennen wir Mythen von Fakten: von Biodynamik \u00fcber Naturwein bis zur CO\u2082-Bilanz und den Transportwegen. Wir zeigen, was wirklich nachhaltig ist und wo guter Wille in Widerspruch zur \u00d6kologie ger\u00e4t. Und wir probieren nat\u00fcrlich, ob man Nachhaltigkeit schmeckt. Ein Abend f\u00fcr alle, die Wein mit Weitblick geniessen wollen.","image_image_text_video_left":"","image_image_text_teaser_left":{"image_image_text_teaser_left_titel":"","image_image_text_teaser_left_titel_typ":"2","image_image_text_teaser_left_titel_fake":false,"image_image_text_teaser_left_link":""},"image_image_text_icon_left":"","image_image_text_icon_bg_left":"martel-rot","image_image_text_titel_right":"Faszination Burgund","image_image_text_titel_typ_right":"2","image_image_text_titel_fake_right":false,"image_image_text_link_right":{"title":"Zu den Daten","url":"https:\/\/www.martel.ch\/cms\/veranstaltung\/weinkurs-deep-dives-8\/","target":""},"image_image_text_link_right_area":false,"image_image_text_bild_right":31369,"image_image_text_content_right":"Ein Kurs f\u00fcr alle, die Burgunder nicht nur trinken, sondern verstehen wollen. Wie funktioniert das Klassifikationssystem? Was bedeutet Terroir im Burgund wirklich? Was macht das Burgund so einzigartig? Erleben Sie seine Magie und Anziehungskraft. Gemeinsam tauchen wir ein in die Welt der burgundischen Weinbergsparzellen, entdecken mit einem Glas Burgunder in der Hand die feinen Unterschiede von Domaine zu Domaine.","image_image_text_video_right":"","image_image_text_teaser_right":{"image_image_text_teaser_right_titel":"","image_image_text_teaser_right_titel_typ":"2","image_image_text_teaser_right_titel_fake":false,"image_image_text_teaser_right_link":""},"image_image_text_icon_right":"","image_image_text_icon_bg_right":"martel-rot","image_image_text_offset":true,"image_image_text_bgcolor":false},{"acf_fc_layout":"image_image_text","image_image_text_titel_left":"Wein-Knigge","image_image_text_titel_typ_left":"2","image_image_text_titel_fake_left":false,"image_image_text_link_left":{"title":"Zu den Daten","url":"https:\/\/www.martel.ch\/cms\/veranstaltung\/weinkurs-deep-dives-8\/","target":""},"image_image_text_link_left_area":false,"image_image_text_bild_left":31368,"image_image_text_content_left":"Wein, aber richtig. Den Umgang mit Wein verstehen \u2013 locker, witzig und mit Stil. Wir zeigen, was gelebte Weinkultur bedeutet, wie man Wein stilvoll-entspannt geniesst und weshalb Haltung mehr z\u00e4hlt als Etikette. F\u00fcr Gastgeber und Eingeladene. Ein vergn\u00fcglicher Abend voller Genuss, Austausch und Aha-Momenten. Garantiert ohne steifen Dresscode.","image_image_text_video_left":"","image_image_text_teaser_left":{"image_image_text_teaser_left_titel":"","image_image_text_teaser_left_titel_typ":"2","image_image_text_teaser_left_titel_fake":false,"image_image_text_teaser_left_link":""},"image_image_text_icon_left":"","image_image_text_icon_bg_left":"martel-rot","image_image_text_titel_right":"Wine Pairing","image_image_text_titel_typ_right":"2","image_image_text_titel_fake_right":false,"image_image_text_link_right":{"title":"Zu den Daten","url":"https:\/\/www.martel.ch\/cms\/veranstaltung\/weinkurs-deep-dives-8\/","target":""},"image_image_text_link_right_area":false,"image_image_text_bild_right":31366,"image_image_text_content_right":"Wein und Essen sind bei Martel keine getrennten Welten, sie geh\u00f6ren zusammen. F\u00fcr uns ist Weinkultur immer auch Esskultur. Der Wein hebt das Gericht, das Gericht l\u00e4sst den Wein erstrahlen. In diesem Kurs zeigen wir, welche Kombinationen harmonieren, \u00fcberraschen oder auch einmal herausfordern. Und wir probieren, was leider gar nicht geht und was perfekt passt. Mmh!","image_image_text_video_right":"","image_image_text_teaser_right":{"image_image_text_teaser_right_titel":"","image_image_text_teaser_right_titel_typ":"2","image_image_text_teaser_right_titel_fake":false,"image_image_text_teaser_right_link":""},"image_image_text_icon_right":"","image_image_text_icon_bg_right":"martel-rot","image_image_text_offset":true,"image_image_text_bgcolor":false},{"acf_fc_layout":"image_image_text","image_image_text_titel_left":"","image_image_text_titel_typ_left":"2","image_image_text_titel_fake_left":false,"image_image_text_link_left":"","image_image_text_link_left_area":false,"image_image_text_bild_left":"","image_image_text_content_left":"<a class=\"btn btn-arrow\" href=\"https:\/\/www.martel.ch\/cms\/events\/veranstaltungen\/\">Zum Eventkalender<\/a>","image_image_text_video_left":"","image_image_text_teaser_left":{"image_image_text_teaser_left_titel":"","image_image_text_teaser_left_titel_typ":"2","image_image_text_teaser_left_titel_fake":false,"image_image_text_teaser_left_link":""},"image_image_text_icon_left":"","image_image_text_icon_bg_left":"martel-rot","image_image_text_titel_right":"","image_image_text_titel_typ_right":"2","image_image_text_titel_fake_right":false,"image_image_text_link_right":"","image_image_text_link_right_area":false,"image_image_text_bild_right":"","image_image_text_content_right":"<a class=\"btn btn-arrow\" href=\"https:\/\/www.martel.ch\/cms\/events\/weinkurse\/weinkurs-basic\/\">Weinkurs Basic<\/a>","image_image_text_video_right":"","image_image_text_teaser_right":{"image_image_text_teaser_right_titel":"","image_image_text_teaser_right_titel_typ":"2","image_image_text_teaser_right_titel_fake":false,"image_image_text_teaser_right_link":""},"image_image_text_icon_right":"","image_image_text_icon_bg_right":"martel-rot","image_image_text_offset":false,"image_image_text_bgcolor":false}]},"yoast_head":"<!-- This site is optimized with the Yoast SEO plugin v27.4 - https:\/\/yoast.com\/product\/yoast-seo-wordpress\/ -->\n<title>Weinkurs Deep Dives | Martel Weine St.Gallen und Z\u00fcrich<\/title>\n<meta name=\"description\" content=\"DER Weinkurs in Z\u00fcrich und St.Gallen. Unsere Deep Dives er\u00f6ffnen faszinierende neue Perspektiven und \u00fcberraschende Facetten des Weins.\" \/>\n<meta name=\"robots\" content=\"index, follow, max-snippet:-1, max-image-preview:large, max-video-preview:-1\" \/>\n<link rel=\"canonical\" href=\"https:\/\/www.martel.ch\/cms\/events\/weinkurse\/weinkurs-deep-dive\/\" \/>\n<meta property=\"og:locale\" content=\"de_DE\" \/>\n<meta property=\"og:type\" content=\"article\" \/>\n<meta property=\"og:title\" content=\"Weinkurs Deep Dives | Martel Weine St.Gallen und Z\u00fcrich\" \/>\n<meta property=\"og:description\" content=\"DER Weinkurs in Z\u00fcrich und St.Gallen. Unsere Deep Dives er\u00f6ffnen faszinierende neue Perspektiven und \u00fcberraschende Facetten des Weins.\" \/>\n<meta property=\"og:url\" content=\"https:\/\/www.martel.ch\/cms\/events\/weinkurse\/weinkurs-deep-dive\/\" \/>\n<meta property=\"og:site_name\" content=\"Martel\" \/>\n<meta property=\"article:publisher\" content=\"https:\/\/www.facebook.com\/pages\/Martel-AG-St-Gallen\/233396026691876\" \/>\n<meta property=\"article:modified_time\" content=\"2025-11-06T11:26:53+00:00\" \/>\n<meta property=\"og:image\" content=\"https:\/\/www.martel.ch\/cms\/wp-content\/uploads\/2025\/03\/martel-deep-dives-16.jpg\" \/>\n\t<meta property=\"og:image:width\" content=\"2000\" \/>\n\t<meta property=\"og:image:height\" content=\"1333\" \/>\n\t<meta property=\"og:image:type\" content=\"image\/jpeg\" \/>\n<meta name=\"twitter:card\" content=\"summary_large_image\" \/>\n<meta name=\"twitter:site\" content=\"@martel_weinwelt\" \/>\n<meta name=\"twitter:label1\" content=\"Written by\" \/>\n\t<meta name=\"twitter:data1\" content=\"Martel Weinwelt\" \/>\n<script type=\"application\/ld+json\" class=\"yoast-schema-graph\">{\"@context\":\"https:\\\/\\\/schema.org\",\"@graph\":[{\"@type\":\"WebPage\",\"@id\":\"https:\\\/\\\/www.martel.ch\\\/cms\\\/events\\\/weinkurse\\\/weinkurs-deep-dive\\\/\",\"url\":\"https:\\\/\\\/www.martel.ch\\\/cms\\\/events\\\/weinkurse\\\/weinkurs-deep-dive\\\/\",\"name\":\"Weinkurs Deep Dives | Martel Weine St.Gallen und Z\u00fcrich\",\"isPartOf\":{\"@id\":\"https:\\\/\\\/www.martel.ch\\\/cms\\\/#website\"},\"primaryImageOfPage\":{\"@id\":\"https:\\\/\\\/www.martel.ch\\\/cms\\\/events\\\/weinkurse\\\/weinkurs-deep-dive\\\/#primaryimage\"},\"image\":{\"@id\":\"https:\\\/\\\/www.martel.ch\\\/cms\\\/events\\\/weinkurse\\\/weinkurs-deep-dive\\\/#primaryimage\"},\"thumbnailUrl\":\"https:\\\/\\\/www.martel.ch\\\/cms\\\/wp-content\\\/uploads\\\/2025\\\/03\\\/martel-deep-dives-16.jpg\",\"datePublished\":\"2025-03-06T08:43:38+00:00\",\"dateModified\":\"2025-11-06T11:26:53+00:00\",\"description\":\"DER Weinkurs in Z\u00fcrich und St.Gallen. Unsere Deep Dives er\u00f6ffnen faszinierende neue Perspektiven und \u00fcberraschende Facetten des Weins.\",\"breadcrumb\":{\"@id\":\"https:\\\/\\\/www.martel.ch\\\/cms\\\/events\\\/weinkurse\\\/weinkurs-deep-dive\\\/#breadcrumb\"},\"inLanguage\":\"de-CH\",\"potentialAction\":[{\"@type\":\"ReadAction\",\"target\":[\"https:\\\/\\\/www.martel.ch\\\/cms\\\/events\\\/weinkurse\\\/weinkurs-deep-dive\\\/\"]}]},{\"@type\":\"ImageObject\",\"inLanguage\":\"de-CH\",\"@id\":\"https:\\\/\\\/www.martel.ch\\\/cms\\\/events\\\/weinkurse\\\/weinkurs-deep-dive\\\/#primaryimage\",\"url\":\"https:\\\/\\\/www.martel.ch\\\/cms\\\/wp-content\\\/uploads\\\/2025\\\/03\\\/martel-deep-dives-16.jpg\",\"contentUrl\":\"https:\\\/\\\/www.martel.ch\\\/cms\\\/wp-content\\\/uploads\\\/2025\\\/03\\\/martel-deep-dives-16.jpg\",\"width\":2000,\"height\":1333,\"caption\":\"Weinkurse St.Gallen und Z\u00fcrich\"},{\"@type\":\"BreadcrumbList\",\"@id\":\"https:\\\/\\\/www.martel.ch\\\/cms\\\/events\\\/weinkurse\\\/weinkurs-deep-dive\\\/#breadcrumb\",\"itemListElement\":[{\"@type\":\"ListItem\",\"position\":1,\"name\":\"Startseite\",\"item\":\"https:\\\/\\\/www.martel.ch\\\/cms\\\/\"},{\"@type\":\"ListItem\",\"position\":2,\"name\":\"Events\",\"item\":\"https:\\\/\\\/www.martel.ch\\\/cms\\\/events\\\/\"},{\"@type\":\"ListItem\",\"position\":3,\"name\":\"Weinkurse\",\"item\":\"https:\\\/\\\/www.martel.ch\\\/cms\\\/events\\\/weinkurse\\\/\"},{\"@type\":\"ListItem\",\"position\":4,\"name\":\"Weinkurs Deep Dives\"}]},{\"@type\":\"WebSite\",\"@id\":\"https:\\\/\\\/www.martel.ch\\\/cms\\\/#website\",\"url\":\"https:\\\/\\\/www.martel.ch\\\/cms\\\/\",\"name\":\"Martel\",\"description\":\"F\u00fcr Weinbegeisterte und die, die es werden m\u00f6chten.\",\"publisher\":{\"@id\":\"https:\\\/\\\/www.martel.ch\\\/cms\\\/#organization\"},\"potentialAction\":[{\"@type\":\"SearchAction\",\"target\":{\"@type\":\"EntryPoint\",\"urlTemplate\":\"https:\\\/\\\/www.martel.ch\\\/cms\\\/?s={search_term_string}\"},\"query-input\":{\"@type\":\"PropertyValueSpecification\",\"valueRequired\":true,\"valueName\":\"search_term_string\"}}],\"inLanguage\":\"de-CH\"},{\"@type\":\"Organization\",\"@id\":\"https:\\\/\\\/www.martel.ch\\\/cms\\\/#organization\",\"name\":\"Martel AG St.Gallen\",\"url\":\"https:\\\/\\\/www.martel.ch\\\/cms\\\/\",\"logo\":{\"@type\":\"ImageObject\",\"inLanguage\":\"de-CH\",\"@id\":\"https:\\\/\\\/www.martel.ch\\\/cms\\\/#\\\/schema\\\/logo\\\/image\\\/\",\"url\":\"https:\\\/\\\/www.martel.ch\\\/cms\\\/wp-content\\\/uploads\\\/2019\\\/02\\\/martel-logo.png\",\"contentUrl\":\"https:\\\/\\\/www.martel.ch\\\/cms\\\/wp-content\\\/uploads\\\/2019\\\/02\\\/martel-logo.png\",\"width\":600,\"height\":600,\"caption\":\"Martel AG St.Gallen\"},\"image\":{\"@id\":\"https:\\\/\\\/www.martel.ch\\\/cms\\\/#\\\/schema\\\/logo\\\/image\\\/\"},\"sameAs\":[\"https:\\\/\\\/www.facebook.com\\\/pages\\\/Martel-AG-St-Gallen\\\/233396026691876\",\"https:\\\/\\\/x.com\\\/martel_weinwelt\",\"https:\\\/\\\/www.instagram.com\\\/martel_weinwelt\\\/\",\"https:\\\/\\\/www.linkedin.com\\\/company\\\/martel-ag-st-gallen\",\"https:\\\/\\\/www.pinterest.ch\\\/martel_weinwelt\"]}]}<\/script>\n<!-- \/ Yoast SEO plugin. -->","yoast_head_json":{"title":"Weinkurs Deep Dives | Martel Weine St.Gallen und Z\u00fcrich","description":"DER Weinkurs in Z\u00fcrich und St.Gallen. Unsere Deep Dives er\u00f6ffnen faszinierende neue Perspektiven und \u00fcberraschende Facetten des Weins.","robots":{"index":"index","follow":"follow","max-snippet":"max-snippet:-1","max-image-preview":"max-image-preview:large","max-video-preview":"max-video-preview:-1"},"canonical":"https:\/\/www.martel.ch\/cms\/events\/weinkurse\/weinkurs-deep-dive\/","og_locale":"de_DE","og_type":"article","og_title":"Weinkurs Deep Dives | Martel Weine St.Gallen und Z\u00fcrich","og_description":"DER Weinkurs in Z\u00fcrich und St.Gallen. Unsere Deep Dives er\u00f6ffnen faszinierende neue Perspektiven und \u00fcberraschende Facetten des Weins.","og_url":"https:\/\/www.martel.ch\/cms\/events\/weinkurse\/weinkurs-deep-dive\/","og_site_name":"Martel","article_publisher":"https:\/\/www.facebook.com\/pages\/Martel-AG-St-Gallen\/233396026691876","article_modified_time":"2025-11-06T11:26:53+00:00","og_image":[{"width":2000,"height":1333,"url":"https:\/\/www.martel.ch\/cms\/wp-content\/uploads\/2025\/03\/martel-deep-dives-16.jpg","type":"image\/jpeg"}],"twitter_card":"summary_large_image","twitter_site":"@martel_weinwelt","twitter_misc":{"Written by":"Martel Weinwelt"},"schema":{"@context":"https:\/\/schema.org","@graph":[{"@type":"WebPage","@id":"https:\/\/www.martel.ch\/cms\/events\/weinkurse\/weinkurs-deep-dive\/","url":"https:\/\/www.martel.ch\/cms\/events\/weinkurse\/weinkurs-deep-dive\/","name":"Weinkurs Deep Dives | Martel Weine St.Gallen und Z\u00fcrich","isPartOf":{"@id":"https:\/\/www.martel.ch\/cms\/#website"},"primaryImageOfPage":{"@id":"https:\/\/www.martel.ch\/cms\/events\/weinkurse\/weinkurs-deep-dive\/#primaryimage"},"image":{"@id":"https:\/\/www.martel.ch\/cms\/events\/weinkurse\/weinkurs-deep-dive\/#primaryimage"},"thumbnailUrl":"https:\/\/www.martel.ch\/cms\/wp-content\/uploads\/2025\/03\/martel-deep-dives-16.jpg","datePublished":"2025-03-06T08:43:38+00:00","dateModified":"2025-11-06T11:26:53+00:00","description":"DER Weinkurs in Z\u00fcrich und St.Gallen. Unsere Deep Dives er\u00f6ffnen faszinierende neue Perspektiven und \u00fcberraschende Facetten des Weins.","breadcrumb":{"@id":"https:\/\/www.martel.ch\/cms\/events\/weinkurse\/weinkurs-deep-dive\/#breadcrumb"},"inLanguage":"de-CH","potentialAction":[{"@type":"ReadAction","target":["https:\/\/www.martel.ch\/cms\/events\/weinkurse\/weinkurs-deep-dive\/"]}]},{"@type":"ImageObject","inLanguage":"de-CH","@id":"https:\/\/www.martel.ch\/cms\/events\/weinkurse\/weinkurs-deep-dive\/#primaryimage","url":"https:\/\/www.martel.ch\/cms\/wp-content\/uploads\/2025\/03\/martel-deep-dives-16.jpg","contentUrl":"https:\/\/www.martel.ch\/cms\/wp-content\/uploads\/2025\/03\/martel-deep-dives-16.jpg","width":2000,"height":1333,"caption":"Weinkurse St.Gallen und Z\u00fcrich"},{"@type":"BreadcrumbList","@id":"https:\/\/www.martel.ch\/cms\/events\/weinkurse\/weinkurs-deep-dive\/#breadcrumb","itemListElement":[{"@type":"ListItem","position":1,"name":"Startseite","item":"https:\/\/www.martel.ch\/cms\/"},{"@type":"ListItem","position":2,"name":"Events","item":"https:\/\/www.martel.ch\/cms\/events\/"},{"@type":"ListItem","position":3,"name":"Weinkurse","item":"https:\/\/www.martel.ch\/cms\/events\/weinkurse\/"},{"@type":"ListItem","position":4,"name":"Weinkurs Deep Dives"}]},{"@type":"WebSite","@id":"https:\/\/www.martel.ch\/cms\/#website","url":"https:\/\/www.martel.ch\/cms\/","name":"Martel","description":"F\u00fcr Weinbegeisterte und die, die es werden m\u00f6chten.","publisher":{"@id":"https:\/\/www.martel.ch\/cms\/#organization"},"potentialAction":[{"@type":"SearchAction","target":{"@type":"EntryPoint","urlTemplate":"https:\/\/www.martel.ch\/cms\/?s={search_term_string}"},"query-input":{"@type":"PropertyValueSpecification","valueRequired":true,"valueName":"search_term_string"}}],"inLanguage":"de-CH"},{"@type":"Organization","@id":"https:\/\/www.martel.ch\/cms\/#organization","name":"Martel AG St.Gallen","url":"https:\/\/www.martel.ch\/cms\/","logo":{"@type":"ImageObject","inLanguage":"de-CH","@id":"https:\/\/www.martel.ch\/cms\/#\/schema\/logo\/image\/","url":"https:\/\/www.martel.ch\/cms\/wp-content\/uploads\/2019\/02\/martel-logo.png","contentUrl":"https:\/\/www.martel.ch\/cms\/wp-content\/uploads\/2019\/02\/martel-logo.png","width":600,"height":600,"caption":"Martel AG St.Gallen"},"image":{"@id":"https:\/\/www.martel.ch\/cms\/#\/schema\/logo\/image\/"},"sameAs":["https:\/\/www.facebook.com\/pages\/Martel-AG-St-Gallen\/233396026691876","https:\/\/x.com\/martel_weinwelt","https:\/\/www.instagram.com\/martel_weinwelt\/","https:\/\/www.linkedin.com\/company\/martel-ag-st-gallen","https:\/\/www.pinterest.ch\/martel_weinwelt"]}]}},"_links":{"self":[{"href":"https:\/\/www.martel.ch\/cms\/wp-json\/wp\/v2\/pages\/28564","targetHints":{"allow":["GET"]}}],"collection":[{"href":"https:\/\/www.martel.ch\/cms\/wp-json\/wp\/v2\/pages"}],"about":[{"href":"https:\/\/www.martel.ch\/cms\/wp-json\/wp\/v2\/types\/page"}],"author":[{"embeddable":true,"href":"https:\/\/www.martel.ch\/cms\/wp-json\/wp\/v2\/users\/1"}],"replies":[{"embeddable":true,"href":"https:\/\/www.martel.ch\/cms\/wp-json\/wp\/v2\/comments?post=28564"}],"version-history":[{"count":10,"href":"https:\/\/www.martel.ch\/cms\/wp-json\/wp\/v2\/pages\/28564\/revisions"}],"predecessor-version":[{"id":31442,"href":"https:\/\/www.martel.ch\/cms\/wp-json\/wp\/v2\/pages\/28564\/revisions\/31442"}],"up":[{"embeddable":true,"href":"https:\/\/www.martel.ch\/cms\/wp-json\/wp\/v2\/pages\/6715"}],"wp:featuredmedia":[{"embeddable":true,"href":"https:\/\/www.martel.ch\/cms\/wp-json\/wp\/v2\/media\/28559"}],"wp:attachment":[{"href":"https:\/\/www.martel.ch\/cms\/wp-json\/wp\/v2\/media?parent=28564"}],"wp:term":[{"taxonomy":"category","embeddable":true,"href":"https:\/\/www.martel.ch\/cms\/wp-json\/wp\/v2\/categories?post=28564"},{"taxonomy":"author","embeddable":true,"href":"https:\/\/www.martel.ch\/cms\/wp-json\/wp\/v2\/coauthors?post=28564"}],"curies":[{"name":"wp","href":"https:\/\/api.w.org\/{rel}","templated":true}]}}