{"id":30231,"date":"2025-06-19T10:48:50","date_gmt":"2025-06-19T08:48:50","guid":{"rendered":"https:\/\/www.martel.ch\/cms\/?page_id=30231"},"modified":"2025-08-29T08:21:19","modified_gmt":"2025-08-29T06:21:19","slug":"die-besten-martel-stories-2025","status":"publish","type":"page","link":"https:\/\/www.martel.ch\/cms\/events\/die-besten-martel-stories-2025\/","title":{"rendered":"Die besten Martel-Stories 2025"},"content":{"rendered":"","protected":false},"excerpt":{"rendered":"","protected":false},"author":1,"featured_media":30233,"parent":6365,"menu_order":1,"comment_status":"closed","ping_status":"closed","template":"","meta":{"_acf_changed":false,"inline_featured_image":false,"footnotes":""},"categories":[],"coauthors":[497],"class_list":["post-30231","page","type-page","status-publish","has-post-thumbnail","hentry"],"acf":{"inhaltselemente":[{"acf_fc_layout":"header","header_titel":"Ferien-Lekt\u00fcre","header_typ":"1","header_fake":false,"header_subtitle":"","header_alignment":"left"},{"acf_fc_layout":"einspalter_text","einspalter_text_titel":"","einspalter_text_titel_typ":"2","einspalter_text_titel_fake":false,"einspalter_text_subtitle":"","einspalter_text_content":"Tauchen Sie mit unseren 5 besten Geschichten des ersten Halbjahres in die Martel-Weinwelt ein. Gemeinsam entdecken wir neue, spannende Facetten des Piemonts. In einem Gespr\u00e4ch mit profilierten Burgund-Kennern erfahren Sie Insider-News aus dieser Weinregion. Und: Zur Hochzeit darf\u2019s nur das Beste sein. Martel-Mitarbeitende erz\u00e4hlen, welche Weine sie f\u00fcr ihren grossen Tag w\u00e4hlten. In einer weiteren Lieblingsgeschichte erkunden wir, was eine gelungene Weinetikette ausmacht. Schliesslich der Blick zur\u00fcck auf 30 Jahre Martel Online-Weinshop \u00a0\u2013 tats\u00e4chlich dem ersten seiner Art in Europa.\r\n\r\nWir w\u00fcnschen viel Freude mit der Martel-Online-Ferienlekt\u00fcre und unserer Auswahl erstklassiger Sommerweine.","einspalter_bgcolor":false,"einspalter_layout_lines_top_bottom":false,"einspalter_collapse":false},{"acf_fc_layout":"image_image_text","image_image_text_titel_left":"Alles nur Etikette?","image_image_text_titel_typ_left":"2","image_image_text_titel_fake_left":false,"image_image_text_link_left":{"title":"","url":"https:\/\/www.martel.ch\/cms\/2024\/11\/11\/alles-nur-etikette\/","target":""},"image_image_text_link_left_area":false,"image_image_text_bild_left":26957,"image_image_text_content_left":"Zum Thema Etiketten gibt es fast so viele Meinungen wie es Etiketten selbst gibt. Der eine mag sie, der andere nicht. Es allen recht zu machen, ist eine Kunst, die keine Etikette kann. F\u00fcr die einen steht zu wenig auf der Weinetikette, f\u00fcr die anderen zu viel.","image_image_text_video_left":"","image_image_text_teaser_left":{"image_image_text_teaser_left_titel":"","image_image_text_teaser_left_titel_typ":"2","image_image_text_teaser_left_titel_fake":false,"image_image_text_teaser_left_link":""},"image_image_text_icon_left":"","image_image_text_icon_bg_left":"martel-rot","image_image_text_titel_right":"30 Jahre Online-Shop","image_image_text_titel_typ_right":"2","image_image_text_titel_fake_right":false,"image_image_text_link_right":{"title":"","url":"https:\/\/www.martel.ch\/cms\/2025\/06\/18\/30-jahre-martel-online-shop\/","target":""},"image_image_text_link_right_area":false,"image_image_text_bild_right":30185,"image_image_text_content_right":"\u00abBeeindruckend, was aus einem Zufall entstanden ist\u00bb. 30 Jahre Online-Shop bei Martel. Ein Gespr\u00e4ch mit Jan Martel \u00fcber Pioniergeist, Wandel im Handel und die Verbindung von analogem Genuss mit digitaler Welt.","image_image_text_video_right":"","image_image_text_teaser_right":{"image_image_text_teaser_right_titel":"","image_image_text_teaser_right_titel_typ":"2","image_image_text_teaser_right_titel_fake":false,"image_image_text_teaser_right_link":""},"image_image_text_icon_right":"","image_image_text_icon_bg_right":"martel-rot","image_image_text_offset":true,"image_image_text_bgcolor":false},{"acf_fc_layout":"image_image_text","image_image_text_titel_left":"Hochzeitswein: Liebe geht auch durchs Weinglas","image_image_text_titel_typ_left":"2","image_image_text_titel_fake_left":false,"image_image_text_link_left":{"title":"","url":"https:\/\/www.martel.ch\/cms\/2025\/02\/11\/hochzeitswein-liebe-geht-auch-durchs-weinglas\/","target":""},"image_image_text_link_left_area":false,"image_image_text_bild_left":28030,"image_image_text_content_left":"In den letzten Monaten haben gleich drei Mitglieder des Martel-Teams Hochzeit gefeiert. Klar, dass neben der Liebe auch der Wein gefeiert wurde. Von den Frischverm\u00e4hlten erfahren wir, worauf es bei der Wahl des Hochzeitsweins ankommt.","image_image_text_video_left":"","image_image_text_teaser_left":{"image_image_text_teaser_left_titel":"","image_image_text_teaser_left_titel_typ":"2","image_image_text_teaser_left_titel_fake":false,"image_image_text_teaser_left_link":""},"image_image_text_icon_left":"","image_image_text_icon_bg_left":"martel-rot","image_image_text_titel_right":"\u201cDas Burgund ist wie ein Virus\u201d","image_image_text_titel_typ_right":"2","image_image_text_titel_fake_right":false,"image_image_text_link_right":{"title":"","url":"https:\/\/www.martel.ch\/cms\/2025\/03\/24\/burgund-ist-wie-ein-virus-einmal-infiziert-gibt-es-kein-zurueck-mehr\/","target":""},"image_image_text_link_right_area":false,"image_image_text_bild_right":27807,"image_image_text_content_right":"Martel und Burgund \u2013 das ist eine lange und sch\u00f6ne Geschichte. Jan Martel und Benjamin Wolf f\u00fchlen sich dem Burgund, seinen Menschen und der burgundischen Lebensart tief verbunden. Zwei Burgunder-Fans im Gespr\u00e4ch.","image_image_text_video_right":"","image_image_text_teaser_right":{"image_image_text_teaser_right_titel":"","image_image_text_teaser_right_titel_typ":"2","image_image_text_teaser_right_titel_fake":false,"image_image_text_teaser_right_link":""},"image_image_text_icon_right":"","image_image_text_icon_bg_right":"martel-rot","image_image_text_offset":true,"image_image_text_bgcolor":true},{"acf_fc_layout":"image_image_text","image_image_text_titel_left":"Willkommen im Piemont!","image_image_text_titel_typ_left":"2","image_image_text_titel_fake_left":false,"image_image_text_link_left":{"title":"","url":"https:\/\/www.martel.ch\/cms\/2024\/10\/29\/willkommen-im-piemont\/","target":""},"image_image_text_link_left_area":false,"image_image_text_bild_left":26655,"image_image_text_content_left":"Piemont, wir kommen! Das Martel-Team ist viel unterwegs, um die Weinregionen besser kennenzulernen und mit den Winzerinnen und Winzern in engem Kontakt zu bleiben. So l\u00e4sst sich Weinkultur am besten vermitteln.","image_image_text_video_left":"","image_image_text_teaser_left":{"image_image_text_teaser_left_titel":"","image_image_text_teaser_left_titel_typ":"2","image_image_text_teaser_left_titel_fake":false,"image_image_text_teaser_left_link":""},"image_image_text_icon_left":"","image_image_text_icon_bg_left":"martel-rot","image_image_text_titel_right":"Sommerhits im Weink\u00fchler","image_image_text_titel_typ_right":"2","image_image_text_titel_fake_right":false,"image_image_text_link_right":{"title":"Zur Playlist","url":"https:\/\/open.spotify.com\/playlist\/2ua7r4Y4gXnLUtQXqPCPEZ?si=GE07xvC-QgSOsp46Bn-C2g&nd=1&dlsi=7a02ef0cbe67450b","target":"_blank"},"image_image_text_link_right_area":false,"image_image_text_bild_right":19004,"image_image_text_content_right":"Lust auf passende Songs zu unseren Sommerweinen und der Ferienlekt\u00fcre? Jetzt in die Martel Spotify-Playlist reinh\u00f6ren.","image_image_text_video_right":"","image_image_text_teaser_right":{"image_image_text_teaser_right_titel":"","image_image_text_teaser_right_titel_typ":"2","image_image_text_teaser_right_titel_fake":false,"image_image_text_teaser_right_link":""},"image_image_text_icon_right":"","image_image_text_icon_bg_right":"martel-rot","image_image_text_offset":true,"image_image_text_bgcolor":false},{"acf_fc_layout":"image_image_text","image_image_text_titel_left":"","image_image_text_titel_typ_left":"2","image_image_text_titel_fake_left":false,"image_image_text_link_left":"","image_image_text_link_left_area":false,"image_image_text_bild_left":"","image_image_text_content_left":"<a class=\"btn btn-primary\" href=\"https:\/\/www.martel.ch\/cms\/news-events\/stories\/\">Alle Martel-Stories<\/a>","image_image_text_video_left":"","image_image_text_teaser_left":{"image_image_text_teaser_left_titel":"","image_image_text_teaser_left_titel_typ":"2","image_image_text_teaser_left_titel_fake":false,"image_image_text_teaser_left_link":""},"image_image_text_icon_left":"","image_image_text_icon_bg_left":"martel-rot","image_image_text_titel_right":"","image_image_text_titel_typ_right":"2","image_image_text_titel_fake_right":false,"image_image_text_link_right":"","image_image_text_link_right_area":false,"image_image_text_bild_right":"","image_image_text_content_right":"","image_image_text_video_right":"","image_image_text_teaser_right":{"image_image_text_teaser_right_titel":"","image_image_text_teaser_right_titel_typ":"2","image_image_text_teaser_right_titel_fake":false,"image_image_text_teaser_right_link":""},"image_image_text_icon_right":"","image_image_text_icon_bg_right":"martel-rot","image_image_text_offset":false,"image_image_text_bgcolor":false}]},"yoast_head":"<!-- This site is optimized with the Yoast SEO plugin v27.4 - https:\/\/yoast.com\/product\/yoast-seo-wordpress\/ -->\n<title>Die besten Martel-Stories 2025 | Martel Weine St.Gallen und Z\u00fcrich<\/title>\n<meta name=\"description\" content=\"Die besten Martel-Stories 2025. Wir w\u00fcnschen viel Freude mit der Ferienlekt\u00fcre und unserer Auswahl erstklassiger Sommerweine.\" \/>\n<meta name=\"robots\" content=\"index, follow, max-snippet:-1, max-image-preview:large, max-video-preview:-1\" \/>\n<link rel=\"canonical\" href=\"https:\/\/www.martel.ch\/cms\/events\/die-besten-martel-stories-2025\/\" \/>\n<meta property=\"og:locale\" content=\"de_DE\" \/>\n<meta property=\"og:type\" content=\"article\" \/>\n<meta property=\"og:title\" content=\"Die besten Martel-Stories 2025 | Martel Weine St.Gallen und Z\u00fcrich\" \/>\n<meta property=\"og:description\" content=\"Die besten Martel-Stories 2025. Wir w\u00fcnschen viel Freude mit der Ferienlekt\u00fcre und unserer Auswahl erstklassiger Sommerweine.\" \/>\n<meta property=\"og:url\" content=\"https:\/\/www.martel.ch\/cms\/events\/die-besten-martel-stories-2025\/\" \/>\n<meta property=\"og:site_name\" content=\"Martel\" \/>\n<meta property=\"article:publisher\" content=\"https:\/\/www.facebook.com\/pages\/Martel-AG-St-Gallen\/233396026691876\" \/>\n<meta property=\"article:modified_time\" content=\"2025-08-29T06:21:19+00:00\" \/>\n<meta property=\"og:image\" content=\"https:\/\/www.martel.ch\/cms\/wp-content\/uploads\/2025\/06\/martel-beste-stories-2025.jpg\" \/>\n\t<meta property=\"og:image:width\" content=\"2000\" \/>\n\t<meta property=\"og:image:height\" content=\"1333\" \/>\n\t<meta property=\"og:image:type\" content=\"image\/jpeg\" \/>\n<meta name=\"twitter:card\" content=\"summary_large_image\" \/>\n<meta name=\"twitter:site\" content=\"@martel_weinwelt\" \/>\n<meta name=\"twitter:label1\" content=\"Written by\" \/>\n\t<meta name=\"twitter:data1\" content=\"Martel Weinwelt\" \/>\n<script type=\"application\/ld+json\" class=\"yoast-schema-graph\">{\"@context\":\"https:\\\/\\\/schema.org\",\"@graph\":[{\"@type\":\"WebPage\",\"@id\":\"https:\\\/\\\/www.martel.ch\\\/cms\\\/events\\\/die-besten-martel-stories-2025\\\/\",\"url\":\"https:\\\/\\\/www.martel.ch\\\/cms\\\/events\\\/die-besten-martel-stories-2025\\\/\",\"name\":\"Die besten Martel-Stories 2025 | Martel Weine St.Gallen und Z\u00fcrich\",\"isPartOf\":{\"@id\":\"https:\\\/\\\/www.martel.ch\\\/cms\\\/#website\"},\"primaryImageOfPage\":{\"@id\":\"https:\\\/\\\/www.martel.ch\\\/cms\\\/events\\\/die-besten-martel-stories-2025\\\/#primaryimage\"},\"image\":{\"@id\":\"https:\\\/\\\/www.martel.ch\\\/cms\\\/events\\\/die-besten-martel-stories-2025\\\/#primaryimage\"},\"thumbnailUrl\":\"https:\\\/\\\/www.martel.ch\\\/cms\\\/wp-content\\\/uploads\\\/2025\\\/06\\\/martel-beste-stories-2025.jpg\",\"datePublished\":\"2025-06-19T08:48:50+00:00\",\"dateModified\":\"2025-08-29T06:21:19+00:00\",\"description\":\"Die besten Martel-Stories 2025. Wir w\u00fcnschen viel Freude mit der Ferienlekt\u00fcre und unserer Auswahl erstklassiger Sommerweine.\",\"breadcrumb\":{\"@id\":\"https:\\\/\\\/www.martel.ch\\\/cms\\\/events\\\/die-besten-martel-stories-2025\\\/#breadcrumb\"},\"inLanguage\":\"de-CH\",\"potentialAction\":[{\"@type\":\"ReadAction\",\"target\":[\"https:\\\/\\\/www.martel.ch\\\/cms\\\/events\\\/die-besten-martel-stories-2025\\\/\"]}]},{\"@type\":\"ImageObject\",\"inLanguage\":\"de-CH\",\"@id\":\"https:\\\/\\\/www.martel.ch\\\/cms\\\/events\\\/die-besten-martel-stories-2025\\\/#primaryimage\",\"url\":\"https:\\\/\\\/www.martel.ch\\\/cms\\\/wp-content\\\/uploads\\\/2025\\\/06\\\/martel-beste-stories-2025.jpg\",\"contentUrl\":\"https:\\\/\\\/www.martel.ch\\\/cms\\\/wp-content\\\/uploads\\\/2025\\\/06\\\/martel-beste-stories-2025.jpg\",\"width\":2000,\"height\":1333,\"caption\":\"Sommerweine Beste Stories\"},{\"@type\":\"BreadcrumbList\",\"@id\":\"https:\\\/\\\/www.martel.ch\\\/cms\\\/events\\\/die-besten-martel-stories-2025\\\/#breadcrumb\",\"itemListElement\":[{\"@type\":\"ListItem\",\"position\":1,\"name\":\"Startseite\",\"item\":\"https:\\\/\\\/www.martel.ch\\\/cms\\\/\"},{\"@type\":\"ListItem\",\"position\":2,\"name\":\"Events\",\"item\":\"https:\\\/\\\/www.martel.ch\\\/cms\\\/events\\\/\"},{\"@type\":\"ListItem\",\"position\":3,\"name\":\"Die besten Martel-Stories 2025\"}]},{\"@type\":\"WebSite\",\"@id\":\"https:\\\/\\\/www.martel.ch\\\/cms\\\/#website\",\"url\":\"https:\\\/\\\/www.martel.ch\\\/cms\\\/\",\"name\":\"Martel\",\"description\":\"F\u00fcr Weinbegeisterte und die, die es werden m\u00f6chten.\",\"publisher\":{\"@id\":\"https:\\\/\\\/www.martel.ch\\\/cms\\\/#organization\"},\"potentialAction\":[{\"@type\":\"SearchAction\",\"target\":{\"@type\":\"EntryPoint\",\"urlTemplate\":\"https:\\\/\\\/www.martel.ch\\\/cms\\\/?s={search_term_string}\"},\"query-input\":{\"@type\":\"PropertyValueSpecification\",\"valueRequired\":true,\"valueName\":\"search_term_string\"}}],\"inLanguage\":\"de-CH\"},{\"@type\":\"Organization\",\"@id\":\"https:\\\/\\\/www.martel.ch\\\/cms\\\/#organization\",\"name\":\"Martel AG St.Gallen\",\"url\":\"https:\\\/\\\/www.martel.ch\\\/cms\\\/\",\"logo\":{\"@type\":\"ImageObject\",\"inLanguage\":\"de-CH\",\"@id\":\"https:\\\/\\\/www.martel.ch\\\/cms\\\/#\\\/schema\\\/logo\\\/image\\\/\",\"url\":\"https:\\\/\\\/www.martel.ch\\\/cms\\\/wp-content\\\/uploads\\\/2019\\\/02\\\/martel-logo.png\",\"contentUrl\":\"https:\\\/\\\/www.martel.ch\\\/cms\\\/wp-content\\\/uploads\\\/2019\\\/02\\\/martel-logo.png\",\"width\":600,\"height\":600,\"caption\":\"Martel AG St.Gallen\"},\"image\":{\"@id\":\"https:\\\/\\\/www.martel.ch\\\/cms\\\/#\\\/schema\\\/logo\\\/image\\\/\"},\"sameAs\":[\"https:\\\/\\\/www.facebook.com\\\/pages\\\/Martel-AG-St-Gallen\\\/233396026691876\",\"https:\\\/\\\/x.com\\\/martel_weinwelt\",\"https:\\\/\\\/www.instagram.com\\\/martel_weinwelt\\\/\",\"https:\\\/\\\/www.linkedin.com\\\/company\\\/martel-ag-st-gallen\",\"https:\\\/\\\/www.pinterest.ch\\\/martel_weinwelt\"]}]}<\/script>\n<!-- \/ Yoast SEO plugin. -->","yoast_head_json":{"title":"Die besten Martel-Stories 2025 | Martel Weine St.Gallen und Z\u00fcrich","description":"Die besten Martel-Stories 2025. Wir w\u00fcnschen viel Freude mit der Ferienlekt\u00fcre und unserer Auswahl erstklassiger Sommerweine.","robots":{"index":"index","follow":"follow","max-snippet":"max-snippet:-1","max-image-preview":"max-image-preview:large","max-video-preview":"max-video-preview:-1"},"canonical":"https:\/\/www.martel.ch\/cms\/events\/die-besten-martel-stories-2025\/","og_locale":"de_DE","og_type":"article","og_title":"Die besten Martel-Stories 2025 | Martel Weine St.Gallen und Z\u00fcrich","og_description":"Die besten Martel-Stories 2025. Wir w\u00fcnschen viel Freude mit der Ferienlekt\u00fcre und unserer Auswahl erstklassiger Sommerweine.","og_url":"https:\/\/www.martel.ch\/cms\/events\/die-besten-martel-stories-2025\/","og_site_name":"Martel","article_publisher":"https:\/\/www.facebook.com\/pages\/Martel-AG-St-Gallen\/233396026691876","article_modified_time":"2025-08-29T06:21:19+00:00","og_image":[{"width":2000,"height":1333,"url":"https:\/\/www.martel.ch\/cms\/wp-content\/uploads\/2025\/06\/martel-beste-stories-2025.jpg","type":"image\/jpeg"}],"twitter_card":"summary_large_image","twitter_site":"@martel_weinwelt","twitter_misc":{"Written by":"Martel Weinwelt"},"schema":{"@context":"https:\/\/schema.org","@graph":[{"@type":"WebPage","@id":"https:\/\/www.martel.ch\/cms\/events\/die-besten-martel-stories-2025\/","url":"https:\/\/www.martel.ch\/cms\/events\/die-besten-martel-stories-2025\/","name":"Die besten Martel-Stories 2025 | Martel Weine St.Gallen und Z\u00fcrich","isPartOf":{"@id":"https:\/\/www.martel.ch\/cms\/#website"},"primaryImageOfPage":{"@id":"https:\/\/www.martel.ch\/cms\/events\/die-besten-martel-stories-2025\/#primaryimage"},"image":{"@id":"https:\/\/www.martel.ch\/cms\/events\/die-besten-martel-stories-2025\/#primaryimage"},"thumbnailUrl":"https:\/\/www.martel.ch\/cms\/wp-content\/uploads\/2025\/06\/martel-beste-stories-2025.jpg","datePublished":"2025-06-19T08:48:50+00:00","dateModified":"2025-08-29T06:21:19+00:00","description":"Die besten Martel-Stories 2025. Wir w\u00fcnschen viel Freude mit der Ferienlekt\u00fcre und unserer Auswahl erstklassiger Sommerweine.","breadcrumb":{"@id":"https:\/\/www.martel.ch\/cms\/events\/die-besten-martel-stories-2025\/#breadcrumb"},"inLanguage":"de-CH","potentialAction":[{"@type":"ReadAction","target":["https:\/\/www.martel.ch\/cms\/events\/die-besten-martel-stories-2025\/"]}]},{"@type":"ImageObject","inLanguage":"de-CH","@id":"https:\/\/www.martel.ch\/cms\/events\/die-besten-martel-stories-2025\/#primaryimage","url":"https:\/\/www.martel.ch\/cms\/wp-content\/uploads\/2025\/06\/martel-beste-stories-2025.jpg","contentUrl":"https:\/\/www.martel.ch\/cms\/wp-content\/uploads\/2025\/06\/martel-beste-stories-2025.jpg","width":2000,"height":1333,"caption":"Sommerweine Beste Stories"},{"@type":"BreadcrumbList","@id":"https:\/\/www.martel.ch\/cms\/events\/die-besten-martel-stories-2025\/#breadcrumb","itemListElement":[{"@type":"ListItem","position":1,"name":"Startseite","item":"https:\/\/www.martel.ch\/cms\/"},{"@type":"ListItem","position":2,"name":"Events","item":"https:\/\/www.martel.ch\/cms\/events\/"},{"@type":"ListItem","position":3,"name":"Die besten Martel-Stories 2025"}]},{"@type":"WebSite","@id":"https:\/\/www.martel.ch\/cms\/#website","url":"https:\/\/www.martel.ch\/cms\/","name":"Martel","description":"F\u00fcr Weinbegeisterte und die, die es werden m\u00f6chten.","publisher":{"@id":"https:\/\/www.martel.ch\/cms\/#organization"},"potentialAction":[{"@type":"SearchAction","target":{"@type":"EntryPoint","urlTemplate":"https:\/\/www.martel.ch\/cms\/?s={search_term_string}"},"query-input":{"@type":"PropertyValueSpecification","valueRequired":true,"valueName":"search_term_string"}}],"inLanguage":"de-CH"},{"@type":"Organization","@id":"https:\/\/www.martel.ch\/cms\/#organization","name":"Martel AG St.Gallen","url":"https:\/\/www.martel.ch\/cms\/","logo":{"@type":"ImageObject","inLanguage":"de-CH","@id":"https:\/\/www.martel.ch\/cms\/#\/schema\/logo\/image\/","url":"https:\/\/www.martel.ch\/cms\/wp-content\/uploads\/2019\/02\/martel-logo.png","contentUrl":"https:\/\/www.martel.ch\/cms\/wp-content\/uploads\/2019\/02\/martel-logo.png","width":600,"height":600,"caption":"Martel AG St.Gallen"},"image":{"@id":"https:\/\/www.martel.ch\/cms\/#\/schema\/logo\/image\/"},"sameAs":["https:\/\/www.facebook.com\/pages\/Martel-AG-St-Gallen\/233396026691876","https:\/\/x.com\/martel_weinwelt","https:\/\/www.instagram.com\/martel_weinwelt\/","https:\/\/www.linkedin.com\/company\/martel-ag-st-gallen","https:\/\/www.pinterest.ch\/martel_weinwelt"]}]}},"_links":{"self":[{"href":"https:\/\/www.martel.ch\/cms\/wp-json\/wp\/v2\/pages\/30231","targetHints":{"allow":["GET"]}}],"collection":[{"href":"https:\/\/www.martel.ch\/cms\/wp-json\/wp\/v2\/pages"}],"about":[{"href":"https:\/\/www.martel.ch\/cms\/wp-json\/wp\/v2\/types\/page"}],"author":[{"embeddable":true,"href":"https:\/\/www.martel.ch\/cms\/wp-json\/wp\/v2\/users\/1"}],"replies":[{"embeddable":true,"href":"https:\/\/www.martel.ch\/cms\/wp-json\/wp\/v2\/comments?post=30231"}],"version-history":[{"count":10,"href":"https:\/\/www.martel.ch\/cms\/wp-json\/wp\/v2\/pages\/30231\/revisions"}],"predecessor-version":[{"id":30720,"href":"https:\/\/www.martel.ch\/cms\/wp-json\/wp\/v2\/pages\/30231\/revisions\/30720"}],"up":[{"embeddable":true,"href":"https:\/\/www.martel.ch\/cms\/wp-json\/wp\/v2\/pages\/6365"}],"wp:featuredmedia":[{"embeddable":true,"href":"https:\/\/www.martel.ch\/cms\/wp-json\/wp\/v2\/media\/30233"}],"wp:attachment":[{"href":"https:\/\/www.martel.ch\/cms\/wp-json\/wp\/v2\/media?parent=30231"}],"wp:term":[{"taxonomy":"category","embeddable":true,"href":"https:\/\/www.martel.ch\/cms\/wp-json\/wp\/v2\/categories?post=30231"},{"taxonomy":"author","embeddable":true,"href":"https:\/\/www.martel.ch\/cms\/wp-json\/wp\/v2\/coauthors?post=30231"}],"curies":[{"name":"wp","href":"https:\/\/api.w.org\/{rel}","templated":true}]}}