{"id":32174,"date":"2026-01-16T16:44:46","date_gmt":"2026-01-16T15:44:46","guid":{"rendered":"https:\/\/www.martel.ch\/cms\/?page_id=32174"},"modified":"2026-01-16T16:44:47","modified_gmt":"2026-01-16T15:44:47","slug":"mitarbeiter-einkauf-m-w-d","status":"publish","type":"page","link":"https:\/\/www.martel.ch\/cms\/martel\/team\/mitarbeiter-einkauf-m-w-d\/","title":{"rendered":"\u00a0Mitarbeiter Einkauf (m\/w\/d)"},"content":{"rendered":"","protected":false},"excerpt":{"rendered":"","protected":false},"author":43,"featured_media":31312,"parent":2969,"menu_order":0,"comment_status":"closed","ping_status":"closed","template":"","meta":{"_acf_changed":false,"inline_featured_image":false,"footnotes":""},"categories":[],"coauthors":[498],"class_list":["post-32174","page","type-page","status-publish","has-post-thumbnail","hentry"],"acf":{"inhaltselemente":[{"acf_fc_layout":"einspalter_text","einspalter_text_titel":"","einspalter_text_titel_typ":"1","einspalter_text_titel_fake":false,"einspalter_text_subtitle":"","einspalter_text_content":"<h1>Mitarbeiter Einkauf (m\/w\/d)<\/h1>\r\n80-100%","einspalter_bgcolor":false,"einspalter_layout_lines_top_bottom":false,"einspalter_collapse":false},{"acf_fc_layout":"einspalter_text","einspalter_text_titel":"Auf einen Blick","einspalter_text_titel_typ":"2","einspalter_text_titel_fake":false,"einspalter_text_subtitle":"","einspalter_text_content":"Per sofort oder nach Vereinbarung suchen wir eine zuverl\u00e4ssige Pers\u00f6nlichkeit in unserer Einkaufsabteilung. Die Koordination unserer Importe aus aller Welt, die Optimierung logistischer Prozesse und die Kontakte mit unseren Weing\u00fctern bereiten Ihnen grosse Freude, wie auch das Management von Bestellungen aus dem In- und Ausland. Behalten Sie auch in hektischen Zeiten den \u00dcberblick? Arbeiten Sie genau und strukturiert und sind Sie ein Teamplayer? Fasziniert Sie internationale\/fremdsprachliche Kommunikation?\r\n<p class=\"p2\">Willkommen bei der Weinhandlung Martel.<\/p>\r\n&nbsp;\r\n<h2 class=\"p2\">Wer wir sind <b><\/b><\/h2>\r\n<p class=\"p2\">Als f\u00fchrende Weinhandlung mit einem Team von f\u00fcnfzig Mitarbeitenden haben wir uns mit Leidenschaft der sinnlichen Weinkultur verschrieben. Wir importieren ein breites Sortiment f\u00fcr unsere Privat- und Gastronomiekundschaft in der ganzen Schweiz und verbinden somit die Winzer, das Handwerk sowie die Weine mit Weinliebhabern. Unsere Weine hinterlassen Eindruck.<\/p>\r\n<p class=\"p2\">Sie erwartet eine vielseitige T\u00e4tigkeit mit hoher Eigenst\u00e4ndigkeit in einem Unternehmen mit starken Wurzeln. Ein moderner Arbeitsplatz sowie Weiterbildungsm\u00f6glichkeiten sind eine Selbstverst\u00e4ndlichkeit.<\/p>\r\n&nbsp;\r\n<h2 class=\"p2\">Ihre Kompetenzen<b><\/b><\/h2>\r\n<ul>\r\n \t<li>Kaufm\u00e4nnische Ausbildung oder vergleichbarer Hintergrund (z.B. Hotelfachschule)<\/li>\r\n \t<li>Weiterbildungen im Einkauf, in der Beschaffung oder in verwandten Bereichen sind von Vorteil<\/li>\r\n \t<li>Versierter Umgang mit MS Office, insbesondere Word und Excel, sowie Erfahrung mit ERP-Systemen (idealerweise Abacus)<\/li>\r\n \t<li>Berufserfahrung im Einkauf, in der Logistik oder im Supply Chain Management, sowie Kenntnisse in der Weinbranche sind ein Plus<\/li>\r\n \t<li>Sehr gute Deutsch- und Englischkenntnisse; Franz\u00f6sisch sowie Italienisch und Spanisch von Vorteil<\/li>\r\n \t<li>Ausgepr\u00e4gte Weinpassion; idealerweise Level WSET 3 oder \u00e4hnlich<\/li>\r\n \t<li>Strukturierte, effiziente und l\u00f6sungsorientierte Arbeitsweise mit hoher Eigenverantwortung<\/li>\r\n \t<li>Aufgeschlossene, zuverl\u00e4ssige und belastbare Pers\u00f6nlichkeit mit Teamgeist und Hands-on-Mentalit\u00e4t<\/li>\r\n<\/ul>\r\n&nbsp;\r\n<h2 class=\"p2\">Ihre Perspektiven<b><\/b><\/h2>\r\n<ul>\r\n \t<li>Sehr abwechslungsreiches Aufgabengebiet und Mitgestaltungsm\u00f6glichkeit in modernem Familienbetrieb<\/li>\r\n \t<li>Teamorientiertes Arbeitsumfeld mit kurzen Entscheidungswegen<\/li>\r\n \t<li>Attraktive Anstellungsbedingungen mit \u00fcberdurchschnittlichen Leistungen<\/li>\r\n \t<li>F\u00f6rderung Aus- und Weiterbildungen<\/li>\r\n<\/ul>\r\n&nbsp;\r\n<h2 class=\"p2\">Das klingt nach Ihnen? <b><\/b><\/h2>\r\n<p class=\"p2\">Wir freuen uns auf Ihren Lebenslauf inkl. Motivationsschreiben, Arbeitszeugnissen und Foto per E-Mail an:<\/p>\r\n<p class=\"p2\">Philippe Gallusser\r\nLeiter Einkauf\r\n<a href=\"mailto:matern@martel.ch\">gallusser@martel.ch<\/a><\/p>","einspalter_bgcolor":false,"einspalter_layout_lines_top_bottom":false,"einspalter_collapse":false}]},"yoast_head":"<!-- This site is optimized with the Yoast SEO plugin v27.5 - https:\/\/yoast.com\/product\/yoast-seo-wordpress\/ -->\n<title>\u00a0Mitarbeiter Einkauf (m\/w\/d) Martel Weine St.Gallen und Z\u00fcrich<\/title>\n<meta name=\"description\" content=\"\u00a0Mitarbeiter Einkauf (m\/w\/d) - Bist du unser neues Team-Mitglied? Wir freuen uns auf deine Bewerbung.\" \/>\n<meta name=\"robots\" content=\"index, follow, max-snippet:-1, max-image-preview:large, max-video-preview:-1\" \/>\n<link rel=\"canonical\" href=\"https:\/\/www.martel.ch\/cms\/martel\/team\/mitarbeiter-einkauf-m-w-d\/\" \/>\n<meta property=\"og:locale\" content=\"de_DE\" \/>\n<meta property=\"og:type\" content=\"article\" \/>\n<meta property=\"og:title\" content=\"\u00a0Mitarbeiter Einkauf (m\/w\/d) Martel Weine St.Gallen und Z\u00fcrich\" \/>\n<meta property=\"og:description\" content=\"\u00a0Mitarbeiter Einkauf (m\/w\/d) - Bist du unser neues Team-Mitglied? Wir freuen uns auf deine Bewerbung.\" \/>\n<meta property=\"og:url\" content=\"https:\/\/www.martel.ch\/cms\/martel\/team\/mitarbeiter-einkauf-m-w-d\/\" \/>\n<meta property=\"og:site_name\" content=\"Martel\" \/>\n<meta property=\"article:publisher\" content=\"https:\/\/www.facebook.com\/pages\/Martel-AG-St-Gallen\/233396026691876\" \/>\n<meta property=\"article:modified_time\" content=\"2026-01-16T15:44:47+00:00\" \/>\n<meta property=\"og:image\" content=\"https:\/\/www.martel.ch\/cms\/wp-content\/uploads\/2025\/11\/martel-glass-grassl-stimmungsbild.jpg\" \/>\n\t<meta property=\"og:image:width\" content=\"2000\" \/>\n\t<meta property=\"og:image:height\" content=\"1333\" \/>\n\t<meta property=\"og:image:type\" content=\"image\/jpeg\" \/>\n<meta name=\"twitter:card\" content=\"summary_large_image\" \/>\n<meta name=\"twitter:site\" content=\"@martel_weinwelt\" \/>\n<meta name=\"twitter:label1\" content=\"Written by\" \/>\n\t<meta name=\"twitter:data1\" content=\"Martel Weinwelt\" \/>\n<script type=\"application\/ld+json\" class=\"yoast-schema-graph\">{\"@context\":\"https:\\\/\\\/schema.org\",\"@graph\":[{\"@type\":\"WebPage\",\"@id\":\"https:\\\/\\\/www.martel.ch\\\/cms\\\/martel\\\/team\\\/mitarbeiter-einkauf-m-w-d\\\/\",\"url\":\"https:\\\/\\\/www.martel.ch\\\/cms\\\/martel\\\/team\\\/mitarbeiter-einkauf-m-w-d\\\/\",\"name\":\"\u00a0Mitarbeiter Einkauf (m\\\/w\\\/d) Martel Weine St.Gallen und Z\u00fcrich\",\"isPartOf\":{\"@id\":\"https:\\\/\\\/www.martel.ch\\\/cms\\\/#website\"},\"primaryImageOfPage\":{\"@id\":\"https:\\\/\\\/www.martel.ch\\\/cms\\\/martel\\\/team\\\/mitarbeiter-einkauf-m-w-d\\\/#primaryimage\"},\"image\":{\"@id\":\"https:\\\/\\\/www.martel.ch\\\/cms\\\/martel\\\/team\\\/mitarbeiter-einkauf-m-w-d\\\/#primaryimage\"},\"thumbnailUrl\":\"https:\\\/\\\/www.martel.ch\\\/cms\\\/wp-content\\\/uploads\\\/2025\\\/11\\\/martel-glass-grassl-stimmungsbild.jpg\",\"datePublished\":\"2026-01-16T15:44:46+00:00\",\"dateModified\":\"2026-01-16T15:44:47+00:00\",\"description\":\"\u00a0Mitarbeiter Einkauf (m\\\/w\\\/d) - Bist du unser neues Team-Mitglied? Wir freuen uns auf deine Bewerbung.\",\"breadcrumb\":{\"@id\":\"https:\\\/\\\/www.martel.ch\\\/cms\\\/martel\\\/team\\\/mitarbeiter-einkauf-m-w-d\\\/#breadcrumb\"},\"inLanguage\":\"de-CH\",\"potentialAction\":[{\"@type\":\"ReadAction\",\"target\":[\"https:\\\/\\\/www.martel.ch\\\/cms\\\/martel\\\/team\\\/mitarbeiter-einkauf-m-w-d\\\/\"]}]},{\"@type\":\"ImageObject\",\"inLanguage\":\"de-CH\",\"@id\":\"https:\\\/\\\/www.martel.ch\\\/cms\\\/martel\\\/team\\\/mitarbeiter-einkauf-m-w-d\\\/#primaryimage\",\"url\":\"https:\\\/\\\/www.martel.ch\\\/cms\\\/wp-content\\\/uploads\\\/2025\\\/11\\\/martel-glass-grassl-stimmungsbild.jpg\",\"contentUrl\":\"https:\\\/\\\/www.martel.ch\\\/cms\\\/wp-content\\\/uploads\\\/2025\\\/11\\\/martel-glass-grassl-stimmungsbild.jpg\",\"width\":2000,\"height\":1333,\"caption\":\"Grassl Glass\"},{\"@type\":\"BreadcrumbList\",\"@id\":\"https:\\\/\\\/www.martel.ch\\\/cms\\\/martel\\\/team\\\/mitarbeiter-einkauf-m-w-d\\\/#breadcrumb\",\"itemListElement\":[{\"@type\":\"ListItem\",\"position\":1,\"name\":\"Startseite\",\"item\":\"https:\\\/\\\/www.martel.ch\\\/cms\\\/\"},{\"@type\":\"ListItem\",\"position\":2,\"name\":\"Martel\",\"item\":\"https:\\\/\\\/www.martel.ch\\\/cms\\\/martel\\\/\"},{\"@type\":\"ListItem\",\"position\":3,\"name\":\"Team\",\"item\":\"https:\\\/\\\/www.martel.ch\\\/cms\\\/martel\\\/team\\\/\"},{\"@type\":\"ListItem\",\"position\":4,\"name\":\"\u00a0Mitarbeiter Einkauf (m\\\/w\\\/d)\"}]},{\"@type\":\"WebSite\",\"@id\":\"https:\\\/\\\/www.martel.ch\\\/cms\\\/#website\",\"url\":\"https:\\\/\\\/www.martel.ch\\\/cms\\\/\",\"name\":\"Martel\",\"description\":\"F\u00fcr Weinbegeisterte und die, die es werden m\u00f6chten.\",\"publisher\":{\"@id\":\"https:\\\/\\\/www.martel.ch\\\/cms\\\/#organization\"},\"potentialAction\":[{\"@type\":\"SearchAction\",\"target\":{\"@type\":\"EntryPoint\",\"urlTemplate\":\"https:\\\/\\\/www.martel.ch\\\/cms\\\/?s={search_term_string}\"},\"query-input\":{\"@type\":\"PropertyValueSpecification\",\"valueRequired\":true,\"valueName\":\"search_term_string\"}}],\"inLanguage\":\"de-CH\"},{\"@type\":\"Organization\",\"@id\":\"https:\\\/\\\/www.martel.ch\\\/cms\\\/#organization\",\"name\":\"Martel AG St.Gallen\",\"url\":\"https:\\\/\\\/www.martel.ch\\\/cms\\\/\",\"logo\":{\"@type\":\"ImageObject\",\"inLanguage\":\"de-CH\",\"@id\":\"https:\\\/\\\/www.martel.ch\\\/cms\\\/#\\\/schema\\\/logo\\\/image\\\/\",\"url\":\"https:\\\/\\\/www.martel.ch\\\/cms\\\/wp-content\\\/uploads\\\/2019\\\/02\\\/martel-logo.png\",\"contentUrl\":\"https:\\\/\\\/www.martel.ch\\\/cms\\\/wp-content\\\/uploads\\\/2019\\\/02\\\/martel-logo.png\",\"width\":600,\"height\":600,\"caption\":\"Martel AG St.Gallen\"},\"image\":{\"@id\":\"https:\\\/\\\/www.martel.ch\\\/cms\\\/#\\\/schema\\\/logo\\\/image\\\/\"},\"sameAs\":[\"https:\\\/\\\/www.facebook.com\\\/pages\\\/Martel-AG-St-Gallen\\\/233396026691876\",\"https:\\\/\\\/x.com\\\/martel_weinwelt\",\"https:\\\/\\\/www.instagram.com\\\/martel_weinwelt\\\/\",\"https:\\\/\\\/www.linkedin.com\\\/company\\\/martel-ag-st-gallen\",\"https:\\\/\\\/www.pinterest.ch\\\/martel_weinwelt\"]}]}<\/script>\n<!-- \/ Yoast SEO plugin. -->","yoast_head_json":{"title":"\u00a0Mitarbeiter Einkauf (m\/w\/d) Martel Weine St.Gallen und Z\u00fcrich","description":"\u00a0Mitarbeiter Einkauf (m\/w\/d) - Bist du unser neues Team-Mitglied? Wir freuen uns auf deine Bewerbung.","robots":{"index":"index","follow":"follow","max-snippet":"max-snippet:-1","max-image-preview":"max-image-preview:large","max-video-preview":"max-video-preview:-1"},"canonical":"https:\/\/www.martel.ch\/cms\/martel\/team\/mitarbeiter-einkauf-m-w-d\/","og_locale":"de_DE","og_type":"article","og_title":"\u00a0Mitarbeiter Einkauf (m\/w\/d) Martel Weine St.Gallen und Z\u00fcrich","og_description":"\u00a0Mitarbeiter Einkauf (m\/w\/d) - Bist du unser neues Team-Mitglied? Wir freuen uns auf deine Bewerbung.","og_url":"https:\/\/www.martel.ch\/cms\/martel\/team\/mitarbeiter-einkauf-m-w-d\/","og_site_name":"Martel","article_publisher":"https:\/\/www.facebook.com\/pages\/Martel-AG-St-Gallen\/233396026691876","article_modified_time":"2026-01-16T15:44:47+00:00","og_image":[{"width":2000,"height":1333,"url":"https:\/\/www.martel.ch\/cms\/wp-content\/uploads\/2025\/11\/martel-glass-grassl-stimmungsbild.jpg","type":"image\/jpeg"}],"twitter_card":"summary_large_image","twitter_site":"@martel_weinwelt","twitter_misc":{"Written by":"Martel Weinwelt"},"schema":{"@context":"https:\/\/schema.org","@graph":[{"@type":"WebPage","@id":"https:\/\/www.martel.ch\/cms\/martel\/team\/mitarbeiter-einkauf-m-w-d\/","url":"https:\/\/www.martel.ch\/cms\/martel\/team\/mitarbeiter-einkauf-m-w-d\/","name":"\u00a0Mitarbeiter Einkauf (m\/w\/d) Martel Weine St.Gallen und Z\u00fcrich","isPartOf":{"@id":"https:\/\/www.martel.ch\/cms\/#website"},"primaryImageOfPage":{"@id":"https:\/\/www.martel.ch\/cms\/martel\/team\/mitarbeiter-einkauf-m-w-d\/#primaryimage"},"image":{"@id":"https:\/\/www.martel.ch\/cms\/martel\/team\/mitarbeiter-einkauf-m-w-d\/#primaryimage"},"thumbnailUrl":"https:\/\/www.martel.ch\/cms\/wp-content\/uploads\/2025\/11\/martel-glass-grassl-stimmungsbild.jpg","datePublished":"2026-01-16T15:44:46+00:00","dateModified":"2026-01-16T15:44:47+00:00","description":"\u00a0Mitarbeiter Einkauf (m\/w\/d) - Bist du unser neues Team-Mitglied? Wir freuen uns auf deine Bewerbung.","breadcrumb":{"@id":"https:\/\/www.martel.ch\/cms\/martel\/team\/mitarbeiter-einkauf-m-w-d\/#breadcrumb"},"inLanguage":"de-CH","potentialAction":[{"@type":"ReadAction","target":["https:\/\/www.martel.ch\/cms\/martel\/team\/mitarbeiter-einkauf-m-w-d\/"]}]},{"@type":"ImageObject","inLanguage":"de-CH","@id":"https:\/\/www.martel.ch\/cms\/martel\/team\/mitarbeiter-einkauf-m-w-d\/#primaryimage","url":"https:\/\/www.martel.ch\/cms\/wp-content\/uploads\/2025\/11\/martel-glass-grassl-stimmungsbild.jpg","contentUrl":"https:\/\/www.martel.ch\/cms\/wp-content\/uploads\/2025\/11\/martel-glass-grassl-stimmungsbild.jpg","width":2000,"height":1333,"caption":"Grassl Glass"},{"@type":"BreadcrumbList","@id":"https:\/\/www.martel.ch\/cms\/martel\/team\/mitarbeiter-einkauf-m-w-d\/#breadcrumb","itemListElement":[{"@type":"ListItem","position":1,"name":"Startseite","item":"https:\/\/www.martel.ch\/cms\/"},{"@type":"ListItem","position":2,"name":"Martel","item":"https:\/\/www.martel.ch\/cms\/martel\/"},{"@type":"ListItem","position":3,"name":"Team","item":"https:\/\/www.martel.ch\/cms\/martel\/team\/"},{"@type":"ListItem","position":4,"name":"\u00a0Mitarbeiter Einkauf (m\/w\/d)"}]},{"@type":"WebSite","@id":"https:\/\/www.martel.ch\/cms\/#website","url":"https:\/\/www.martel.ch\/cms\/","name":"Martel","description":"F\u00fcr Weinbegeisterte und die, die es werden m\u00f6chten.","publisher":{"@id":"https:\/\/www.martel.ch\/cms\/#organization"},"potentialAction":[{"@type":"SearchAction","target":{"@type":"EntryPoint","urlTemplate":"https:\/\/www.martel.ch\/cms\/?s={search_term_string}"},"query-input":{"@type":"PropertyValueSpecification","valueRequired":true,"valueName":"search_term_string"}}],"inLanguage":"de-CH"},{"@type":"Organization","@id":"https:\/\/www.martel.ch\/cms\/#organization","name":"Martel AG St.Gallen","url":"https:\/\/www.martel.ch\/cms\/","logo":{"@type":"ImageObject","inLanguage":"de-CH","@id":"https:\/\/www.martel.ch\/cms\/#\/schema\/logo\/image\/","url":"https:\/\/www.martel.ch\/cms\/wp-content\/uploads\/2019\/02\/martel-logo.png","contentUrl":"https:\/\/www.martel.ch\/cms\/wp-content\/uploads\/2019\/02\/martel-logo.png","width":600,"height":600,"caption":"Martel AG St.Gallen"},"image":{"@id":"https:\/\/www.martel.ch\/cms\/#\/schema\/logo\/image\/"},"sameAs":["https:\/\/www.facebook.com\/pages\/Martel-AG-St-Gallen\/233396026691876","https:\/\/x.com\/martel_weinwelt","https:\/\/www.instagram.com\/martel_weinwelt\/","https:\/\/www.linkedin.com\/company\/martel-ag-st-gallen","https:\/\/www.pinterest.ch\/martel_weinwelt"]}]}},"_links":{"self":[{"href":"https:\/\/www.martel.ch\/cms\/wp-json\/wp\/v2\/pages\/32174","targetHints":{"allow":["GET"]}}],"collection":[{"href":"https:\/\/www.martel.ch\/cms\/wp-json\/wp\/v2\/pages"}],"about":[{"href":"https:\/\/www.martel.ch\/cms\/wp-json\/wp\/v2\/types\/page"}],"author":[{"embeddable":true,"href":"https:\/\/www.martel.ch\/cms\/wp-json\/wp\/v2\/users\/43"}],"replies":[{"embeddable":true,"href":"https:\/\/www.martel.ch\/cms\/wp-json\/wp\/v2\/comments?post=32174"}],"version-history":[{"count":2,"href":"https:\/\/www.martel.ch\/cms\/wp-json\/wp\/v2\/pages\/32174\/revisions"}],"predecessor-version":[{"id":32177,"href":"https:\/\/www.martel.ch\/cms\/wp-json\/wp\/v2\/pages\/32174\/revisions\/32177"}],"up":[{"embeddable":true,"href":"https:\/\/www.martel.ch\/cms\/wp-json\/wp\/v2\/pages\/2969"}],"wp:featuredmedia":[{"embeddable":true,"href":"https:\/\/www.martel.ch\/cms\/wp-json\/wp\/v2\/media\/31312"}],"wp:attachment":[{"href":"https:\/\/www.martel.ch\/cms\/wp-json\/wp\/v2\/media?parent=32174"}],"wp:term":[{"taxonomy":"category","embeddable":true,"href":"https:\/\/www.martel.ch\/cms\/wp-json\/wp\/v2\/categories?post=32174"},{"taxonomy":"author","embeddable":true,"href":"https:\/\/www.martel.ch\/cms\/wp-json\/wp\/v2\/coauthors?post=32174"}],"curies":[{"name":"wp","href":"https:\/\/api.w.org\/{rel}","templated":true}]}}