{"id":32786,"date":"2026-04-16T12:06:55","date_gmt":"2026-04-16T10:06:55","guid":{"rendered":"https:\/\/www.martel.ch\/cms\/?page_id=32786"},"modified":"2026-04-21T08:58:07","modified_gmt":"2026-04-21T06:58:07","slug":"jahreszyklus-der-rebe","status":"publish","type":"page","link":"https:\/\/www.martel.ch\/cms\/weinwissen\/jahreszyklus-der-rebe\/","title":{"rendered":"Jahreszyklus der Rebe"},"content":{"rendered":"","protected":false},"excerpt":{"rendered":"","protected":false},"author":1,"featured_media":32803,"parent":6709,"menu_order":1,"comment_status":"closed","ping_status":"closed","template":"","meta":{"_acf_changed":false,"inline_featured_image":false,"footnotes":""},"categories":[],"coauthors":[497],"class_list":["post-32786","page","type-page","status-publish","has-post-thumbnail","hentry"],"acf":{"inhaltselemente":[{"acf_fc_layout":"einspalter_text","einspalter_text_titel":"Was ist der Jahreszyklus der Rebe?","einspalter_text_titel_typ":"1","einspalter_text_titel_fake":false,"einspalter_text_subtitle":"","einspalter_text_content":"Dieser Jahreszyklus zeigt, wie die Rebe im Rhythmus der Natur arbeitet und sich jedes Jahr neu entfaltet. Sie durchlebt folgende Phasen in einem Jahr:\r\n<ul>\r\n \t<li>Winterruhe<\/li>\r\n \t<li>Rebschnitt<\/li>\r\n \t<li>Austrieb<\/li>\r\n \t<li>Bl\u00fcte<\/li>\r\n \t<li>Fruchtansatz<\/li>\r\n \t<li>Gr\u00fcnlese<\/li>\r\n \t<li>Reife<\/li>\r\n \t<li>Ernte<\/li>\r\n<\/ul>\r\nNachfolgend erfahren Sie mehr dazu. Im beliebten <a href=\"https:\/\/www.martel.ch\/cms\/events\/weinkurse\/weinkurs-basic\/\">Weinkurs Basic<\/a> lernen interessierte Weingeniesser noch viel mehr \u00fcber die \u00e4usseren Einfl\u00fcsse im Rebberg: Klima, Wetter, Bodenbeschaffenheit, Reberziehung, etc.","einspalter_bgcolor":false,"einspalter_layout_lines_top_bottom":false,"einspalter_collapse":false},{"acf_fc_layout":"image_text","image_text_titel":"Winterruhe","image_text_titel_typ":"2","image_text_titel_fake":false,"image_text_link":"","image_text_link_area":false,"image_text_content":"Im Winter kehrt Stille im Rebberg ein. Nach dem Blattfall sammelt die Rebe ihre Energie in Holz und Wurzeln, das Wachstum ruht. K\u00e4lte und Frost sind in dieser Phase kein Problem, im Gegenteil: Sie st\u00e4rken das Holz und verringern den Sch\u00e4dlingsdruck.","image_text_bild":32841,"image_text_video":"","image_text_position_bild":"left","image_text_bgcolor":false},{"acf_fc_layout":"image_text","image_text_titel":"Rebschnitt","image_text_titel_typ":"2","image_text_titel_fake":false,"image_text_link":"","image_text_link_area":false,"image_text_content":"Jetzt ist die Zeit f\u00fcr den Rebschnitt. Alte Triebe werden entfernt, damit neue wachsen k\u00f6nnen. Dieser Eingriff ist Grundlage f\u00fcr die kommende Saison. Ein entscheidender Schritt, um Ertrag zu steuern und Qualit\u00e4t zu sichern.\r\n\r\n&nbsp;","image_text_bild":32842,"image_text_video":"","image_text_position_bild":"left","image_text_bgcolor":false},{"acf_fc_layout":"image_text","image_text_titel":"Austrieb","image_text_titel_typ":"2","image_text_titel_fake":false,"image_text_link":"","image_text_link_area":false,"image_text_content":"Mit dem Fr\u00fchling erwacht die Rebe. Knospen \u00f6ffnen sich, erste gr\u00fcne Bl\u00e4ttchen erscheinen. Rasch entwickeln sich die jungen Triebe und schaffen die Basis f\u00fcr Bl\u00e4tter und Bl\u00fcten. Der neue Vegetationszyklus beginnt.","image_text_bild":32843,"image_text_video":"","image_text_position_bild":"left","image_text_bgcolor":false},{"acf_fc_layout":"image_text","image_text_titel":"Bl\u00fcte","image_text_titel_typ":"2","image_text_titel_fake":false,"image_text_link":"","image_text_link_area":false,"image_text_content":"<p class=\"p1\">Aus den Knospen entstehen unscheinbare Bl\u00fcten. Meist best\u00e4uben sie sich selbst, unterst\u00fctzt durch Wind und Insekten. In dieser sensiblen Phase entscheidet sich, wie viele Beeren pro Traube heranwachsen. Witterungseinfl\u00fcsse pr\u00e4gen den Fruchtansatz und damit den sp\u00e4teren Ertrag.<\/p>","image_text_bild":32844,"image_text_video":"","image_text_position_bild":"left","image_text_bgcolor":false},{"acf_fc_layout":"image_text","image_text_titel":"Fruchtansatz","image_text_titel_typ":"2","image_text_titel_fake":false,"image_text_link":"","image_text_link_area":false,"image_text_content":"Ein entscheidender Moment. Nach der Bl\u00fcte wird klar, wie ergiebig die Lese ausfallen wird. Denn nur ein Teil der Bl\u00fcten entwickelt sich zu Beeren, abh\u00e4ngig von Wetter und N\u00e4hrstoffversorgung. W\u00e4rme und Trockenheit f\u00f6rdern den Ansatz, Regen und K\u00e4lte hemmen ihn. Der Fruchtansatz beeinflusst nicht nur die Menge der Trauben, sondern auch deren Konzentration und Aromatik.","image_text_bild":32845,"image_text_video":"","image_text_position_bild":"left","image_text_bgcolor":false},{"acf_fc_layout":"image_text","image_text_titel":"Gr\u00fcnlese","image_text_titel_typ":"2","image_text_titel_fake":false,"image_text_link":"","image_text_link_area":false,"image_text_content":"Freiwilliger Verzicht f\u00fcr eine bessere Zukunft. Bei der Gr\u00fcnlese entfernen Winzerinnen und Winzer einen Teil der Trauben, noch bevor sie reifen. Sie sehen den Eingriff nicht als Verlust, sondern als Investition in die Qualit\u00e4t. Die verbleibenden Beeren werden besser versorgt, gewinnen an Intensit\u00e4t, Reife und Balance. Gleichzeitig verbessert sich die Durch- l\u00fcftung der Trauben, was gut ist gegen F\u00e4ulnis.","image_text_bild":32846,"image_text_video":"","image_text_position_bild":"left","image_text_bgcolor":false},{"acf_fc_layout":"image_text","image_text_titel":"Reife","image_text_titel_typ":"2","image_text_titel_fake":false,"image_text_link":"","image_text_link_area":false,"image_text_content":"<p class=\"p1\">Nach dem Farbwechsel setzt die physiologische Reife ein: Zucker steigt, S\u00e4ure sinkt, Aromen entfalten sich, die Gerbstoffe werden geschmeidiger. Entscheidend ist die Balance. Die sogenannte phenolische\/geschmackliche Reife bestimmt den Charakter und die Qualit\u00e4t des Weins.<\/p>","image_text_bild":32847,"image_text_video":"","image_text_position_bild":"left","image_text_bgcolor":false},{"acf_fc_layout":"image_text","image_text_titel":"Ernte","image_text_titel_typ":"2","image_text_titel_fake":false,"image_text_link":"","image_text_link_area":false,"image_text_content":"Der richtige Zeitpunkt der Lese ist der letzte kritische Schritt im Rebbau. Die Trauben sollen richtig sch\u00f6n reif sein, das heisst gen\u00fcgend s\u00fcss und auch aromatisch\/phenolisch voll entwickelt. Gleichzeitig muss das Erntewetter passen. Regen verw\u00e4ssert den Most. Winzerinnen und Winzer stehen manchmal vor grossen Entscheidungen: Lieber etwas zu fr\u00fch ernten, um dem Unwetter zuvorzukommen, oder abwarten und der Qualit\u00e4t willen einen gr\u00f6sseren Schaden riskieren?","image_text_bild":32848,"image_text_video":"","image_text_position_bild":"left","image_text_bgcolor":false},{"acf_fc_layout":"image_image_text","image_image_text_titel_left":"Sommerweine ","image_image_text_titel_typ_left":"2","image_image_text_titel_fake_left":false,"image_image_text_link_left":{"title":"Zur Aktion","url":"https:\/\/www.martel.ch\/","target":""},"image_image_text_link_left_area":false,"image_image_text_bild_left":32820,"image_image_text_content_left":"W\u00e4hrend in den Rebbergen die Trauben gedeihen, geniessen wir die Weine vergangener Jahrg\u00e4nge.","image_image_text_video_left":"","image_image_text_teaser_left":{"image_image_text_teaser_left_titel":"","image_image_text_teaser_left_titel_typ":"2","image_image_text_teaser_left_titel_fake":false,"image_image_text_teaser_left_link":""},"image_image_text_icon_left":"","image_image_text_icon_bg_left":"martel-rot","image_image_text_titel_right":"Weinkurse Basic & Deep Dives","image_image_text_titel_typ_right":"2","image_image_text_titel_fake_right":false,"image_image_text_link_right":{"title":"Jetzt anmelden","url":"https:\/\/www.martel.ch\/cms\/events\/weinkurse\/","target":""},"image_image_text_link_right_area":false,"image_image_text_bild_right":28553,"image_image_text_content_right":"Gerne geben wir unser Weinwissen weiter. Mit den Martel Weinkursen Basic und Deep Dive vermitteln wir Freude am Wein.","image_image_text_video_right":"","image_image_text_teaser_right":{"image_image_text_teaser_right_titel":"","image_image_text_teaser_right_titel_typ":"2","image_image_text_teaser_right_titel_fake":false,"image_image_text_teaser_right_link":""},"image_image_text_icon_right":"","image_image_text_icon_bg_right":"martel-rot","image_image_text_offset":true,"image_image_text_bgcolor":true}]},"yoast_head":"<!-- This site is optimized with the Yoast SEO plugin v27.4 - https:\/\/yoast.com\/product\/yoast-seo-wordpress\/ -->\n<title>Jahreszyklus der Rebe | Alle Weinaromen | Weincharakteristika<\/title>\n<meta name=\"description\" content=\"Dieser Jahreszyklus zeigt, wie die Rebe im Rhythmus der Natur arbeitet und sich jedes Jahr neu entfaltet.\" \/>\n<meta name=\"robots\" content=\"index, follow, max-snippet:-1, max-image-preview:large, max-video-preview:-1\" \/>\n<link rel=\"canonical\" href=\"https:\/\/www.martel.ch\/cms\/weinwissen\/jahreszyklus-der-rebe\/\" \/>\n<meta property=\"og:locale\" content=\"de_DE\" \/>\n<meta property=\"og:type\" content=\"article\" \/>\n<meta property=\"og:title\" content=\"Jahreszyklus der Rebe | Alle Weinaromen | Weincharakteristika\" \/>\n<meta property=\"og:description\" content=\"Dieser Jahreszyklus zeigt, wie die Rebe im Rhythmus der Natur arbeitet und sich jedes Jahr neu entfaltet.\" \/>\n<meta property=\"og:url\" content=\"https:\/\/www.martel.ch\/cms\/weinwissen\/jahreszyklus-der-rebe\/\" \/>\n<meta property=\"og:site_name\" content=\"Martel\" \/>\n<meta property=\"article:publisher\" content=\"https:\/\/www.facebook.com\/pages\/Martel-AG-St-Gallen\/233396026691876\" \/>\n<meta property=\"article:modified_time\" content=\"2026-04-21T06:58:07+00:00\" \/>\n<meta property=\"og:image\" content=\"https:\/\/www.martel.ch\/cms\/wp-content\/uploads\/2026\/04\/martel-weinmaleins-reben-jahreszyklus.jpg\" \/>\n\t<meta property=\"og:image:width\" content=\"2000\" \/>\n\t<meta property=\"og:image:height\" content=\"1333\" \/>\n\t<meta property=\"og:image:type\" content=\"image\/jpeg\" \/>\n<meta name=\"twitter:card\" content=\"summary_large_image\" \/>\n<meta name=\"twitter:site\" content=\"@martel_weinwelt\" \/>\n<meta name=\"twitter:label1\" content=\"Written by\" \/>\n\t<meta name=\"twitter:data1\" content=\"Martel Weinwelt\" \/>\n<script type=\"application\/ld+json\" class=\"yoast-schema-graph\">{\"@context\":\"https:\\\/\\\/schema.org\",\"@graph\":[{\"@type\":\"WebPage\",\"@id\":\"https:\\\/\\\/www.martel.ch\\\/cms\\\/weinwissen\\\/jahreszyklus-der-rebe\\\/\",\"url\":\"https:\\\/\\\/www.martel.ch\\\/cms\\\/weinwissen\\\/jahreszyklus-der-rebe\\\/\",\"name\":\"Jahreszyklus der Rebe | Alle Weinaromen | Weincharakteristika\",\"isPartOf\":{\"@id\":\"https:\\\/\\\/www.martel.ch\\\/cms\\\/#website\"},\"primaryImageOfPage\":{\"@id\":\"https:\\\/\\\/www.martel.ch\\\/cms\\\/weinwissen\\\/jahreszyklus-der-rebe\\\/#primaryimage\"},\"image\":{\"@id\":\"https:\\\/\\\/www.martel.ch\\\/cms\\\/weinwissen\\\/jahreszyklus-der-rebe\\\/#primaryimage\"},\"thumbnailUrl\":\"https:\\\/\\\/www.martel.ch\\\/cms\\\/wp-content\\\/uploads\\\/2026\\\/04\\\/martel-weinmaleins-reben-jahreszyklus.jpg\",\"datePublished\":\"2026-04-16T10:06:55+00:00\",\"dateModified\":\"2026-04-21T06:58:07+00:00\",\"description\":\"Dieser Jahreszyklus zeigt, wie die Rebe im Rhythmus der Natur arbeitet und sich jedes Jahr neu entfaltet.\",\"breadcrumb\":{\"@id\":\"https:\\\/\\\/www.martel.ch\\\/cms\\\/weinwissen\\\/jahreszyklus-der-rebe\\\/#breadcrumb\"},\"inLanguage\":\"de-CH\",\"potentialAction\":[{\"@type\":\"ReadAction\",\"target\":[\"https:\\\/\\\/www.martel.ch\\\/cms\\\/weinwissen\\\/jahreszyklus-der-rebe\\\/\"]}]},{\"@type\":\"ImageObject\",\"inLanguage\":\"de-CH\",\"@id\":\"https:\\\/\\\/www.martel.ch\\\/cms\\\/weinwissen\\\/jahreszyklus-der-rebe\\\/#primaryimage\",\"url\":\"https:\\\/\\\/www.martel.ch\\\/cms\\\/wp-content\\\/uploads\\\/2026\\\/04\\\/martel-weinmaleins-reben-jahreszyklus.jpg\",\"contentUrl\":\"https:\\\/\\\/www.martel.ch\\\/cms\\\/wp-content\\\/uploads\\\/2026\\\/04\\\/martel-weinmaleins-reben-jahreszyklus.jpg\",\"width\":2000,\"height\":1333,\"caption\":\"Jahreszyklus Weinreben\"},{\"@type\":\"BreadcrumbList\",\"@id\":\"https:\\\/\\\/www.martel.ch\\\/cms\\\/weinwissen\\\/jahreszyklus-der-rebe\\\/#breadcrumb\",\"itemListElement\":[{\"@type\":\"ListItem\",\"position\":1,\"name\":\"Startseite\",\"item\":\"https:\\\/\\\/www.martel.ch\\\/cms\\\/\"},{\"@type\":\"ListItem\",\"position\":2,\"name\":\"Weinwissen\",\"item\":\"https:\\\/\\\/www.martel.ch\\\/cms\\\/weinwissen\\\/\"},{\"@type\":\"ListItem\",\"position\":3,\"name\":\"Jahreszyklus der Rebe\"}]},{\"@type\":\"WebSite\",\"@id\":\"https:\\\/\\\/www.martel.ch\\\/cms\\\/#website\",\"url\":\"https:\\\/\\\/www.martel.ch\\\/cms\\\/\",\"name\":\"Martel\",\"description\":\"F\u00fcr Weinbegeisterte und die, die es werden m\u00f6chten.\",\"publisher\":{\"@id\":\"https:\\\/\\\/www.martel.ch\\\/cms\\\/#organization\"},\"potentialAction\":[{\"@type\":\"SearchAction\",\"target\":{\"@type\":\"EntryPoint\",\"urlTemplate\":\"https:\\\/\\\/www.martel.ch\\\/cms\\\/?s={search_term_string}\"},\"query-input\":{\"@type\":\"PropertyValueSpecification\",\"valueRequired\":true,\"valueName\":\"search_term_string\"}}],\"inLanguage\":\"de-CH\"},{\"@type\":\"Organization\",\"@id\":\"https:\\\/\\\/www.martel.ch\\\/cms\\\/#organization\",\"name\":\"Martel AG St.Gallen\",\"url\":\"https:\\\/\\\/www.martel.ch\\\/cms\\\/\",\"logo\":{\"@type\":\"ImageObject\",\"inLanguage\":\"de-CH\",\"@id\":\"https:\\\/\\\/www.martel.ch\\\/cms\\\/#\\\/schema\\\/logo\\\/image\\\/\",\"url\":\"https:\\\/\\\/www.martel.ch\\\/cms\\\/wp-content\\\/uploads\\\/2019\\\/02\\\/martel-logo.png\",\"contentUrl\":\"https:\\\/\\\/www.martel.ch\\\/cms\\\/wp-content\\\/uploads\\\/2019\\\/02\\\/martel-logo.png\",\"width\":600,\"height\":600,\"caption\":\"Martel AG St.Gallen\"},\"image\":{\"@id\":\"https:\\\/\\\/www.martel.ch\\\/cms\\\/#\\\/schema\\\/logo\\\/image\\\/\"},\"sameAs\":[\"https:\\\/\\\/www.facebook.com\\\/pages\\\/Martel-AG-St-Gallen\\\/233396026691876\",\"https:\\\/\\\/x.com\\\/martel_weinwelt\",\"https:\\\/\\\/www.instagram.com\\\/martel_weinwelt\\\/\",\"https:\\\/\\\/www.linkedin.com\\\/company\\\/martel-ag-st-gallen\",\"https:\\\/\\\/www.pinterest.ch\\\/martel_weinwelt\"]}]}<\/script>\n<!-- \/ Yoast SEO plugin. -->","yoast_head_json":{"title":"Jahreszyklus der Rebe | Alle Weinaromen | Weincharakteristika","description":"Dieser Jahreszyklus zeigt, wie die Rebe im Rhythmus der Natur arbeitet und sich jedes Jahr neu entfaltet.","robots":{"index":"index","follow":"follow","max-snippet":"max-snippet:-1","max-image-preview":"max-image-preview:large","max-video-preview":"max-video-preview:-1"},"canonical":"https:\/\/www.martel.ch\/cms\/weinwissen\/jahreszyklus-der-rebe\/","og_locale":"de_DE","og_type":"article","og_title":"Jahreszyklus der Rebe | Alle Weinaromen | Weincharakteristika","og_description":"Dieser Jahreszyklus zeigt, wie die Rebe im Rhythmus der Natur arbeitet und sich jedes Jahr neu entfaltet.","og_url":"https:\/\/www.martel.ch\/cms\/weinwissen\/jahreszyklus-der-rebe\/","og_site_name":"Martel","article_publisher":"https:\/\/www.facebook.com\/pages\/Martel-AG-St-Gallen\/233396026691876","article_modified_time":"2026-04-21T06:58:07+00:00","og_image":[{"width":2000,"height":1333,"url":"https:\/\/www.martel.ch\/cms\/wp-content\/uploads\/2026\/04\/martel-weinmaleins-reben-jahreszyklus.jpg","type":"image\/jpeg"}],"twitter_card":"summary_large_image","twitter_site":"@martel_weinwelt","twitter_misc":{"Written by":"Martel Weinwelt"},"schema":{"@context":"https:\/\/schema.org","@graph":[{"@type":"WebPage","@id":"https:\/\/www.martel.ch\/cms\/weinwissen\/jahreszyklus-der-rebe\/","url":"https:\/\/www.martel.ch\/cms\/weinwissen\/jahreszyklus-der-rebe\/","name":"Jahreszyklus der Rebe | Alle Weinaromen | Weincharakteristika","isPartOf":{"@id":"https:\/\/www.martel.ch\/cms\/#website"},"primaryImageOfPage":{"@id":"https:\/\/www.martel.ch\/cms\/weinwissen\/jahreszyklus-der-rebe\/#primaryimage"},"image":{"@id":"https:\/\/www.martel.ch\/cms\/weinwissen\/jahreszyklus-der-rebe\/#primaryimage"},"thumbnailUrl":"https:\/\/www.martel.ch\/cms\/wp-content\/uploads\/2026\/04\/martel-weinmaleins-reben-jahreszyklus.jpg","datePublished":"2026-04-16T10:06:55+00:00","dateModified":"2026-04-21T06:58:07+00:00","description":"Dieser Jahreszyklus zeigt, wie die Rebe im Rhythmus der Natur arbeitet und sich jedes Jahr neu entfaltet.","breadcrumb":{"@id":"https:\/\/www.martel.ch\/cms\/weinwissen\/jahreszyklus-der-rebe\/#breadcrumb"},"inLanguage":"de-CH","potentialAction":[{"@type":"ReadAction","target":["https:\/\/www.martel.ch\/cms\/weinwissen\/jahreszyklus-der-rebe\/"]}]},{"@type":"ImageObject","inLanguage":"de-CH","@id":"https:\/\/www.martel.ch\/cms\/weinwissen\/jahreszyklus-der-rebe\/#primaryimage","url":"https:\/\/www.martel.ch\/cms\/wp-content\/uploads\/2026\/04\/martel-weinmaleins-reben-jahreszyklus.jpg","contentUrl":"https:\/\/www.martel.ch\/cms\/wp-content\/uploads\/2026\/04\/martel-weinmaleins-reben-jahreszyklus.jpg","width":2000,"height":1333,"caption":"Jahreszyklus Weinreben"},{"@type":"BreadcrumbList","@id":"https:\/\/www.martel.ch\/cms\/weinwissen\/jahreszyklus-der-rebe\/#breadcrumb","itemListElement":[{"@type":"ListItem","position":1,"name":"Startseite","item":"https:\/\/www.martel.ch\/cms\/"},{"@type":"ListItem","position":2,"name":"Weinwissen","item":"https:\/\/www.martel.ch\/cms\/weinwissen\/"},{"@type":"ListItem","position":3,"name":"Jahreszyklus der Rebe"}]},{"@type":"WebSite","@id":"https:\/\/www.martel.ch\/cms\/#website","url":"https:\/\/www.martel.ch\/cms\/","name":"Martel","description":"F\u00fcr Weinbegeisterte und die, die es werden m\u00f6chten.","publisher":{"@id":"https:\/\/www.martel.ch\/cms\/#organization"},"potentialAction":[{"@type":"SearchAction","target":{"@type":"EntryPoint","urlTemplate":"https:\/\/www.martel.ch\/cms\/?s={search_term_string}"},"query-input":{"@type":"PropertyValueSpecification","valueRequired":true,"valueName":"search_term_string"}}],"inLanguage":"de-CH"},{"@type":"Organization","@id":"https:\/\/www.martel.ch\/cms\/#organization","name":"Martel AG St.Gallen","url":"https:\/\/www.martel.ch\/cms\/","logo":{"@type":"ImageObject","inLanguage":"de-CH","@id":"https:\/\/www.martel.ch\/cms\/#\/schema\/logo\/image\/","url":"https:\/\/www.martel.ch\/cms\/wp-content\/uploads\/2019\/02\/martel-logo.png","contentUrl":"https:\/\/www.martel.ch\/cms\/wp-content\/uploads\/2019\/02\/martel-logo.png","width":600,"height":600,"caption":"Martel AG St.Gallen"},"image":{"@id":"https:\/\/www.martel.ch\/cms\/#\/schema\/logo\/image\/"},"sameAs":["https:\/\/www.facebook.com\/pages\/Martel-AG-St-Gallen\/233396026691876","https:\/\/x.com\/martel_weinwelt","https:\/\/www.instagram.com\/martel_weinwelt\/","https:\/\/www.linkedin.com\/company\/martel-ag-st-gallen","https:\/\/www.pinterest.ch\/martel_weinwelt"]}]}},"_links":{"self":[{"href":"https:\/\/www.martel.ch\/cms\/wp-json\/wp\/v2\/pages\/32786","targetHints":{"allow":["GET"]}}],"collection":[{"href":"https:\/\/www.martel.ch\/cms\/wp-json\/wp\/v2\/pages"}],"about":[{"href":"https:\/\/www.martel.ch\/cms\/wp-json\/wp\/v2\/types\/page"}],"author":[{"embeddable":true,"href":"https:\/\/www.martel.ch\/cms\/wp-json\/wp\/v2\/users\/1"}],"replies":[{"embeddable":true,"href":"https:\/\/www.martel.ch\/cms\/wp-json\/wp\/v2\/comments?post=32786"}],"version-history":[{"count":9,"href":"https:\/\/www.martel.ch\/cms\/wp-json\/wp\/v2\/pages\/32786\/revisions"}],"predecessor-version":[{"id":32851,"href":"https:\/\/www.martel.ch\/cms\/wp-json\/wp\/v2\/pages\/32786\/revisions\/32851"}],"up":[{"embeddable":true,"href":"https:\/\/www.martel.ch\/cms\/wp-json\/wp\/v2\/pages\/6709"}],"wp:featuredmedia":[{"embeddable":true,"href":"https:\/\/www.martel.ch\/cms\/wp-json\/wp\/v2\/media\/32803"}],"wp:attachment":[{"href":"https:\/\/www.martel.ch\/cms\/wp-json\/wp\/v2\/media?parent=32786"}],"wp:term":[{"taxonomy":"category","embeddable":true,"href":"https:\/\/www.martel.ch\/cms\/wp-json\/wp\/v2\/categories?post=32786"},{"taxonomy":"author","embeddable":true,"href":"https:\/\/www.martel.ch\/cms\/wp-json\/wp\/v2\/coauthors?post=32786"}],"curies":[{"name":"wp","href":"https:\/\/api.w.org\/{rel}","templated":true}]}}