{"id":33128,"date":"2026-05-08T09:29:31","date_gmt":"2026-05-08T07:29:31","guid":{"rendered":"https:\/\/www.martel.ch\/cms\/?page_id=33128"},"modified":"2026-05-08T15:41:16","modified_gmt":"2026-05-08T13:41:16","slug":"burgund-jahrgangsbericht-2024","status":"publish","type":"page","link":"https:\/\/www.martel.ch\/cms\/weinwissen\/die-martel-burgund-welt\/burgund-jahrgangsbericht-2024\/","title":{"rendered":"Burgund-Jahrgangsbericht 2024"},"content":{"rendered":"","protected":false},"excerpt":{"rendered":"","protected":false},"author":52,"featured_media":33124,"parent":27348,"menu_order":0,"comment_status":"closed","ping_status":"closed","template":"","meta":{"_acf_changed":false,"inline_featured_image":false,"footnotes":""},"categories":[],"coauthors":[539],"class_list":["post-33128","page","type-page","status-publish","has-post-thumbnail","hentry"],"acf":{"inhaltselemente":[{"acf_fc_layout":"header","header_titel":"Burgund-Jahrgangsbericht 2024","header_typ":"1","header_fake":false,"header_subtitle":"","header_alignment":"left"},{"acf_fc_layout":"einspalter_text","einspalter_text_titel":"","einspalter_text_titel_typ":"2","einspalter_text_titel_fake":false,"einspalter_text_subtitle":"","einspalter_text_content":"Klein, aber oho. 2024 zeigt im Burgund Qualit\u00e4t statt Quantit\u00e4t. 2024 ist ein erstaunlicher Jahrgang. Die Weine gerieten herrlich elegant, doch das Wetter verlangte den Winzerinnen und Winzern alles ab. Der Schl\u00fcssel zum Erfolg lag in der sorgf\u00e4ltigen Arbeit im Rebberg und der rigorosen Selektion der Trauben. Entsprechend fiel die Erntemenge mehr als bescheiden aus. Daf\u00fcr d\u00fcrfen wir uns auf wundersch\u00f6ne, filigrane rote Burgunder 2024 freuen. Und die Weissweine des Jahrgangs besitzen eine wunderbar klare, kristalline Qualit\u00e4t.","einspalter_bgcolor":false,"einspalter_layout_lines_top_bottom":false,"einspalter_collapse":false},{"acf_fc_layout":"einspalter_text","einspalter_text_titel":"Das Wetter","einspalter_text_titel_typ":"2","einspalter_text_titel_fake":false,"einspalter_text_subtitle":"","einspalter_text_content":"Der Start ins Jahr war relativ mild und sehr nass. Bis weit in den Fr\u00fchsommer hinein fiel \u00fcberdurchschnittlich viel Regen. Selbst der Sommer zeigte sich wechselhaft und wenig verl\u00e4sslich. Im Rebberg blieb das nicht ohne Folgen. Die Bl\u00fcte geriet uneinheitlich, und die feuchte Witterung sorgte f\u00fcr extremen Mehltaudruck. Entsprechend fielen die Ertr\u00e4ge deutlich kleiner aus. Umso erfreulicher ist, dass die Qualit\u00e4t der selektionierten Trauben kaum darunter gelitten hat. Ab Mitte Juli wurde das Wetter etwas stabiler, doch einzelne Regenschauer funkten weiterhin dazwischen. F\u00fcr engagierte Winzer, besonders f\u00fcr biologisch arbeitende, bedeutete das volle Pr\u00e4senz im Rebberg. Mancherorts war der Boden so aufgeweicht, dass Behandlungen nur noch zu Fuss m\u00f6glich waren. Die warmen Phasen im Sommer gaben schliesslich den n\u00f6tigen Schub, sodass die Trauben dennoch ausreifen konnten.","einspalter_bgcolor":false,"einspalter_layout_lines_top_bottom":false,"einspalter_collapse":false},{"acf_fc_layout":"einspalter_text","einspalter_text_titel":"Die Weine","einspalter_text_titel_typ":"2","einspalter_text_titel_fake":false,"einspalter_text_subtitle":"","einspalter_text_content":"2024 geh\u00f6rt mengenm\u00e4ssig zu den kleinsten Jahrg\u00e4ngen der Geschichte, vor allem an der C\u00f4te de Nuits. Bei unseren Burgund-Besuchen im letzten Jahr staunten wir, wie leer die Weinkeller waren. Insgesamt ist der Jahrgang trotz der schwierigen Verh\u00e4ltnisse \u00fcberraschend gelungen. Er zeigt eine k\u00fchlere Stilistik und die Rotweine sind wunderbar burgundisch filigran. Die besten Beispiele haben gar eine verf\u00fchrerische Seite. An der C\u00f4te de Beaune waren die Verh\u00e4ltnisse besser. Die Qualit\u00e4t der Weissweine ist 2024 zum Teil umwerfend. Wow. Leider gibt es auch hier nur wenig davon.","einspalter_bgcolor":false,"einspalter_layout_lines_top_bottom":false,"einspalter_collapse":false},{"acf_fc_layout":"image_image_text","image_image_text_titel_left":"Das Martel-Fazit","image_image_text_titel_typ_left":"2","image_image_text_titel_fake_left":false,"image_image_text_link_left":"","image_image_text_link_left_area":false,"image_image_text_bild_left":"","image_image_text_content_left":"2024 war ein nasses Jahr, das den Weing\u00fctern sehr viel abverlangte. Der Jahrgang 2024 ist somit ein \u00abSelektionsjahrgang\u00bb, in dem eine akribische Auswahl des Traubenguts den Unterschied macht. Die Resultate sind sehr positiv. Die Pinots zeigen sich filigran, die besten Weissweine sind brillant und bereiten riesige Freude (im Bild Martel Burgund-Experte Benjamin Wolf mit Winzer Lucien Le Moine).","image_image_text_video_left":"","image_image_text_teaser_left":{"image_image_text_teaser_left_titel":"","image_image_text_teaser_left_titel_typ":"2","image_image_text_teaser_left_titel_fake":false,"image_image_text_teaser_left_link":""},"image_image_text_icon_left":"","image_image_text_icon_bg_left":"martel-rot","image_image_text_titel_right":"","image_image_text_titel_typ_right":"2","image_image_text_titel_fake_right":false,"image_image_text_link_right":"","image_image_text_link_right_area":false,"image_image_text_bild_right":33134,"image_image_text_content_right":"","image_image_text_video_right":"","image_image_text_teaser_right":{"image_image_text_teaser_right_titel":"","image_image_text_teaser_right_titel_typ":"2","image_image_text_teaser_right_titel_fake":false,"image_image_text_teaser_right_link":""},"image_image_text_icon_right":"","image_image_text_icon_bg_right":"martel-rot","image_image_text_offset":false,"image_image_text_bgcolor":false},{"acf_fc_layout":"einspalter_text","einspalter_text_titel":"Unser Angebot","einspalter_text_titel_typ":"2","einspalter_text_titel_fake":false,"einspalter_text_subtitle":"","einspalter_text_content":"Die meisten unserer Burgunder geh\u00f6ren zu den gesuchtesten Rarit\u00e4ten der Welt. Jeweils im Juni bieten wir sie in einem Exklusiv-Angebot an. Gerne senden wir Ihnen unser Burgund Angebot zu. Burgund-K\u00e4ufer des Jahrgangs 2023 erhalten das Angebot auch ohne Anmeldung.\r\n\r\n<a class=\"btn btn-arrow\" href=\"https:\/\/www.martel.ch\/cms\/weinwissen\/die-martel-burgund-welt\/burgund-2024-anmeldung\/\">Burgund-Angebot bestellen<\/a>","einspalter_bgcolor":false,"einspalter_layout_lines_top_bottom":false,"einspalter_collapse":false},{"acf_fc_layout":"image_image_text","image_image_text_titel_left":"","image_image_text_titel_typ_left":"2","image_image_text_titel_fake_left":false,"image_image_text_link_left":"","image_image_text_link_left_area":false,"image_image_text_bild_left":"","image_image_text_content_left":"<ul>\r\n \t<li>Domaine J\u00e9r\u00e9my Arnaud<\/li>\r\n \t<li>Domaine William F\u00e8vre<\/li>\r\n \t<li>Domaine de Villaine<\/li>\r\n \t<li>Domaine Jubare<\/li>\r\n \t<li>Domaine Jean-Louis Chavy<\/li>\r\n \t<li>Domaine Fran\u00e7ois Carillon<\/li>\r\n \t<li>Domaine Amiot Guy et Fils<\/li>\r\n \t<li>Justin Girardin<\/li>\r\n \t<li>Domaine R\u00e9mi Jobard<\/li>\r\n \t<li>Vignoble des Cabottes<\/li>\r\n \t<li>Arnaud Baillot<\/li>\r\n \t<li>Domaine Jean-Luc Burguet<\/li>\r\n \t<li>Domaine Cornu<\/li>\r\n \t<li>Domaine Lejeune<\/li>\r\n \t<li>Domaine Bachelet<\/li>\r\n \t<li>Domaine de la Pousse d'Or<\/li>\r\n \t<li>Domaine de Courcel<\/li>\r\n \t<li>Domaine J. Confuron-Cot\u00e9tidot<\/li>\r\n \t<li>Domaine Tollot-Beaut<\/li>\r\n \t<li>Philippe Pacalet<\/li>\r\n<\/ul>","image_image_text_video_left":"","image_image_text_teaser_left":{"image_image_text_teaser_left_titel":"","image_image_text_teaser_left_titel_typ":"2","image_image_text_teaser_left_titel_fake":false,"image_image_text_teaser_left_link":""},"image_image_text_icon_left":"","image_image_text_icon_bg_left":"martel-rot","image_image_text_titel_right":"","image_image_text_titel_typ_right":"2","image_image_text_titel_fake_right":false,"image_image_text_link_right":"","image_image_text_link_right_area":false,"image_image_text_bild_right":"","image_image_text_content_right":"<ul>\r\n \t<li>Lucien Le Moine<\/li>\r\n \t<li>Domaine des Lambrays<\/li>\r\n \t<li>Domaine de l'Arlot<\/li>\r\n \t<li>Domaine Michel Niellon<\/li>\r\n \t<li>Domaine Leflaive<\/li>\r\n \t<li>Domaines Leflaive<\/li>\r\n \t<li>Domaine du Clos de Tart<\/li>\r\n \t<li>Pierre &amp; Louis Trapet<\/li>\r\n \t<li>Domaine Trapet<\/li>\r\n \t<li>Domaine Jean Tardy et Fils<\/li>\r\n \t<li>Laurent Ponsot<\/li>\r\n \t<li>Domaine Ponsot<\/li>\r\n \t<li>Maison Ponsot<\/li>\r\n \t<li>Bonneau du Martray<\/li>\r\n \t<li>Domaine Comte de Vogu\u0308\u00e9<\/li>\r\n \t<li>Vignes Comtes de la Chapelle (Jean-Marie Fourrier)<\/li>\r\n \t<li>Domaine Fourrier<\/li>\r\n \t<li>Domaine G. Roumier<\/li>\r\n \t<li>Domaine Armand Rousseau<\/li>\r\n<\/ul>","image_image_text_video_right":"","image_image_text_teaser_right":{"image_image_text_teaser_right_titel":"","image_image_text_teaser_right_titel_typ":"2","image_image_text_teaser_right_titel_fake":false,"image_image_text_teaser_right_link":""},"image_image_text_icon_right":"","image_image_text_icon_bg_right":"martel-rot","image_image_text_offset":false,"image_image_text_bgcolor":false},{"acf_fc_layout":"einspalter_text","einspalter_text_titel":"Burgund-Degustation 2024","einspalter_text_titel_typ":"2","einspalter_text_titel_fake":false,"einspalter_text_subtitle":"","einspalter_text_content":"Unsere grosse Burgund-Degustation findet jeweils im Sp\u00e4therbst in Z\u00fcrich und in St.Gallen statt.\r\n\r\nVom 16. bis 18. November 2026 bieten wir eine breite Auswahl exklusiver und zum Teil ausverkaufter Rarit\u00e4ten des Jahrgangs 2024 zur Degustation an. Details finden Sie jetzt in unserem <a href=\"https:\/\/www.martel.ch\/cms\/news-events\/veranstaltungen\/\">Eventkalender<\/a>. Die Pl\u00e4tze sind limitiert und begehrt.","einspalter_bgcolor":false,"einspalter_layout_lines_top_bottom":false,"einspalter_collapse":false},{"acf_fc_layout":"image_image_text","image_image_text_titel_left":"","image_image_text_titel_typ_left":"2","image_image_text_titel_fake_left":false,"image_image_text_link_left":"","image_image_text_link_left_area":false,"image_image_text_bild_left":"","image_image_text_content_left":"<a class=\"btn btn-arrow\" href=\"https:\/\/www.martel.ch\/cms\/weinwissen\/die-martel-burgund-welt\/burgund-2024-anmeldung\/\">Angebot 2024 bestellen<\/a>","image_image_text_video_left":"","image_image_text_teaser_left":{"image_image_text_teaser_left_titel":"","image_image_text_teaser_left_titel_typ":"2","image_image_text_teaser_left_titel_fake":false,"image_image_text_teaser_left_link":""},"image_image_text_icon_left":"","image_image_text_icon_bg_left":"martel-rot","image_image_text_titel_right":"","image_image_text_titel_typ_right":"2","image_image_text_titel_fake_right":false,"image_image_text_link_right":"","image_image_text_link_right_area":false,"image_image_text_bild_right":"","image_image_text_content_right":"<a class=\"btn btn-arrow\" href=\"https:\/\/www.martel.ch\/cms\/weinwissen\/die-martel-burgund-welt\/\">Martel Burgund-Welt<\/a>","image_image_text_video_right":"","image_image_text_teaser_right":{"image_image_text_teaser_right_titel":"","image_image_text_teaser_right_titel_typ":"2","image_image_text_teaser_right_titel_fake":false,"image_image_text_teaser_right_link":""},"image_image_text_icon_right":"","image_image_text_icon_bg_right":"martel-rot","image_image_text_offset":false,"image_image_text_bgcolor":false}]},"yoast_head":"<!-- This site is optimized with the Yoast SEO plugin v27.5 - https:\/\/yoast.com\/product\/yoast-seo-wordpress\/ -->\n<title>Burgund-Jahrgangsbericht 2024 | Martel Weine St.Gallen und Z\u00fcrich<\/title>\n<meta name=\"description\" content=\"Jahrgangsbericht und Angebot Burgund 2024. Viel Regen und extreme Selektion - trotzdem elegante &amp; brillante Weine\" \/>\n<meta name=\"robots\" content=\"index, follow, max-snippet:-1, max-image-preview:large, max-video-preview:-1\" \/>\n<link rel=\"canonical\" href=\"https:\/\/www.martel.ch\/cms\/weinwissen\/die-martel-burgund-welt\/burgund-jahrgangsbericht-2024\/\" \/>\n<meta property=\"og:locale\" content=\"de_DE\" \/>\n<meta property=\"og:type\" content=\"article\" \/>\n<meta property=\"og:title\" content=\"Burgund-Jahrgangsbericht 2024 | Martel Weine St.Gallen und Z\u00fcrich\" \/>\n<meta property=\"og:description\" content=\"Jahrgangsbericht und Angebot Burgund 2024. Viel Regen und extreme Selektion - trotzdem elegante &amp; brillante Weine\" \/>\n<meta property=\"og:url\" content=\"https:\/\/www.martel.ch\/cms\/weinwissen\/die-martel-burgund-welt\/burgund-jahrgangsbericht-2024\/\" \/>\n<meta property=\"og:site_name\" content=\"Martel\" \/>\n<meta property=\"article:publisher\" content=\"https:\/\/www.facebook.com\/pages\/Martel-AG-St-Gallen\/233396026691876\" \/>\n<meta property=\"article:modified_time\" content=\"2026-05-08T13:41:16+00:00\" \/>\n<meta property=\"og:image\" content=\"https:\/\/www.martel.ch\/cms\/wp-content\/uploads\/2026\/05\/martel-burgund-2024-anmeldung-854x569.jpg\" \/>\n\t<meta property=\"og:image:width\" content=\"854\" \/>\n\t<meta property=\"og:image:height\" content=\"569\" \/>\n\t<meta property=\"og:image:type\" content=\"image\/jpeg\" \/>\n<meta name=\"twitter:card\" content=\"summary_large_image\" \/>\n<meta name=\"twitter:site\" content=\"@martel_weinwelt\" \/>\n<meta name=\"twitter:label1\" content=\"Written by\" \/>\n\t<meta name=\"twitter:data1\" content=\"Martel Marketing\" \/>\n<script type=\"application\/ld+json\" class=\"yoast-schema-graph\">{\"@context\":\"https:\\\/\\\/schema.org\",\"@graph\":[{\"@type\":\"WebPage\",\"@id\":\"https:\\\/\\\/www.martel.ch\\\/cms\\\/weinwissen\\\/die-martel-burgund-welt\\\/burgund-jahrgangsbericht-2024\\\/\",\"url\":\"https:\\\/\\\/www.martel.ch\\\/cms\\\/weinwissen\\\/die-martel-burgund-welt\\\/burgund-jahrgangsbericht-2024\\\/\",\"name\":\"Burgund-Jahrgangsbericht 2024 | Martel Weine St.Gallen und Z\u00fcrich\",\"isPartOf\":{\"@id\":\"https:\\\/\\\/www.martel.ch\\\/cms\\\/#website\"},\"primaryImageOfPage\":{\"@id\":\"https:\\\/\\\/www.martel.ch\\\/cms\\\/weinwissen\\\/die-martel-burgund-welt\\\/burgund-jahrgangsbericht-2024\\\/#primaryimage\"},\"image\":{\"@id\":\"https:\\\/\\\/www.martel.ch\\\/cms\\\/weinwissen\\\/die-martel-burgund-welt\\\/burgund-jahrgangsbericht-2024\\\/#primaryimage\"},\"thumbnailUrl\":\"https:\\\/\\\/www.martel.ch\\\/cms\\\/wp-content\\\/uploads\\\/2026\\\/05\\\/martel-burgund-2024-anmeldung.jpg\",\"datePublished\":\"2026-05-08T07:29:31+00:00\",\"dateModified\":\"2026-05-08T13:41:16+00:00\",\"description\":\"Jahrgangsbericht und Angebot Burgund 2024. Viel Regen und extreme Selektion - trotzdem elegante & brillante Weine\",\"breadcrumb\":{\"@id\":\"https:\\\/\\\/www.martel.ch\\\/cms\\\/weinwissen\\\/die-martel-burgund-welt\\\/burgund-jahrgangsbericht-2024\\\/#breadcrumb\"},\"inLanguage\":\"de-CH\",\"potentialAction\":[{\"@type\":\"ReadAction\",\"target\":[\"https:\\\/\\\/www.martel.ch\\\/cms\\\/weinwissen\\\/die-martel-burgund-welt\\\/burgund-jahrgangsbericht-2024\\\/\"]}]},{\"@type\":\"ImageObject\",\"inLanguage\":\"de-CH\",\"@id\":\"https:\\\/\\\/www.martel.ch\\\/cms\\\/weinwissen\\\/die-martel-burgund-welt\\\/burgund-jahrgangsbericht-2024\\\/#primaryimage\",\"url\":\"https:\\\/\\\/www.martel.ch\\\/cms\\\/wp-content\\\/uploads\\\/2026\\\/05\\\/martel-burgund-2024-anmeldung.jpg\",\"contentUrl\":\"https:\\\/\\\/www.martel.ch\\\/cms\\\/wp-content\\\/uploads\\\/2026\\\/05\\\/martel-burgund-2024-anmeldung.jpg\",\"width\":2000,\"height\":1333,\"caption\":\"Burgund Angebot 2024\"},{\"@type\":\"BreadcrumbList\",\"@id\":\"https:\\\/\\\/www.martel.ch\\\/cms\\\/weinwissen\\\/die-martel-burgund-welt\\\/burgund-jahrgangsbericht-2024\\\/#breadcrumb\",\"itemListElement\":[{\"@type\":\"ListItem\",\"position\":1,\"name\":\"Startseite\",\"item\":\"https:\\\/\\\/www.martel.ch\\\/cms\\\/\"},{\"@type\":\"ListItem\",\"position\":2,\"name\":\"Weinwissen\",\"item\":\"https:\\\/\\\/www.martel.ch\\\/cms\\\/weinwissen\\\/\"},{\"@type\":\"ListItem\",\"position\":3,\"name\":\"Die Martel Burgund-Welt\",\"item\":\"https:\\\/\\\/www.martel.ch\\\/cms\\\/weinwissen\\\/die-martel-burgund-welt\\\/\"},{\"@type\":\"ListItem\",\"position\":4,\"name\":\"Burgund-Jahrgangsbericht 2024\"}]},{\"@type\":\"WebSite\",\"@id\":\"https:\\\/\\\/www.martel.ch\\\/cms\\\/#website\",\"url\":\"https:\\\/\\\/www.martel.ch\\\/cms\\\/\",\"name\":\"Martel\",\"description\":\"F\u00fcr Weinbegeisterte und die, die es werden m\u00f6chten.\",\"publisher\":{\"@id\":\"https:\\\/\\\/www.martel.ch\\\/cms\\\/#organization\"},\"potentialAction\":[{\"@type\":\"SearchAction\",\"target\":{\"@type\":\"EntryPoint\",\"urlTemplate\":\"https:\\\/\\\/www.martel.ch\\\/cms\\\/?s={search_term_string}\"},\"query-input\":{\"@type\":\"PropertyValueSpecification\",\"valueRequired\":true,\"valueName\":\"search_term_string\"}}],\"inLanguage\":\"de-CH\"},{\"@type\":\"Organization\",\"@id\":\"https:\\\/\\\/www.martel.ch\\\/cms\\\/#organization\",\"name\":\"Martel AG St.Gallen\",\"url\":\"https:\\\/\\\/www.martel.ch\\\/cms\\\/\",\"logo\":{\"@type\":\"ImageObject\",\"inLanguage\":\"de-CH\",\"@id\":\"https:\\\/\\\/www.martel.ch\\\/cms\\\/#\\\/schema\\\/logo\\\/image\\\/\",\"url\":\"https:\\\/\\\/www.martel.ch\\\/cms\\\/wp-content\\\/uploads\\\/2019\\\/02\\\/martel-logo.png\",\"contentUrl\":\"https:\\\/\\\/www.martel.ch\\\/cms\\\/wp-content\\\/uploads\\\/2019\\\/02\\\/martel-logo.png\",\"width\":600,\"height\":600,\"caption\":\"Martel AG St.Gallen\"},\"image\":{\"@id\":\"https:\\\/\\\/www.martel.ch\\\/cms\\\/#\\\/schema\\\/logo\\\/image\\\/\"},\"sameAs\":[\"https:\\\/\\\/www.facebook.com\\\/pages\\\/Martel-AG-St-Gallen\\\/233396026691876\",\"https:\\\/\\\/x.com\\\/martel_weinwelt\",\"https:\\\/\\\/www.instagram.com\\\/martel_weinwelt\\\/\",\"https:\\\/\\\/www.linkedin.com\\\/company\\\/martel-ag-st-gallen\",\"https:\\\/\\\/www.pinterest.ch\\\/martel_weinwelt\"]}]}<\/script>\n<!-- \/ Yoast SEO plugin. -->","yoast_head_json":{"title":"Burgund-Jahrgangsbericht 2024 | Martel Weine St.Gallen und Z\u00fcrich","description":"Jahrgangsbericht und Angebot Burgund 2024. Viel Regen und extreme Selektion - trotzdem elegante & brillante Weine","robots":{"index":"index","follow":"follow","max-snippet":"max-snippet:-1","max-image-preview":"max-image-preview:large","max-video-preview":"max-video-preview:-1"},"canonical":"https:\/\/www.martel.ch\/cms\/weinwissen\/die-martel-burgund-welt\/burgund-jahrgangsbericht-2024\/","og_locale":"de_DE","og_type":"article","og_title":"Burgund-Jahrgangsbericht 2024 | Martel Weine St.Gallen und Z\u00fcrich","og_description":"Jahrgangsbericht und Angebot Burgund 2024. Viel Regen und extreme Selektion - trotzdem elegante & brillante Weine","og_url":"https:\/\/www.martel.ch\/cms\/weinwissen\/die-martel-burgund-welt\/burgund-jahrgangsbericht-2024\/","og_site_name":"Martel","article_publisher":"https:\/\/www.facebook.com\/pages\/Martel-AG-St-Gallen\/233396026691876","article_modified_time":"2026-05-08T13:41:16+00:00","og_image":[{"width":854,"height":569,"url":"https:\/\/www.martel.ch\/cms\/wp-content\/uploads\/2026\/05\/martel-burgund-2024-anmeldung-854x569.jpg","type":"image\/jpeg"}],"twitter_card":"summary_large_image","twitter_site":"@martel_weinwelt","twitter_misc":{"Written by":"Martel Marketing"},"schema":{"@context":"https:\/\/schema.org","@graph":[{"@type":"WebPage","@id":"https:\/\/www.martel.ch\/cms\/weinwissen\/die-martel-burgund-welt\/burgund-jahrgangsbericht-2024\/","url":"https:\/\/www.martel.ch\/cms\/weinwissen\/die-martel-burgund-welt\/burgund-jahrgangsbericht-2024\/","name":"Burgund-Jahrgangsbericht 2024 | Martel Weine St.Gallen und Z\u00fcrich","isPartOf":{"@id":"https:\/\/www.martel.ch\/cms\/#website"},"primaryImageOfPage":{"@id":"https:\/\/www.martel.ch\/cms\/weinwissen\/die-martel-burgund-welt\/burgund-jahrgangsbericht-2024\/#primaryimage"},"image":{"@id":"https:\/\/www.martel.ch\/cms\/weinwissen\/die-martel-burgund-welt\/burgund-jahrgangsbericht-2024\/#primaryimage"},"thumbnailUrl":"https:\/\/www.martel.ch\/cms\/wp-content\/uploads\/2026\/05\/martel-burgund-2024-anmeldung.jpg","datePublished":"2026-05-08T07:29:31+00:00","dateModified":"2026-05-08T13:41:16+00:00","description":"Jahrgangsbericht und Angebot Burgund 2024. Viel Regen und extreme Selektion - trotzdem elegante & brillante Weine","breadcrumb":{"@id":"https:\/\/www.martel.ch\/cms\/weinwissen\/die-martel-burgund-welt\/burgund-jahrgangsbericht-2024\/#breadcrumb"},"inLanguage":"de-CH","potentialAction":[{"@type":"ReadAction","target":["https:\/\/www.martel.ch\/cms\/weinwissen\/die-martel-burgund-welt\/burgund-jahrgangsbericht-2024\/"]}]},{"@type":"ImageObject","inLanguage":"de-CH","@id":"https:\/\/www.martel.ch\/cms\/weinwissen\/die-martel-burgund-welt\/burgund-jahrgangsbericht-2024\/#primaryimage","url":"https:\/\/www.martel.ch\/cms\/wp-content\/uploads\/2026\/05\/martel-burgund-2024-anmeldung.jpg","contentUrl":"https:\/\/www.martel.ch\/cms\/wp-content\/uploads\/2026\/05\/martel-burgund-2024-anmeldung.jpg","width":2000,"height":1333,"caption":"Burgund Angebot 2024"},{"@type":"BreadcrumbList","@id":"https:\/\/www.martel.ch\/cms\/weinwissen\/die-martel-burgund-welt\/burgund-jahrgangsbericht-2024\/#breadcrumb","itemListElement":[{"@type":"ListItem","position":1,"name":"Startseite","item":"https:\/\/www.martel.ch\/cms\/"},{"@type":"ListItem","position":2,"name":"Weinwissen","item":"https:\/\/www.martel.ch\/cms\/weinwissen\/"},{"@type":"ListItem","position":3,"name":"Die Martel Burgund-Welt","item":"https:\/\/www.martel.ch\/cms\/weinwissen\/die-martel-burgund-welt\/"},{"@type":"ListItem","position":4,"name":"Burgund-Jahrgangsbericht 2024"}]},{"@type":"WebSite","@id":"https:\/\/www.martel.ch\/cms\/#website","url":"https:\/\/www.martel.ch\/cms\/","name":"Martel","description":"F\u00fcr Weinbegeisterte und die, die es werden m\u00f6chten.","publisher":{"@id":"https:\/\/www.martel.ch\/cms\/#organization"},"potentialAction":[{"@type":"SearchAction","target":{"@type":"EntryPoint","urlTemplate":"https:\/\/www.martel.ch\/cms\/?s={search_term_string}"},"query-input":{"@type":"PropertyValueSpecification","valueRequired":true,"valueName":"search_term_string"}}],"inLanguage":"de-CH"},{"@type":"Organization","@id":"https:\/\/www.martel.ch\/cms\/#organization","name":"Martel AG St.Gallen","url":"https:\/\/www.martel.ch\/cms\/","logo":{"@type":"ImageObject","inLanguage":"de-CH","@id":"https:\/\/www.martel.ch\/cms\/#\/schema\/logo\/image\/","url":"https:\/\/www.martel.ch\/cms\/wp-content\/uploads\/2019\/02\/martel-logo.png","contentUrl":"https:\/\/www.martel.ch\/cms\/wp-content\/uploads\/2019\/02\/martel-logo.png","width":600,"height":600,"caption":"Martel AG St.Gallen"},"image":{"@id":"https:\/\/www.martel.ch\/cms\/#\/schema\/logo\/image\/"},"sameAs":["https:\/\/www.facebook.com\/pages\/Martel-AG-St-Gallen\/233396026691876","https:\/\/x.com\/martel_weinwelt","https:\/\/www.instagram.com\/martel_weinwelt\/","https:\/\/www.linkedin.com\/company\/martel-ag-st-gallen","https:\/\/www.pinterest.ch\/martel_weinwelt"]}]}},"_links":{"self":[{"href":"https:\/\/www.martel.ch\/cms\/wp-json\/wp\/v2\/pages\/33128","targetHints":{"allow":["GET"]}}],"collection":[{"href":"https:\/\/www.martel.ch\/cms\/wp-json\/wp\/v2\/pages"}],"about":[{"href":"https:\/\/www.martel.ch\/cms\/wp-json\/wp\/v2\/types\/page"}],"author":[{"embeddable":true,"href":"https:\/\/www.martel.ch\/cms\/wp-json\/wp\/v2\/users\/52"}],"replies":[{"embeddable":true,"href":"https:\/\/www.martel.ch\/cms\/wp-json\/wp\/v2\/comments?post=33128"}],"version-history":[{"count":10,"href":"https:\/\/www.martel.ch\/cms\/wp-json\/wp\/v2\/pages\/33128\/revisions"}],"predecessor-version":[{"id":33156,"href":"https:\/\/www.martel.ch\/cms\/wp-json\/wp\/v2\/pages\/33128\/revisions\/33156"}],"up":[{"embeddable":true,"href":"https:\/\/www.martel.ch\/cms\/wp-json\/wp\/v2\/pages\/27348"}],"wp:featuredmedia":[{"embeddable":true,"href":"https:\/\/www.martel.ch\/cms\/wp-json\/wp\/v2\/media\/33124"}],"wp:attachment":[{"href":"https:\/\/www.martel.ch\/cms\/wp-json\/wp\/v2\/media?parent=33128"}],"wp:term":[{"taxonomy":"category","embeddable":true,"href":"https:\/\/www.martel.ch\/cms\/wp-json\/wp\/v2\/categories?post=33128"},{"taxonomy":"author","embeddable":true,"href":"https:\/\/www.martel.ch\/cms\/wp-json\/wp\/v2\/coauthors?post=33128"}],"curies":[{"name":"wp","href":"https:\/\/api.w.org\/{rel}","templated":true}]}}