{"id":33231,"date":"2026-05-12T20:18:40","date_gmt":"2026-05-12T18:18:40","guid":{"rendered":"https:\/\/www.martel.ch\/cms\/?page_id=33231"},"modified":"2026-05-12T20:18:41","modified_gmt":"2026-05-12T18:18:41","slug":"mediamatiker-m-w-d","status":"publish","type":"page","link":"https:\/\/www.martel.ch\/cms\/martel\/offene-stellen\/mediamatiker-m-w-d\/","title":{"rendered":"\u00a0Mediamatiker (m\/w\/d)"},"content":{"rendered":"","protected":false},"excerpt":{"rendered":"","protected":false},"author":52,"featured_media":31312,"parent":17797,"menu_order":0,"comment_status":"closed","ping_status":"closed","template":"","meta":{"_acf_changed":false,"inline_featured_image":false,"footnotes":""},"categories":[],"coauthors":[498],"class_list":["post-33231","page","type-page","status-publish","has-post-thumbnail","hentry"],"acf":{"inhaltselemente":[{"acf_fc_layout":"einspalter_text","einspalter_text_titel":"","einspalter_text_titel_typ":"1","einspalter_text_titel_fake":false,"einspalter_text_subtitle":"","einspalter_text_content":"<h1>Mediamatiker (m\/w\/d)<\/h1>\r\n80-100%","einspalter_bgcolor":false,"einspalter_layout_lines_top_bottom":false,"einspalter_collapse":false},{"acf_fc_layout":"einspalter_text","einspalter_text_titel":"Auf einen Blick","einspalter_text_titel_typ":"2","einspalter_text_titel_fake":false,"einspalter_text_subtitle":"","einspalter_text_content":"Per Juli suchen wir eine kreative Pers\u00f6nlichkeit, die unsere Marke und unsere Produkte wortw\u00f6rtlich im sch\u00f6nsten Licht erstrahlen l\u00e4sst. Kreativ setzt du alle unsere visuellen Inhalte eigenst\u00e4ndig um \u2013 schnell, mit Hilfe unseres Corporate Designs und dem Auge f\u00fcrs Detail. Du produzierst Fotos und Videos, schneidest und optimierst Material f\u00fcr verschiedene Kan\u00e4le (Website, Social Media, Print, Pr\u00e4sentationen, Verkaufsfl\u00e4chen \u2026) und entwickelst daraus Content, der gut aussieht <u>und<\/u> funktioniert. Du findest pragmatische L\u00f6sungen, wenn\u2019s mal wieder \u00abgestern fertig\u00bb sein sollte \u2013 das macht dich nicht nerv\u00f6s, denn deine Priorisierung stimmt. Du siehst KI nicht als Gefahr, sondern als Erleichterung deiner Arbeit. Nicht nur digitale Inhalte, sondern auch haptische Formen inspirieren dich?\r\n<p class=\"p2\">Willkommen bei der Weinhandlung Martel.<\/p>\r\n&nbsp;\r\n<h2 class=\"p2\">Wer wir sind <b><\/b><\/h2>\r\nAls f\u00fchrende Weinhandlung mit einem Team von f\u00fcnfzig Mitarbeitenden haben wir uns mit hoher Leidenschaft der genussvollen Weinkultur verschrieben. Wir importieren ein breites Sortiment f\u00fcr unsere Privat- und Gastronomiekundschaft in der ganzen Schweiz und verbinden somit die Winzer, das Handwerk sowie die Weine mit Weinliebhabern. Unsere Weine hinterlassen Eindruck.\r\n\r\nDich erwartet eine vielseitige, kreative T\u00e4tigkeit mit hoher Eigenst\u00e4ndigkeit in einem Unternehmen mit starken Wurzeln. Ein moderner Arbeitsplatz im Herzen von St.Gallen sowie Weiterbildungsm\u00f6glichkeiten sind eine Selbstverst\u00e4ndlichkeit.\r\n\r\n&nbsp;\r\n<h2 class=\"p2\">Deine Expertise <b><\/b><\/h2>\r\n<ul>\r\n \t<li>Abgeschlossene Berufslehre mit Fachrichtung Mediamatiker*in oder vergleichbarer Ausbildung<\/li>\r\n \t<li>Erste Erfahrungen als Mediamatiker, Mediengestalter oder Multimedia Designer<\/li>\r\n \t<li>Leistungsnachweis in grafischer Content Creation (v.a. Bildbearbeitung, Illustrationen, Icons, \u2026)<\/li>\r\n \t<li>Hohe Kompetenz in der Filmproduktion und Videobearbeitung, inkl. Storyboarding &amp; Drehplanung<\/li>\r\n \t<li>Experte im Umgang mit den entsprechenden Tools (v.a. Adobe Creative Cloud)<\/li>\r\n \t<li>Leidenschaft f\u00fcr \u00e4sthetische Fotografie (Portrait-, Reportage- &amp; Produktfotografie)<\/li>\r\n \t<li>Gestalterisches Gesp\u00fcr f\u00fcr die Konzeption von Schaufenstern und weiterer Verkaufsfl\u00e4chen<\/li>\r\n \t<li>Experimentierfreude bei KI-Technologien (z.B. Nano Banana, Midjourney, Veo 3, \u2026)<\/li>\r\n \t<li>Professioneller Umgang mit Feedback, stetige Optimierungen als Selbstverst\u00e4ndlichkeit<\/li>\r\n \t<li>Strukturierte und selbstst\u00e4ndige Arbeitsweise<\/li>\r\n \t<li>Freude am Genuss und Interesse an Weinkultur<\/li>\r\n<\/ul>\r\n&nbsp;\r\n<h2 class=\"p2\">Das klingt nach dir? <b><\/b><\/h2>\r\n<p class=\"p2\">Wir freuen uns auf deinen Lebenslauf inkl. Motivationsschreiben, Arbeitszeugnissen und Foto per E-Mail an:<\/p>\r\n<p class=\"p2\">Nico Matern\r\nLeiter Marketing &amp; PR\r\n<a href=\"mailto:matern@martel.ch\">matern@martel.ch<\/a><\/p>\r\n&nbsp;\r\n\r\n<a class=\"btn btn-primary\" href=\"https:\/\/www.martel.ch\/cms\/wp-content\/uploads\/2026\/05\/2026_05_Stelleninserat_Mediamatiker.pdf\" target=\"_blank\" rel=\"noopener\">Download<\/a>","einspalter_bgcolor":false,"einspalter_layout_lines_top_bottom":false,"einspalter_collapse":false}]},"yoast_head":"<!-- This site is optimized with the Yoast SEO plugin v27.6 - https:\/\/yoast.com\/product\/yoast-seo-wordpress\/ -->\n<title>\u00a0Mediamatiker (m\/w\/d) Martel Weine St.Gallen und Z\u00fcrich<\/title>\n<meta name=\"description\" content=\"\u00a0Mediamatiker (m\/w\/d) - Bist du unser neues Team-Mitglied? Wir freuen uns auf deine Bewerbung.\" \/>\n<meta name=\"robots\" content=\"index, follow, max-snippet:-1, max-image-preview:large, max-video-preview:-1\" \/>\n<link rel=\"canonical\" href=\"https:\/\/www.martel.ch\/cms\/martel\/offene-stellen\/mediamatiker-m-w-d\/\" \/>\n<meta property=\"og:locale\" content=\"de_DE\" \/>\n<meta property=\"og:type\" content=\"article\" \/>\n<meta property=\"og:title\" content=\"\u00a0Mediamatiker (m\/w\/d) Martel Weine St.Gallen und Z\u00fcrich\" \/>\n<meta property=\"og:description\" content=\"\u00a0Mediamatiker (m\/w\/d) - Bist du unser neues Team-Mitglied? Wir freuen uns auf deine Bewerbung.\" \/>\n<meta property=\"og:url\" content=\"https:\/\/www.martel.ch\/cms\/martel\/offene-stellen\/mediamatiker-m-w-d\/\" \/>\n<meta property=\"og:site_name\" content=\"Martel\" \/>\n<meta property=\"article:publisher\" content=\"https:\/\/www.facebook.com\/pages\/Martel-AG-St-Gallen\/233396026691876\" \/>\n<meta property=\"article:modified_time\" content=\"2026-05-12T18:18:41+00:00\" \/>\n<meta property=\"og:image\" content=\"https:\/\/www.martel.ch\/cms\/wp-content\/uploads\/2025\/11\/martel-glass-grassl-stimmungsbild.jpg\" \/>\n\t<meta property=\"og:image:width\" content=\"2000\" \/>\n\t<meta property=\"og:image:height\" content=\"1333\" \/>\n\t<meta property=\"og:image:type\" content=\"image\/jpeg\" \/>\n<meta name=\"twitter:card\" content=\"summary_large_image\" \/>\n<meta name=\"twitter:site\" content=\"@martel_weinwelt\" \/>\n<meta name=\"twitter:label1\" content=\"Written by\" \/>\n\t<meta name=\"twitter:data1\" content=\"Martel Weinwelt\" \/>\n<script type=\"application\/ld+json\" class=\"yoast-schema-graph\">{\"@context\":\"https:\\\/\\\/schema.org\",\"@graph\":[{\"@type\":\"WebPage\",\"@id\":\"https:\\\/\\\/www.martel.ch\\\/cms\\\/martel\\\/offene-stellen\\\/mediamatiker-m-w-d\\\/\",\"url\":\"https:\\\/\\\/www.martel.ch\\\/cms\\\/martel\\\/offene-stellen\\\/mediamatiker-m-w-d\\\/\",\"name\":\"\u00a0Mediamatiker (m\\\/w\\\/d) Martel Weine St.Gallen und Z\u00fcrich\",\"isPartOf\":{\"@id\":\"https:\\\/\\\/www.martel.ch\\\/cms\\\/#website\"},\"primaryImageOfPage\":{\"@id\":\"https:\\\/\\\/www.martel.ch\\\/cms\\\/martel\\\/offene-stellen\\\/mediamatiker-m-w-d\\\/#primaryimage\"},\"image\":{\"@id\":\"https:\\\/\\\/www.martel.ch\\\/cms\\\/martel\\\/offene-stellen\\\/mediamatiker-m-w-d\\\/#primaryimage\"},\"thumbnailUrl\":\"https:\\\/\\\/www.martel.ch\\\/cms\\\/wp-content\\\/uploads\\\/2025\\\/11\\\/martel-glass-grassl-stimmungsbild.jpg\",\"datePublished\":\"2026-05-12T18:18:40+00:00\",\"dateModified\":\"2026-05-12T18:18:41+00:00\",\"description\":\"\u00a0Mediamatiker (m\\\/w\\\/d) - Bist du unser neues Team-Mitglied? Wir freuen uns auf deine Bewerbung.\",\"breadcrumb\":{\"@id\":\"https:\\\/\\\/www.martel.ch\\\/cms\\\/martel\\\/offene-stellen\\\/mediamatiker-m-w-d\\\/#breadcrumb\"},\"inLanguage\":\"de-CH\",\"potentialAction\":[{\"@type\":\"ReadAction\",\"target\":[\"https:\\\/\\\/www.martel.ch\\\/cms\\\/martel\\\/offene-stellen\\\/mediamatiker-m-w-d\\\/\"]}]},{\"@type\":\"ImageObject\",\"inLanguage\":\"de-CH\",\"@id\":\"https:\\\/\\\/www.martel.ch\\\/cms\\\/martel\\\/offene-stellen\\\/mediamatiker-m-w-d\\\/#primaryimage\",\"url\":\"https:\\\/\\\/www.martel.ch\\\/cms\\\/wp-content\\\/uploads\\\/2025\\\/11\\\/martel-glass-grassl-stimmungsbild.jpg\",\"contentUrl\":\"https:\\\/\\\/www.martel.ch\\\/cms\\\/wp-content\\\/uploads\\\/2025\\\/11\\\/martel-glass-grassl-stimmungsbild.jpg\",\"width\":2000,\"height\":1333,\"caption\":\"Grassl Glass\"},{\"@type\":\"BreadcrumbList\",\"@id\":\"https:\\\/\\\/www.martel.ch\\\/cms\\\/martel\\\/offene-stellen\\\/mediamatiker-m-w-d\\\/#breadcrumb\",\"itemListElement\":[{\"@type\":\"ListItem\",\"position\":1,\"name\":\"Startseite\",\"item\":\"https:\\\/\\\/www.martel.ch\\\/cms\\\/\"},{\"@type\":\"ListItem\",\"position\":2,\"name\":\"Martel\",\"item\":\"https:\\\/\\\/www.martel.ch\\\/cms\\\/martel\\\/\"},{\"@type\":\"ListItem\",\"position\":3,\"name\":\"Offene Stellen\",\"item\":\"https:\\\/\\\/www.martel.ch\\\/cms\\\/martel\\\/offene-stellen\\\/\"},{\"@type\":\"ListItem\",\"position\":4,\"name\":\"\u00a0Mediamatiker (m\\\/w\\\/d)\"}]},{\"@type\":\"WebSite\",\"@id\":\"https:\\\/\\\/www.martel.ch\\\/cms\\\/#website\",\"url\":\"https:\\\/\\\/www.martel.ch\\\/cms\\\/\",\"name\":\"Martel\",\"description\":\"F\u00fcr Weinbegeisterte und die, die es werden m\u00f6chten.\",\"publisher\":{\"@id\":\"https:\\\/\\\/www.martel.ch\\\/cms\\\/#organization\"},\"potentialAction\":[{\"@type\":\"SearchAction\",\"target\":{\"@type\":\"EntryPoint\",\"urlTemplate\":\"https:\\\/\\\/www.martel.ch\\\/cms\\\/?s={search_term_string}\"},\"query-input\":{\"@type\":\"PropertyValueSpecification\",\"valueRequired\":true,\"valueName\":\"search_term_string\"}}],\"inLanguage\":\"de-CH\"},{\"@type\":\"Organization\",\"@id\":\"https:\\\/\\\/www.martel.ch\\\/cms\\\/#organization\",\"name\":\"Martel AG St.Gallen\",\"url\":\"https:\\\/\\\/www.martel.ch\\\/cms\\\/\",\"logo\":{\"@type\":\"ImageObject\",\"inLanguage\":\"de-CH\",\"@id\":\"https:\\\/\\\/www.martel.ch\\\/cms\\\/#\\\/schema\\\/logo\\\/image\\\/\",\"url\":\"https:\\\/\\\/www.martel.ch\\\/cms\\\/wp-content\\\/uploads\\\/2019\\\/02\\\/martel-logo.png\",\"contentUrl\":\"https:\\\/\\\/www.martel.ch\\\/cms\\\/wp-content\\\/uploads\\\/2019\\\/02\\\/martel-logo.png\",\"width\":600,\"height\":600,\"caption\":\"Martel AG St.Gallen\"},\"image\":{\"@id\":\"https:\\\/\\\/www.martel.ch\\\/cms\\\/#\\\/schema\\\/logo\\\/image\\\/\"},\"sameAs\":[\"https:\\\/\\\/www.facebook.com\\\/pages\\\/Martel-AG-St-Gallen\\\/233396026691876\",\"https:\\\/\\\/x.com\\\/martel_weinwelt\",\"https:\\\/\\\/www.instagram.com\\\/martel_weinwelt\\\/\",\"https:\\\/\\\/www.linkedin.com\\\/company\\\/martel-ag-st-gallen\",\"https:\\\/\\\/www.pinterest.ch\\\/martel_weinwelt\"]}]}<\/script>\n<!-- \/ Yoast SEO plugin. -->","yoast_head_json":{"title":"\u00a0Mediamatiker (m\/w\/d) Martel Weine St.Gallen und Z\u00fcrich","description":"\u00a0Mediamatiker (m\/w\/d) - Bist du unser neues Team-Mitglied? Wir freuen uns auf deine Bewerbung.","robots":{"index":"index","follow":"follow","max-snippet":"max-snippet:-1","max-image-preview":"max-image-preview:large","max-video-preview":"max-video-preview:-1"},"canonical":"https:\/\/www.martel.ch\/cms\/martel\/offene-stellen\/mediamatiker-m-w-d\/","og_locale":"de_DE","og_type":"article","og_title":"\u00a0Mediamatiker (m\/w\/d) Martel Weine St.Gallen und Z\u00fcrich","og_description":"\u00a0Mediamatiker (m\/w\/d) - Bist du unser neues Team-Mitglied? Wir freuen uns auf deine Bewerbung.","og_url":"https:\/\/www.martel.ch\/cms\/martel\/offene-stellen\/mediamatiker-m-w-d\/","og_site_name":"Martel","article_publisher":"https:\/\/www.facebook.com\/pages\/Martel-AG-St-Gallen\/233396026691876","article_modified_time":"2026-05-12T18:18:41+00:00","og_image":[{"width":2000,"height":1333,"url":"https:\/\/www.martel.ch\/cms\/wp-content\/uploads\/2025\/11\/martel-glass-grassl-stimmungsbild.jpg","type":"image\/jpeg"}],"twitter_card":"summary_large_image","twitter_site":"@martel_weinwelt","twitter_misc":{"Written by":"Martel Weinwelt"},"schema":{"@context":"https:\/\/schema.org","@graph":[{"@type":"WebPage","@id":"https:\/\/www.martel.ch\/cms\/martel\/offene-stellen\/mediamatiker-m-w-d\/","url":"https:\/\/www.martel.ch\/cms\/martel\/offene-stellen\/mediamatiker-m-w-d\/","name":"\u00a0Mediamatiker (m\/w\/d) Martel Weine St.Gallen und Z\u00fcrich","isPartOf":{"@id":"https:\/\/www.martel.ch\/cms\/#website"},"primaryImageOfPage":{"@id":"https:\/\/www.martel.ch\/cms\/martel\/offene-stellen\/mediamatiker-m-w-d\/#primaryimage"},"image":{"@id":"https:\/\/www.martel.ch\/cms\/martel\/offene-stellen\/mediamatiker-m-w-d\/#primaryimage"},"thumbnailUrl":"https:\/\/www.martel.ch\/cms\/wp-content\/uploads\/2025\/11\/martel-glass-grassl-stimmungsbild.jpg","datePublished":"2026-05-12T18:18:40+00:00","dateModified":"2026-05-12T18:18:41+00:00","description":"\u00a0Mediamatiker (m\/w\/d) - Bist du unser neues Team-Mitglied? Wir freuen uns auf deine Bewerbung.","breadcrumb":{"@id":"https:\/\/www.martel.ch\/cms\/martel\/offene-stellen\/mediamatiker-m-w-d\/#breadcrumb"},"inLanguage":"de-CH","potentialAction":[{"@type":"ReadAction","target":["https:\/\/www.martel.ch\/cms\/martel\/offene-stellen\/mediamatiker-m-w-d\/"]}]},{"@type":"ImageObject","inLanguage":"de-CH","@id":"https:\/\/www.martel.ch\/cms\/martel\/offene-stellen\/mediamatiker-m-w-d\/#primaryimage","url":"https:\/\/www.martel.ch\/cms\/wp-content\/uploads\/2025\/11\/martel-glass-grassl-stimmungsbild.jpg","contentUrl":"https:\/\/www.martel.ch\/cms\/wp-content\/uploads\/2025\/11\/martel-glass-grassl-stimmungsbild.jpg","width":2000,"height":1333,"caption":"Grassl Glass"},{"@type":"BreadcrumbList","@id":"https:\/\/www.martel.ch\/cms\/martel\/offene-stellen\/mediamatiker-m-w-d\/#breadcrumb","itemListElement":[{"@type":"ListItem","position":1,"name":"Startseite","item":"https:\/\/www.martel.ch\/cms\/"},{"@type":"ListItem","position":2,"name":"Martel","item":"https:\/\/www.martel.ch\/cms\/martel\/"},{"@type":"ListItem","position":3,"name":"Offene Stellen","item":"https:\/\/www.martel.ch\/cms\/martel\/offene-stellen\/"},{"@type":"ListItem","position":4,"name":"\u00a0Mediamatiker (m\/w\/d)"}]},{"@type":"WebSite","@id":"https:\/\/www.martel.ch\/cms\/#website","url":"https:\/\/www.martel.ch\/cms\/","name":"Martel","description":"F\u00fcr Weinbegeisterte und die, die es werden m\u00f6chten.","publisher":{"@id":"https:\/\/www.martel.ch\/cms\/#organization"},"potentialAction":[{"@type":"SearchAction","target":{"@type":"EntryPoint","urlTemplate":"https:\/\/www.martel.ch\/cms\/?s={search_term_string}"},"query-input":{"@type":"PropertyValueSpecification","valueRequired":true,"valueName":"search_term_string"}}],"inLanguage":"de-CH"},{"@type":"Organization","@id":"https:\/\/www.martel.ch\/cms\/#organization","name":"Martel AG St.Gallen","url":"https:\/\/www.martel.ch\/cms\/","logo":{"@type":"ImageObject","inLanguage":"de-CH","@id":"https:\/\/www.martel.ch\/cms\/#\/schema\/logo\/image\/","url":"https:\/\/www.martel.ch\/cms\/wp-content\/uploads\/2019\/02\/martel-logo.png","contentUrl":"https:\/\/www.martel.ch\/cms\/wp-content\/uploads\/2019\/02\/martel-logo.png","width":600,"height":600,"caption":"Martel AG St.Gallen"},"image":{"@id":"https:\/\/www.martel.ch\/cms\/#\/schema\/logo\/image\/"},"sameAs":["https:\/\/www.facebook.com\/pages\/Martel-AG-St-Gallen\/233396026691876","https:\/\/x.com\/martel_weinwelt","https:\/\/www.instagram.com\/martel_weinwelt\/","https:\/\/www.linkedin.com\/company\/martel-ag-st-gallen","https:\/\/www.pinterest.ch\/martel_weinwelt"]}]}},"_links":{"self":[{"href":"https:\/\/www.martel.ch\/cms\/wp-json\/wp\/v2\/pages\/33231","targetHints":{"allow":["GET"]}}],"collection":[{"href":"https:\/\/www.martel.ch\/cms\/wp-json\/wp\/v2\/pages"}],"about":[{"href":"https:\/\/www.martel.ch\/cms\/wp-json\/wp\/v2\/types\/page"}],"author":[{"embeddable":true,"href":"https:\/\/www.martel.ch\/cms\/wp-json\/wp\/v2\/users\/52"}],"replies":[{"embeddable":true,"href":"https:\/\/www.martel.ch\/cms\/wp-json\/wp\/v2\/comments?post=33231"}],"version-history":[{"count":3,"href":"https:\/\/www.martel.ch\/cms\/wp-json\/wp\/v2\/pages\/33231\/revisions"}],"predecessor-version":[{"id":33237,"href":"https:\/\/www.martel.ch\/cms\/wp-json\/wp\/v2\/pages\/33231\/revisions\/33237"}],"up":[{"embeddable":true,"href":"https:\/\/www.martel.ch\/cms\/wp-json\/wp\/v2\/pages\/17797"}],"wp:featuredmedia":[{"embeddable":true,"href":"https:\/\/www.martel.ch\/cms\/wp-json\/wp\/v2\/media\/31312"}],"wp:attachment":[{"href":"https:\/\/www.martel.ch\/cms\/wp-json\/wp\/v2\/media?parent=33231"}],"wp:term":[{"taxonomy":"category","embeddable":true,"href":"https:\/\/www.martel.ch\/cms\/wp-json\/wp\/v2\/categories?post=33231"},{"taxonomy":"author","embeddable":true,"href":"https:\/\/www.martel.ch\/cms\/wp-json\/wp\/v2\/coauthors?post=33231"}],"curies":[{"name":"wp","href":"https:\/\/api.w.org\/{rel}","templated":true}]}}